{"id":115,"date":"2023-12-21T20:26:37","date_gmt":"2023-12-21T19:26:37","guid":{"rendered":"https:\/\/www.liecivebyliny.eu\/?page_id=115"},"modified":"2024-01-01T19:46:24","modified_gmt":"2024-01-01T18:46:24","slug":"althaea-officinalis-l","status":"publish","type":"page","link":"https:\/\/www.liecivebyliny.eu\/?page_id=115","title":{"rendered":"Althaea officinalis\u00a0L."},"content":{"rendered":"<div class=\"wp-block-image\">\n<figure class=\"aligncenter size-full\"><img decoding=\"async\" loading=\"lazy\" width=\"304\" height=\"340\" src=\"https:\/\/www.liecivebyliny.eu\/wp-content\/uploads\/2023\/12\/image-2.jpeg\" alt=\"\" class=\"wp-image-117\" srcset=\"https:\/\/www.liecivebyliny.eu\/wp-content\/uploads\/2023\/12\/image-2.jpeg 304w, https:\/\/www.liecivebyliny.eu\/wp-content\/uploads\/2023\/12\/image-2-268x300.jpeg 268w\" sizes=\"(max-width: 304px) 100vw, 304px\" \/><figcaption class=\"wp-element-caption\">ibi\u0161 lek\u00e1rsky<\/figcaption><\/figure><\/div>\n\n\n<p><strong>Slovensk\u00fd n\u00e1zov:&nbsp;<\/strong>ibi\u0161 lek\u00e1rsky<\/p>\n\n\n\n<p><strong>Anglick\u00fd n\u00e1zov:<\/strong>&nbsp;Marsh mallow<\/p>\n\n\n\n<p><strong>\u010cesk\u00fd n\u00e1zov:<\/strong>&nbsp;proskurn\u00edk l\u00e9ka\u0159sk\u00fd<\/p>\n\n\n\n<p><strong>\u013dudov\u00e9 n\u00e1zvy:<\/strong>&nbsp;slez biely, slez lie\u010div\u00fd, ibi\u0161ek, lajbi\u0161, preskiernik<\/p>\n\n\n\n<p><strong>\u010ce\u013ea\u010f:<\/strong>&nbsp;<em>Malvaceae&nbsp;<\/em>(slezovit\u00e9)<\/p>\n\n\n\n<p><strong>Botanick\u00e1 charakteristika: <\/strong>Trv\u00e1ca bylina, dorastaj\u00faca do v\u00fd\u0161ky do v\u00fd\u0161ky 150 cm. Stonka je jednoduch\u00e1, priama, plstnat\u00e1. Listy s\u00fa p\u00edlkovit\u00e9, sivozelen\u00e9, v&nbsp;spodnej \u010dasti p\u00e4\u0165lalo\u010dnat\u00e9, v&nbsp;hornej \u010dasti trojlalo\u010dnat\u00e9. Kvety s\u00fa p\u00e4\u0165po\u010detn\u00e9, bled\u00e9, svetloru\u017eov\u00e9, vyrastaj\u00fa v&nbsp;pazuch\u00e1ch listov. Plodom je jednosemenn\u00e1 tvrdka.<\/p>\n\n\n\n<p><strong>Mikroskopick\u00fd n\u00e1kres<\/strong>:<\/p>\n\n\n<div class=\"wp-block-image\">\n<figure class=\"aligncenter size-full is-resized\"><img decoding=\"async\" loading=\"lazy\" src=\"https:\/\/www.liecivebyliny.eu\/wp-content\/uploads\/2023\/12\/image-4.png\" alt=\"\" class=\"wp-image-116\" width=\"347\" height=\"296\" srcset=\"https:\/\/www.liecivebyliny.eu\/wp-content\/uploads\/2023\/12\/image-4.png 414w, https:\/\/www.liecivebyliny.eu\/wp-content\/uploads\/2023\/12\/image-4-300x255.png 300w\" sizes=\"(max-width: 347px) 100vw, 347px\" \/><figcaption class=\"wp-element-caption\"><em>Vrchn\u00e1 poko\u017eka listu je husto porasten\u00e1 chum\u00e1\u010dikovit\u00fdmi trich\u00f3mami (a), no n\u00e1jdeme na nej dla\u017edicovit\u00e9 \u017eliazky (b) a&nbsp;v niektor\u00fdch bunk\u00e1ch \u0161\u0165avelan v\u00e1penat\u00fd v&nbsp;podobe dr\u00faz (c).<\/em><\/figcaption><\/figure><\/div>\n\n<div class=\"wp-block-image\">\n<figure class=\"aligncenter size-full is-resized\"><img decoding=\"async\" loading=\"lazy\" src=\"https:\/\/www.liecivebyliny.eu\/wp-content\/uploads\/2024\/01\/Althae-folium-100x.jpg\" alt=\"\" class=\"wp-image-882\" width=\"492\" height=\"369\" srcset=\"https:\/\/www.liecivebyliny.eu\/wp-content\/uploads\/2024\/01\/Althae-folium-100x.jpg 640w, https:\/\/www.liecivebyliny.eu\/wp-content\/uploads\/2024\/01\/Althae-folium-100x-300x225.jpg 300w\" sizes=\"(max-width: 492px) 100vw, 492px\" \/><figcaption class=\"wp-element-caption\">Prie\u010dny rez listom ibi\u0161a (zv\u00e4\u010d\u0161en\u00e9 100x)<\/figcaption><\/figure><\/div>\n\n\n<p><\/p>\n\n\n\n<p><strong>Roz\u0161\u00edrenie:<\/strong> P\u00f4vodom poch\u00e1dza z&nbsp;oblasti Stredozemn\u00e9ho mora. Rastie na vlhk\u00fdch, tepl\u00fdch l\u00fakach.<\/p>\n\n\n\n<p><strong>Droga:<\/strong>&nbsp;<em>Althaeae radix, Althaeae folium<\/em><\/p>\n\n\n\n<p><strong>Sp\u00f4sob zberu: <\/strong>Korene sa zbieraj\u00fa na konci druh\u00e9ho vegeta\u010dn\u00e9ho obdobia a&nbsp;na jar tretieho vegeta\u010dn\u00e9ho obdobia. Listy sa zbieraj\u00fa pred kvitnut\u00edm. Sp\u00f4sob zberu sa uskuto\u010d\u0148uje r\u00fd\u013eovan\u00edm kore\u0148ov a&nbsp;v\u0148a\u0165 s listami z\u00e1hradnick\u00fdmi no\u017enicami.<\/p>\n\n\n\n<p><strong>Su\u0161enie: <\/strong>Korene sa o\u010distia od hliny. Pozd\u013a\u017ene sa prere\u017e\u00fa, m\u00f4\u017eu sa navliec\u0165 na \u0161pag\u00e1t a&nbsp;su\u0161i\u0165 prirodzen\u00fdm sp\u00f4sobom v&nbsp;tmavej miestnosti. Listy sa su\u0161ia prirodzen\u00fdm sp\u00f4sobom v&nbsp;tieni, v&nbsp;tenk\u00fdch vrstv\u00e1ch, vo vetrate\u013enej miestnosti.&nbsp;<\/p>\n\n\n\n<p><strong>Obsahov\u00e9 l\u00e1tky:<\/strong> Cel\u00e1 rastlina je ve\u013emi bohat\u00e1 na obsah slizov, ktor\u00e9 m\u00f4\u017eu v&nbsp;suchej kore\u0148ovej droge tvori\u0165 a\u017e 20 % jej hmotnosti. Kore\u0148 navy\u0161e obsahuje pekt\u00edn a&nbsp;\u0161krob. V&nbsp;rastline \u010falej nach\u00e1dzame fenolov\u00e9 kyseliny, triesloviny a&nbsp;flavonoidy.<\/p>\n\n\n\n<p><strong>Pou\u017eitie:<\/strong> Ibi\u0161 lek\u00e1rsky sa s&nbsp;\u00faspechom pou\u017e\u00edva na terapiu such\u00e9ho a&nbsp;dr\u00e1\u017ediv\u00e9ho ka\u0161\u013ea. T\u00e1to rastlina disponuje protiz\u00e1palov\u00fdm \u00fa\u010dinkom a&nbsp;slizy z&nbsp;nej maj\u00fa ochrann\u00fa funkciu na sliznice. Pr\u00e1ve preto sa ibi\u0161ov\u00fdmi v\u00fdluhmi zvykne klokta\u0165 pri z\u00e1paloch v&nbsp;\u00fastnej dutine a&nbsp;nosohltane. Drogu je mo\u017en\u00e9 pou\u017e\u00edva\u0165 aj pri miernych z\u00e1paloch slizn\u00edc \u017eal\u00fadka a&nbsp;\u010driev.&nbsp;<\/p>\n\n\n\n<p><strong>Tradi\u010dn\u00fd sp\u00f4sob pou\u017eitia v&nbsp;indik\u00e1ci\u00e1ch ur\u010den\u00fdch v\u00fdhradne na z\u00e1klade dlhodob\u00e9ho pou\u017e\u00edvania:<\/strong><\/p>\n\n\n\n<ul>\n<li>symptomatick\u00e1 lie\u010dba or\u00e1lneho alebo faryng\u00e1lneho podr\u00e1\u017edenia s pridru\u017een\u00fdm such\u00fdm ka\u0161\u013eom,<\/li>\n\n\n\n<li>zmiernenie pr\u00edznakov mierneho gastrointestin\u00e1lneho diskomfortu.<\/li>\n<\/ul>\n\n\n\n<p><strong>Vybran\u00e9 rastlinn\u00e9 pr\u00edpravky:&nbsp;<\/strong>AGROKARPATY CYPRI\u00c1N, PRIEDU\u0160KOV\u00dd bylinn\u00fd \u010daj, \u010dist\u00fd pr\u00edrodn\u00fd produkt 20&#215;2 g, AGROKARPATY IBI\u0160 LEK\u00c1RSKY kore\u0148 bylinn\u00fd \u010daj 1&#215;30 g, FYTO Bylinn\u00e1 zmes NA HRDLO A HLTAN 20&#215;1,5 g, HERBEX D\u00ddCHACIE CESTY bylinn\u00e1 zmes, \u010daj 20&#215;3 g, Dr.Svatek SIRUP z byl\u00edn NA KA\u0160EL 250 ml, HANUS \u0160V\u00c9DSKE KVAPKY gtt 100 ml, NaturProdukt Sirup pre d\u00fdchacie cesty, pokojn\u00fa noc sirup 200 ml, Slovakiapharm TUSIKOL 250 ml, Dr.Max Islandsk\u00fd li\u0161ajn\u00edk a ibi\u0161 bylinn\u00e9 pastilky s&nbsp;vitam\u00ednom C, pr\u00edchu\u0165 \u010diernych r\u00edbezl\u00ed 30 ks, TANTUM NATURA PROPOLIS Zn &#8211; Orange &amp; Honey gumen\u00e9 pastilky 15 ks.<\/p>\n","protected":false},"excerpt":{"rendered":"<p>Slovensk\u00fd n\u00e1zov:&nbsp;ibi\u0161 lek\u00e1rsky Anglick\u00fd n\u00e1zov:&nbsp;Marsh mallow \u010cesk\u00fd n\u00e1zov:&nbsp;proskurn\u00edk l\u00e9ka\u0159sk\u00fd \u013dudov\u00e9 n\u00e1zvy:&nbsp;slez biely, slez lie\u010div\u00fd, ibi\u0161ek, lajbi\u0161, preskiernik \u010ce\u013ea\u010f:&nbsp;Malvaceae&nbsp;(slezovit\u00e9) Botanick\u00e1 charakteristika: Trv\u00e1ca bylina, dorastaj\u00faca do v\u00fd\u0161ky do v\u00fd\u0161ky 150 cm. Stonka je jednoduch\u00e1, priama, plstnat\u00e1. Listy s\u00fa p\u00edlkovit\u00e9, sivozelen\u00e9, v&nbsp;spodnej \u010dasti p\u00e4\u0165lalo\u010dnat\u00e9, v&nbsp;hornej \u010dasti trojlalo\u010dnat\u00e9. Kvety s\u00fa p\u00e4\u0165po\u010detn\u00e9, bled\u00e9, svetloru\u017eov\u00e9, vyrastaj\u00fa v&nbsp;pazuch\u00e1ch listov. Plodom je jednosemenn\u00e1 [&hellip;]<\/p>\n","protected":false},"author":1,"featured_media":0,"parent":0,"menu_order":0,"comment_status":"closed","ping_status":"closed","template":"","meta":{"_mi_skip_tracking":false},"yoast_head":"<!-- This site is optimized with the Yoast SEO plugin v20.4 - https:\/\/yoast.com\/wordpress\/plugins\/seo\/ -->\n<title>Althaea officinalis\u00a0L. - liecivebyliny.eu<\/title>\n<meta name=\"robots\" content=\"index, follow, max-snippet:-1, max-image-preview:large, max-video-preview:-1\" \/>\n<link rel=\"canonical\" href=\"https:\/\/www.liecivebyliny.eu\/?page_id=115\" \/>\n<meta property=\"og:locale\" content=\"sk_SK\" \/>\n<meta property=\"og:type\" content=\"article\" \/>\n<meta property=\"og:title\" content=\"Althaea officinalis\u00a0L. - liecivebyliny.eu\" \/>\n<meta property=\"og:description\" content=\"Slovensk\u00fd n\u00e1zov:&nbsp;ibi\u0161 lek\u00e1rsky Anglick\u00fd n\u00e1zov:&nbsp;Marsh mallow \u010cesk\u00fd n\u00e1zov:&nbsp;proskurn\u00edk l\u00e9ka\u0159sk\u00fd \u013dudov\u00e9 n\u00e1zvy:&nbsp;slez biely, slez lie\u010div\u00fd, ibi\u0161ek, lajbi\u0161, preskiernik \u010ce\u013ea\u010f:&nbsp;Malvaceae&nbsp;(slezovit\u00e9) Botanick\u00e1 charakteristika: Trv\u00e1ca bylina, dorastaj\u00faca do v\u00fd\u0161ky do v\u00fd\u0161ky 150 cm. Stonka je jednoduch\u00e1, priama, plstnat\u00e1. Listy s\u00fa p\u00edlkovit\u00e9, sivozelen\u00e9, v&nbsp;spodnej \u010dasti p\u00e4\u0165lalo\u010dnat\u00e9, v&nbsp;hornej \u010dasti trojlalo\u010dnat\u00e9. Kvety s\u00fa p\u00e4\u0165po\u010detn\u00e9, bled\u00e9, svetloru\u017eov\u00e9, vyrastaj\u00fa v&nbsp;pazuch\u00e1ch listov. Plodom je jednosemenn\u00e1 [&hellip;]\" \/>\n<meta property=\"og:url\" content=\"https:\/\/www.liecivebyliny.eu\/?page_id=115\" \/>\n<meta property=\"og:site_name\" content=\"liecivebyliny.eu\" \/>\n<meta property=\"article:modified_time\" content=\"2024-01-01T18:46:24+00:00\" \/>\n<meta property=\"og:image\" content=\"https:\/\/www.liecivebyliny.eu\/wp-content\/uploads\/2023\/12\/image-2.jpeg\" \/>\n<meta name=\"twitter:card\" content=\"summary_large_image\" \/>\n<meta name=\"twitter:label1\" content=\"Predpokladan\u00fd \u010das \u010d\u00edtania\" \/>\n\t<meta name=\"twitter:data1\" content=\"3 min\u00faty\" \/>\n<script type=\"application\/ld+json\" class=\"yoast-schema-graph\">{\"@context\":\"https:\/\/schema.org\",\"@graph\":[{\"@type\":\"WebPage\",\"@id\":\"https:\/\/www.liecivebyliny.eu\/?page_id=115\",\"url\":\"https:\/\/www.liecivebyliny.eu\/?page_id=115\",\"name\":\"Althaea officinalis\u00a0L. - liecivebyliny.eu\",\"isPartOf\":{\"@id\":\"https:\/\/www.liecivebyliny.eu\/#website\"},\"datePublished\":\"2023-12-21T19:26:37+00:00\",\"dateModified\":\"2024-01-01T18:46:24+00:00\",\"breadcrumb\":{\"@id\":\"https:\/\/www.liecivebyliny.eu\/?page_id=115#breadcrumb\"},\"inLanguage\":\"sk-SK\",\"potentialAction\":[{\"@type\":\"ReadAction\",\"target\":[\"https:\/\/www.liecivebyliny.eu\/?page_id=115\"]}]},{\"@type\":\"BreadcrumbList\",\"@id\":\"https:\/\/www.liecivebyliny.eu\/?page_id=115#breadcrumb\",\"itemListElement\":[{\"@type\":\"ListItem\",\"position\":1,\"name\":\"Home\",\"item\":\"https:\/\/www.liecivebyliny.eu\/\"},{\"@type\":\"ListItem\",\"position\":2,\"name\":\"Althaea officinalis\u00a0L.\"}]},{\"@type\":\"WebSite\",\"@id\":\"https:\/\/www.liecivebyliny.eu\/#website\",\"url\":\"https:\/\/www.liecivebyliny.eu\/\",\"name\":\"liecivebyliny.eu\",\"description\":\"\",\"potentialAction\":[{\"@type\":\"SearchAction\",\"target\":{\"@type\":\"EntryPoint\",\"urlTemplate\":\"https:\/\/www.liecivebyliny.eu\/?s={search_term_string}\"},\"query-input\":\"required name=search_term_string\"}],\"inLanguage\":\"sk-SK\"}]}<\/script>\n<!-- \/ Yoast SEO plugin. -->","yoast_head_json":{"title":"Althaea officinalis\u00a0L. - liecivebyliny.eu","robots":{"index":"index","follow":"follow","max-snippet":"max-snippet:-1","max-image-preview":"max-image-preview:large","max-video-preview":"max-video-preview:-1"},"canonical":"https:\/\/www.liecivebyliny.eu\/?page_id=115","og_locale":"sk_SK","og_type":"article","og_title":"Althaea officinalis\u00a0L. - liecivebyliny.eu","og_description":"Slovensk\u00fd n\u00e1zov:&nbsp;ibi\u0161 lek\u00e1rsky Anglick\u00fd n\u00e1zov:&nbsp;Marsh mallow \u010cesk\u00fd n\u00e1zov:&nbsp;proskurn\u00edk l\u00e9ka\u0159sk\u00fd \u013dudov\u00e9 n\u00e1zvy:&nbsp;slez biely, slez lie\u010div\u00fd, ibi\u0161ek, lajbi\u0161, preskiernik \u010ce\u013ea\u010f:&nbsp;Malvaceae&nbsp;(slezovit\u00e9) Botanick\u00e1 charakteristika: Trv\u00e1ca bylina, dorastaj\u00faca do v\u00fd\u0161ky do v\u00fd\u0161ky 150 cm. Stonka je jednoduch\u00e1, priama, plstnat\u00e1. Listy s\u00fa p\u00edlkovit\u00e9, sivozelen\u00e9, v&nbsp;spodnej \u010dasti p\u00e4\u0165lalo\u010dnat\u00e9, v&nbsp;hornej \u010dasti trojlalo\u010dnat\u00e9. Kvety s\u00fa p\u00e4\u0165po\u010detn\u00e9, bled\u00e9, svetloru\u017eov\u00e9, vyrastaj\u00fa v&nbsp;pazuch\u00e1ch listov. Plodom je jednosemenn\u00e1 [&hellip;]","og_url":"https:\/\/www.liecivebyliny.eu\/?page_id=115","og_site_name":"liecivebyliny.eu","article_modified_time":"2024-01-01T18:46:24+00:00","og_image":[{"url":"https:\/\/www.liecivebyliny.eu\/wp-content\/uploads\/2023\/12\/image-2.jpeg"}],"twitter_card":"summary_large_image","twitter_misc":{"Predpokladan\u00fd \u010das \u010d\u00edtania":"3 min\u00faty"},"schema":{"@context":"https:\/\/schema.org","@graph":[{"@type":"WebPage","@id":"https:\/\/www.liecivebyliny.eu\/?page_id=115","url":"https:\/\/www.liecivebyliny.eu\/?page_id=115","name":"Althaea officinalis\u00a0L. - liecivebyliny.eu","isPartOf":{"@id":"https:\/\/www.liecivebyliny.eu\/#website"},"datePublished":"2023-12-21T19:26:37+00:00","dateModified":"2024-01-01T18:46:24+00:00","breadcrumb":{"@id":"https:\/\/www.liecivebyliny.eu\/?page_id=115#breadcrumb"},"inLanguage":"sk-SK","potentialAction":[{"@type":"ReadAction","target":["https:\/\/www.liecivebyliny.eu\/?page_id=115"]}]},{"@type":"BreadcrumbList","@id":"https:\/\/www.liecivebyliny.eu\/?page_id=115#breadcrumb","itemListElement":[{"@type":"ListItem","position":1,"name":"Home","item":"https:\/\/www.liecivebyliny.eu\/"},{"@type":"ListItem","position":2,"name":"Althaea officinalis\u00a0L."}]},{"@type":"WebSite","@id":"https:\/\/www.liecivebyliny.eu\/#website","url":"https:\/\/www.liecivebyliny.eu\/","name":"liecivebyliny.eu","description":"","potentialAction":[{"@type":"SearchAction","target":{"@type":"EntryPoint","urlTemplate":"https:\/\/www.liecivebyliny.eu\/?s={search_term_string}"},"query-input":"required name=search_term_string"}],"inLanguage":"sk-SK"}]}},"_links":{"self":[{"href":"https:\/\/www.liecivebyliny.eu\/index.php?rest_route=\/wp\/v2\/pages\/115"}],"collection":[{"href":"https:\/\/www.liecivebyliny.eu\/index.php?rest_route=\/wp\/v2\/pages"}],"about":[{"href":"https:\/\/www.liecivebyliny.eu\/index.php?rest_route=\/wp\/v2\/types\/page"}],"author":[{"embeddable":true,"href":"https:\/\/www.liecivebyliny.eu\/index.php?rest_route=\/wp\/v2\/users\/1"}],"replies":[{"embeddable":true,"href":"https:\/\/www.liecivebyliny.eu\/index.php?rest_route=%2Fwp%2Fv2%2Fcomments&post=115"}],"version-history":[{"count":2,"href":"https:\/\/www.liecivebyliny.eu\/index.php?rest_route=\/wp\/v2\/pages\/115\/revisions"}],"predecessor-version":[{"id":884,"href":"https:\/\/www.liecivebyliny.eu\/index.php?rest_route=\/wp\/v2\/pages\/115\/revisions\/884"}],"wp:attachment":[{"href":"https:\/\/www.liecivebyliny.eu\/index.php?rest_route=%2Fwp%2Fv2%2Fmedia&parent=115"}],"curies":[{"name":"wp","href":"https:\/\/api.w.org\/{rel}","templated":true}]}}