{"id":122,"date":"2023-12-21T20:33:08","date_gmt":"2023-12-21T19:33:08","guid":{"rendered":"https:\/\/www.liecivebyliny.eu\/?page_id=122"},"modified":"2024-01-01T19:19:33","modified_gmt":"2024-01-01T18:19:33","slug":"archangelica-archangelica-l-syn-angelica-officinalis-hoffm","status":"publish","type":"page","link":"https:\/\/www.liecivebyliny.eu\/?page_id=122","title":{"rendered":"Archangelica archangelica\u00a0L. syn.\u00a0Angelica officinalis\u00a0Hoffm."},"content":{"rendered":"<div class=\"wp-block-image\">\n<figure class=\"aligncenter size-full\"><img decoding=\"async\" loading=\"lazy\" width=\"248\" height=\"340\" src=\"https:\/\/www.liecivebyliny.eu\/wp-content\/uploads\/2023\/12\/image-3.jpeg\" alt=\"\" class=\"wp-image-123\" srcset=\"https:\/\/www.liecivebyliny.eu\/wp-content\/uploads\/2023\/12\/image-3.jpeg 248w, https:\/\/www.liecivebyliny.eu\/wp-content\/uploads\/2023\/12\/image-3-219x300.jpeg 219w\" sizes=\"(max-width: 248px) 100vw, 248px\" \/><figcaption class=\"wp-element-caption\">angelika lek\u00e1rska<\/figcaption><\/figure><\/div>\n\n\n<p><strong>Slovensk\u00fd n\u00e1zov:&nbsp;<\/strong>archangelika lek\u00e1rska, angelika lek\u00e1rska<\/p>\n\n\n\n<p><strong>Anglick\u00fd n\u00e1zov:<\/strong>&nbsp;Garden-angelica<\/p>\n\n\n\n<p><strong>\u010cesk\u00fd n\u00e1zov:<\/strong>&nbsp;and\u011blika l\u00e9ka\u0159sk\u00e1<\/p>\n\n\n\n<p><strong>\u013dudov\u00e9 n\u00e1zvy:<\/strong>&nbsp;sv\u00e4todu\u0161n\u00fd kore\u0148, anjelsk\u00fd kore\u0148, angelika prav\u00e1<\/p>\n\n\n\n<p><strong>\u010ce\u013ea\u010f:<\/strong>&nbsp;<em>Apiaceae<\/em>&nbsp;(mrkvovit\u00e9)<\/p>\n\n\n\n<p><strong>Botanick\u00e1 charakteristika:<\/strong> Dvojro\u010dn\u00e1 a\u017e trv\u00e1ca bylina s&nbsp;vretenovit\u00fdm a&nbsp;vetven\u00fdm podzemkom. Stonka je okr\u00fahla, dut\u00e1, 2 m vysok\u00e1. Listy s\u00fa tmavozelen\u00e9, dva a\u017e trikr\u00e1t perovito strihan\u00e9, p\u00edlkovit\u00e9. \u017dltkast\u00e9 a\u017e zelenkav\u00e9 kvety vytv\u00e1raj\u00fa okol\u00edkovit\u00e9 s\u00fakvetie. Plodom je dvojna\u017eka.<\/p>\n\n\n\n<p><strong>Mikroskopick\u00fd n\u00e1kres<\/strong>:<\/p>\n\n\n<div class=\"wp-block-image\">\n<figure class=\"aligncenter size-full is-resized\"><img decoding=\"async\" loading=\"lazy\" src=\"https:\/\/www.liecivebyliny.eu\/wp-content\/uploads\/2023\/12\/image-5.png\" alt=\"\" class=\"wp-image-124\" width=\"311\" height=\"287\" srcset=\"https:\/\/www.liecivebyliny.eu\/wp-content\/uploads\/2023\/12\/image-5.png 362w, https:\/\/www.liecivebyliny.eu\/wp-content\/uploads\/2023\/12\/image-5-300x277.png 300w\" sizes=\"(max-width: 311px) 100vw, 311px\" \/><figcaption class=\"wp-element-caption\"><em>Na povrchu prie\u010dneho rezu kore\u0148a angeliky lek\u00e1rskej sa nach\u00e1dza korok (a). V&nbsp;k\u00f4re s\u00fa situovan\u00e9 sili\u010dn\u00e9 kan\u00e1liky (b) a&nbsp;vzduchov\u00e9 dutiny (c). V&nbsp;strede prepar\u00e1tu je mo\u017en\u00e9 pozorova\u0165 kambium (d) pod ktor\u00fdm s\u00fa cievy (e) a&nbsp;nad n\u00edm sitkovice (f).<\/em><\/figcaption><\/figure><\/div>\n\n<div class=\"wp-block-image\">\n<figure class=\"aligncenter size-full is-resized\"><img decoding=\"async\" loading=\"lazy\" src=\"https:\/\/www.liecivebyliny.eu\/wp-content\/uploads\/2024\/01\/Angelicae-radix-40x.jpg\" alt=\"\" class=\"wp-image-856\" width=\"503\" height=\"377\" srcset=\"https:\/\/www.liecivebyliny.eu\/wp-content\/uploads\/2024\/01\/Angelicae-radix-40x.jpg 640w, https:\/\/www.liecivebyliny.eu\/wp-content\/uploads\/2024\/01\/Angelicae-radix-40x-300x225.jpg 300w\" sizes=\"(max-width: 503px) 100vw, 503px\" \/><figcaption class=\"wp-element-caption\">Prie\u010dny rez kore\u0148om angeliky lek\u00e1rskej (zv\u00e4\u010d\u0161en\u00e9 40x)<\/figcaption><\/figure><\/div>\n\n\n<p><\/p>\n\n\n\n<p><strong>Roz\u0161\u00edrenie:<\/strong> Vyskytuje sa na vlhk\u00fdch stanovi\u0161tiach, brehoch riek, mo\u010diaroch, jel\u0161ov\u00fdch lesoch.<\/p>\n\n\n\n<p><strong>Droga:<\/strong>&nbsp;<em>Angelicae archangelicae radix<\/em><\/p>\n\n\n\n<p><strong>Sp\u00f4sob zberu:<\/strong> Korene sa zberaj\u00fa v&nbsp;druhom roku veget\u00e1cie na jese\u0148 a na jar tretieho roku. Z\u00edskavaj\u00fa sa r\u00fd\u013eovan\u00edm alebo vyor\u00e1van\u00edm.&nbsp;<\/p>\n\n\n\n<p><strong>Su\u0161enie: <\/strong>Korene sa su\u0161ia umel\u00fdm sp\u00f4sobom pri teplote do 40 \u00b0C. Prirodzen\u00fdm sp\u00f4sobom v&nbsp;tieni, v&nbsp;tenk\u00fdch vrstv\u00e1ch, vo vetrate\u013enej miestnosti.&nbsp;<\/p>\n\n\n\n<p><strong>Obsahov\u00e9 l\u00e1tky: <\/strong>Cel\u00e1 rastlina charakteristicky vonia, \u010do signalizuje pr\u00edtomnos\u0165 sil\u00edc. Silice s\u00fa reprezentovan\u00e9 preva\u017ene felandr\u00e9nom a&nbsp;\u010fal\u0161\u00edmi monoterp\u00e9nmi. V&nbsp;rastline n\u00e1jdeme aj horko chutiace seskviterp\u00e9ny, makrocyklick\u00e9 lakt\u00f3ny a&nbsp;ve\u013ek\u00e9 mno\u017estvo furanokumar\u00ednov (bergapt\u00e9n, angelic\u00edn a&nbsp;i.). K&nbsp;\u010fal\u0161\u00edm metabolitom m\u00f4\u017eeme zaradi\u0165 organick\u00e9 kyseliny a&nbsp;ich deriv\u00e1ty.<\/p>\n\n\n\n<p><strong>Pou\u017eitie:<\/strong> Obsahov\u00e9 l\u00e1tky archangeliky lek\u00e1rskej povzbudzuj\u00fa vylu\u010dovanie tr\u00e1viacich \u0161tiav, podporuj\u00fa tr\u00e1venie, uvo\u013e\u0148uj\u00fa k\u0155\u010de a&nbsp;zmier\u0148uj\u00fa plynatos\u0165. Droga p\u00f4sob\u00ed mo\u010dopudne, m\u00e1 dezinfek\u010dn\u00e9 \u00fa\u010dinky a&nbsp;v&nbsp;\u013eudovej medic\u00edne sa pou\u017e\u00edva aj na \u00fapravu men\u0161trua\u010dn\u00e9ho cyklu. Je v\u0161ak nutn\u00e9 zd\u00f4razni\u0165, \u017ee nadmern\u00e9 u\u017e\u00edvanie fotosenzibilizuje poko\u017eku a&nbsp;m\u00f4\u017ee potencova\u0165 n\u00e1chylnos\u0165 ku&nbsp;krv\u00e1caniu.<\/p>\n\n\n\n<p><strong>Tradi\u010dn\u00fd sp\u00f4sob pou\u017eitia v&nbsp;indik\u00e1ci\u00e1ch ur\u010den\u00fdch v\u00fdhradne na z\u00e1klade dlhodob\u00e9ho pou\u017e\u00edvania:<\/strong><\/p>\n\n\n\n<ul>\n<li>dyspeptick\u00e9 \u0165a\u017ekosti zah\u0155\u0148aj\u00face k\u0155\u010de, pomal\u00e9 tr\u00e1venie, pocit plnosti, plynatos\u0165,<\/li>\n\n\n\n<li>podporn\u00e1 lie\u010dba pri strate chuti do jedla,<\/li>\n\n\n\n<li>podporn\u00e1 lie\u010dba bronchit\u00eddy.<\/li>\n<\/ul>\n\n\n\n<p><strong>Vybran\u00e9 rastlinn\u00e9 pr\u00edpravky:<\/strong>&nbsp;AGROKARPATY ARCHANGELIKA LEK\u00c1RSKA kore\u0148 bylinn\u00fd \u010daj 1&#215;30 g, APOTHEKE \u017dAL\u00daDO\u010cN\u00dd \u010cAJ S REP\u00cdKOM 20&#215;1,5 g, HERBEX Premium \u017dAL\u00daDOK A \u010cREV\u00c1 bylinn\u00e1 zmes, \u010daj 20&#215;1,5, NaturProdukt \u0160V\u00c9DSKE BYLINY zmes na pr\u00edpravu kvapiek 1&#215;30 g, Iberogast sol por 100 ml, Dr.Theiss Schwedenbitter KVAPKY (\u0161v\u00e9dske kvapky) 50 ml, Petit CHENE APPETITE detsk\u00fd sirup, s pomaran\u010dovou a citr\u00f3novou ar\u00f3mou 125 ml.<\/p>\n","protected":false},"excerpt":{"rendered":"<p>Slovensk\u00fd n\u00e1zov:&nbsp;archangelika lek\u00e1rska, angelika lek\u00e1rska Anglick\u00fd n\u00e1zov:&nbsp;Garden-angelica \u010cesk\u00fd n\u00e1zov:&nbsp;and\u011blika l\u00e9ka\u0159sk\u00e1 \u013dudov\u00e9 n\u00e1zvy:&nbsp;sv\u00e4todu\u0161n\u00fd kore\u0148, anjelsk\u00fd kore\u0148, angelika prav\u00e1 \u010ce\u013ea\u010f:&nbsp;Apiaceae&nbsp;(mrkvovit\u00e9) Botanick\u00e1 charakteristika: Dvojro\u010dn\u00e1 a\u017e trv\u00e1ca bylina s&nbsp;vretenovit\u00fdm a&nbsp;vetven\u00fdm podzemkom. Stonka je okr\u00fahla, dut\u00e1, 2 m vysok\u00e1. Listy s\u00fa tmavozelen\u00e9, dva a\u017e trikr\u00e1t perovito strihan\u00e9, p\u00edlkovit\u00e9. \u017dltkast\u00e9 a\u017e zelenkav\u00e9 kvety vytv\u00e1raj\u00fa okol\u00edkovit\u00e9 s\u00fakvetie. Plodom je dvojna\u017eka. Mikroskopick\u00fd n\u00e1kres: [&hellip;]<\/p>\n","protected":false},"author":1,"featured_media":0,"parent":0,"menu_order":0,"comment_status":"closed","ping_status":"closed","template":"","meta":{"_mi_skip_tracking":false},"yoast_head":"<!-- This site is optimized with the Yoast SEO plugin v20.4 - https:\/\/yoast.com\/wordpress\/plugins\/seo\/ -->\n<title>Archangelica archangelica\u00a0L. syn.\u00a0Angelica officinalis\u00a0Hoffm. - liecivebyliny.eu<\/title>\n<meta name=\"robots\" content=\"index, follow, max-snippet:-1, max-image-preview:large, max-video-preview:-1\" \/>\n<link rel=\"canonical\" href=\"https:\/\/www.liecivebyliny.eu\/?page_id=122\" \/>\n<meta property=\"og:locale\" content=\"sk_SK\" \/>\n<meta property=\"og:type\" content=\"article\" \/>\n<meta property=\"og:title\" content=\"Archangelica archangelica\u00a0L. syn.\u00a0Angelica officinalis\u00a0Hoffm. - liecivebyliny.eu\" \/>\n<meta property=\"og:description\" content=\"Slovensk\u00fd n\u00e1zov:&nbsp;archangelika lek\u00e1rska, angelika lek\u00e1rska Anglick\u00fd n\u00e1zov:&nbsp;Garden-angelica \u010cesk\u00fd n\u00e1zov:&nbsp;and\u011blika l\u00e9ka\u0159sk\u00e1 \u013dudov\u00e9 n\u00e1zvy:&nbsp;sv\u00e4todu\u0161n\u00fd kore\u0148, anjelsk\u00fd kore\u0148, angelika prav\u00e1 \u010ce\u013ea\u010f:&nbsp;Apiaceae&nbsp;(mrkvovit\u00e9) Botanick\u00e1 charakteristika: Dvojro\u010dn\u00e1 a\u017e trv\u00e1ca bylina s&nbsp;vretenovit\u00fdm a&nbsp;vetven\u00fdm podzemkom. Stonka je okr\u00fahla, dut\u00e1, 2 m vysok\u00e1. Listy s\u00fa tmavozelen\u00e9, dva a\u017e trikr\u00e1t perovito strihan\u00e9, p\u00edlkovit\u00e9. \u017dltkast\u00e9 a\u017e zelenkav\u00e9 kvety vytv\u00e1raj\u00fa okol\u00edkovit\u00e9 s\u00fakvetie. Plodom je dvojna\u017eka. Mikroskopick\u00fd n\u00e1kres: [&hellip;]\" \/>\n<meta property=\"og:url\" content=\"https:\/\/www.liecivebyliny.eu\/?page_id=122\" \/>\n<meta property=\"og:site_name\" content=\"liecivebyliny.eu\" \/>\n<meta property=\"article:modified_time\" content=\"2024-01-01T18:19:33+00:00\" \/>\n<meta property=\"og:image\" content=\"https:\/\/www.liecivebyliny.eu\/wp-content\/uploads\/2023\/12\/image-3.jpeg\" \/>\n<meta name=\"twitter:card\" content=\"summary_large_image\" \/>\n<meta name=\"twitter:label1\" content=\"Predpokladan\u00fd \u010das \u010d\u00edtania\" \/>\n\t<meta name=\"twitter:data1\" content=\"3 min\u00faty\" \/>\n<script type=\"application\/ld+json\" class=\"yoast-schema-graph\">{\"@context\":\"https:\/\/schema.org\",\"@graph\":[{\"@type\":\"WebPage\",\"@id\":\"https:\/\/www.liecivebyliny.eu\/?page_id=122\",\"url\":\"https:\/\/www.liecivebyliny.eu\/?page_id=122\",\"name\":\"Archangelica archangelica\u00a0L. syn.\u00a0Angelica officinalis\u00a0Hoffm. - liecivebyliny.eu\",\"isPartOf\":{\"@id\":\"https:\/\/www.liecivebyliny.eu\/#website\"},\"datePublished\":\"2023-12-21T19:33:08+00:00\",\"dateModified\":\"2024-01-01T18:19:33+00:00\",\"breadcrumb\":{\"@id\":\"https:\/\/www.liecivebyliny.eu\/?page_id=122#breadcrumb\"},\"inLanguage\":\"sk-SK\",\"potentialAction\":[{\"@type\":\"ReadAction\",\"target\":[\"https:\/\/www.liecivebyliny.eu\/?page_id=122\"]}]},{\"@type\":\"BreadcrumbList\",\"@id\":\"https:\/\/www.liecivebyliny.eu\/?page_id=122#breadcrumb\",\"itemListElement\":[{\"@type\":\"ListItem\",\"position\":1,\"name\":\"Home\",\"item\":\"https:\/\/www.liecivebyliny.eu\/\"},{\"@type\":\"ListItem\",\"position\":2,\"name\":\"Archangelica archangelica\u00a0L. syn.\u00a0Angelica officinalis\u00a0Hoffm.\"}]},{\"@type\":\"WebSite\",\"@id\":\"https:\/\/www.liecivebyliny.eu\/#website\",\"url\":\"https:\/\/www.liecivebyliny.eu\/\",\"name\":\"liecivebyliny.eu\",\"description\":\"\",\"potentialAction\":[{\"@type\":\"SearchAction\",\"target\":{\"@type\":\"EntryPoint\",\"urlTemplate\":\"https:\/\/www.liecivebyliny.eu\/?s={search_term_string}\"},\"query-input\":\"required name=search_term_string\"}],\"inLanguage\":\"sk-SK\"}]}<\/script>\n<!-- \/ Yoast SEO plugin. -->","yoast_head_json":{"title":"Archangelica archangelica\u00a0L. syn.\u00a0Angelica officinalis\u00a0Hoffm. - liecivebyliny.eu","robots":{"index":"index","follow":"follow","max-snippet":"max-snippet:-1","max-image-preview":"max-image-preview:large","max-video-preview":"max-video-preview:-1"},"canonical":"https:\/\/www.liecivebyliny.eu\/?page_id=122","og_locale":"sk_SK","og_type":"article","og_title":"Archangelica archangelica\u00a0L. syn.\u00a0Angelica officinalis\u00a0Hoffm. - liecivebyliny.eu","og_description":"Slovensk\u00fd n\u00e1zov:&nbsp;archangelika lek\u00e1rska, angelika lek\u00e1rska Anglick\u00fd n\u00e1zov:&nbsp;Garden-angelica \u010cesk\u00fd n\u00e1zov:&nbsp;and\u011blika l\u00e9ka\u0159sk\u00e1 \u013dudov\u00e9 n\u00e1zvy:&nbsp;sv\u00e4todu\u0161n\u00fd kore\u0148, anjelsk\u00fd kore\u0148, angelika prav\u00e1 \u010ce\u013ea\u010f:&nbsp;Apiaceae&nbsp;(mrkvovit\u00e9) Botanick\u00e1 charakteristika: Dvojro\u010dn\u00e1 a\u017e trv\u00e1ca bylina s&nbsp;vretenovit\u00fdm a&nbsp;vetven\u00fdm podzemkom. Stonka je okr\u00fahla, dut\u00e1, 2 m vysok\u00e1. Listy s\u00fa tmavozelen\u00e9, dva a\u017e trikr\u00e1t perovito strihan\u00e9, p\u00edlkovit\u00e9. \u017dltkast\u00e9 a\u017e zelenkav\u00e9 kvety vytv\u00e1raj\u00fa okol\u00edkovit\u00e9 s\u00fakvetie. Plodom je dvojna\u017eka. Mikroskopick\u00fd n\u00e1kres: [&hellip;]","og_url":"https:\/\/www.liecivebyliny.eu\/?page_id=122","og_site_name":"liecivebyliny.eu","article_modified_time":"2024-01-01T18:19:33+00:00","og_image":[{"url":"https:\/\/www.liecivebyliny.eu\/wp-content\/uploads\/2023\/12\/image-3.jpeg"}],"twitter_card":"summary_large_image","twitter_misc":{"Predpokladan\u00fd \u010das \u010d\u00edtania":"3 min\u00faty"},"schema":{"@context":"https:\/\/schema.org","@graph":[{"@type":"WebPage","@id":"https:\/\/www.liecivebyliny.eu\/?page_id=122","url":"https:\/\/www.liecivebyliny.eu\/?page_id=122","name":"Archangelica archangelica\u00a0L. syn.\u00a0Angelica officinalis\u00a0Hoffm. - liecivebyliny.eu","isPartOf":{"@id":"https:\/\/www.liecivebyliny.eu\/#website"},"datePublished":"2023-12-21T19:33:08+00:00","dateModified":"2024-01-01T18:19:33+00:00","breadcrumb":{"@id":"https:\/\/www.liecivebyliny.eu\/?page_id=122#breadcrumb"},"inLanguage":"sk-SK","potentialAction":[{"@type":"ReadAction","target":["https:\/\/www.liecivebyliny.eu\/?page_id=122"]}]},{"@type":"BreadcrumbList","@id":"https:\/\/www.liecivebyliny.eu\/?page_id=122#breadcrumb","itemListElement":[{"@type":"ListItem","position":1,"name":"Home","item":"https:\/\/www.liecivebyliny.eu\/"},{"@type":"ListItem","position":2,"name":"Archangelica archangelica\u00a0L. syn.\u00a0Angelica officinalis\u00a0Hoffm."}]},{"@type":"WebSite","@id":"https:\/\/www.liecivebyliny.eu\/#website","url":"https:\/\/www.liecivebyliny.eu\/","name":"liecivebyliny.eu","description":"","potentialAction":[{"@type":"SearchAction","target":{"@type":"EntryPoint","urlTemplate":"https:\/\/www.liecivebyliny.eu\/?s={search_term_string}"},"query-input":"required name=search_term_string"}],"inLanguage":"sk-SK"}]}},"_links":{"self":[{"href":"https:\/\/www.liecivebyliny.eu\/index.php?rest_route=\/wp\/v2\/pages\/122"}],"collection":[{"href":"https:\/\/www.liecivebyliny.eu\/index.php?rest_route=\/wp\/v2\/pages"}],"about":[{"href":"https:\/\/www.liecivebyliny.eu\/index.php?rest_route=\/wp\/v2\/types\/page"}],"author":[{"embeddable":true,"href":"https:\/\/www.liecivebyliny.eu\/index.php?rest_route=\/wp\/v2\/users\/1"}],"replies":[{"embeddable":true,"href":"https:\/\/www.liecivebyliny.eu\/index.php?rest_route=%2Fwp%2Fv2%2Fcomments&post=122"}],"version-history":[{"count":2,"href":"https:\/\/www.liecivebyliny.eu\/index.php?rest_route=\/wp\/v2\/pages\/122\/revisions"}],"predecessor-version":[{"id":858,"href":"https:\/\/www.liecivebyliny.eu\/index.php?rest_route=\/wp\/v2\/pages\/122\/revisions\/858"}],"wp:attachment":[{"href":"https:\/\/www.liecivebyliny.eu\/index.php?rest_route=%2Fwp%2Fv2%2Fmedia&parent=122"}],"curies":[{"name":"wp","href":"https:\/\/api.w.org\/{rel}","templated":true}]}}