{"id":142,"date":"2023-12-21T20:52:06","date_gmt":"2023-12-21T19:52:06","guid":{"rendered":"https:\/\/www.liecivebyliny.eu\/?page_id=142"},"modified":"2023-12-21T20:52:07","modified_gmt":"2023-12-21T19:52:07","slug":"capsella-bursa-pastoris-l-med","status":"publish","type":"page","link":"https:\/\/www.liecivebyliny.eu\/?page_id=142","title":{"rendered":"Capsella bursa-pastoris\u00a0(L.) Med."},"content":{"rendered":"<div class=\"wp-block-image\">\n<figure class=\"aligncenter size-full\"><img decoding=\"async\" loading=\"lazy\" width=\"216\" height=\"342\" src=\"https:\/\/www.liecivebyliny.eu\/wp-content\/uploads\/2023\/12\/image-6.jpeg\" alt=\"\" class=\"wp-image-143\" srcset=\"https:\/\/www.liecivebyliny.eu\/wp-content\/uploads\/2023\/12\/image-6.jpeg 216w, https:\/\/www.liecivebyliny.eu\/wp-content\/uploads\/2023\/12\/image-6-189x300.jpeg 189w\" sizes=\"(max-width: 216px) 100vw, 216px\" \/><figcaption class=\"wp-element-caption\">kapsi\u010dka pastierska<\/figcaption><\/figure><\/div>\n\n\n<p><strong>Slovensk\u00fd n\u00e1zov:<\/strong>\u00a0kapsi\u010dka pastierska<\/p>\n\n\n\n<p><strong>Anglick\u00fd n\u00e1zov:<\/strong>&nbsp;Shepherd&#8216; s purse<\/p>\n\n\n\n<p><strong>\u010cesk\u00fd n\u00e1zov:<\/strong>&nbsp;koko\u0161ka pastu\u0161\u00ed tobolka&nbsp;<\/p>\n\n\n\n<p><strong>\u013dudov\u00e9 n\u00e1zvy:<\/strong>&nbsp;koko\u0161ka, chudobka, lopata, babie kapsy<\/p>\n\n\n\n<p><strong>\u010ce\u013ea\u010f:&nbsp;<\/strong><em>Brassicaceaea<\/em>&nbsp;(kapustovit\u00e9)<\/p>\n\n\n\n<p><strong>Botanick\u00e1 charakteristika: <\/strong>Jednoro\u010dn\u00e1, alebo dvojro\u010dn\u00e1 10 \u2013 50 cm vysok\u00e1 bylina, s\u00a0pr\u00edzemnou ru\u017eicou perovito strihan\u00fdch, z\u00fabkat\u00fdch listov. Stonkov\u00e9 listy s\u00fa sediace, s\u00a0dvoma c\u00edpmi na\u00a0konci. Biele, drobn\u00e9 kvety vyrastaj\u00fa v chochol\u00edkovom strapci. Plodom je trojuholn\u00edkovit\u00e1 \u0161e\u0161u\u013eka.<\/p>\n\n\n\n<p><strong>Mikroskopick\u00fd n\u00e1kres:<\/strong><\/p>\n\n\n<div class=\"wp-block-image\">\n<figure class=\"aligncenter size-full is-resized\"><img decoding=\"async\" loading=\"lazy\" src=\"https:\/\/www.liecivebyliny.eu\/wp-content\/uploads\/2023\/12\/image-8.png\" alt=\"\" class=\"wp-image-144\" width=\"327\" height=\"218\" srcset=\"https:\/\/www.liecivebyliny.eu\/wp-content\/uploads\/2023\/12\/image-8.png 390w, https:\/\/www.liecivebyliny.eu\/wp-content\/uploads\/2023\/12\/image-8-300x200.png 300w\" sizes=\"(max-width: 327px) 100vw, 327px\" \/><figcaption class=\"wp-element-caption\"><em>Na pozd\u013a\u017enom reze semenom kapsi\u010dky pastierskej je na povrchu vidite\u013en\u00e9 osemenie (a), pod\u00a0ktor\u00fdm sa nach\u00e1dza vy\u017eivovacie pletivo tzv. endosperm (b). V\u00a0strede semena je z\u00e1rodok synonymicky \u2013 embryo (c).<\/em><\/figcaption><\/figure><\/div>\n\n\n<p><\/p>\n\n\n\n<p><strong>Roz\u0161\u00edrenie:<\/strong> Ve\u013emi roz\u0161\u00edren\u00e1 burina, pol\u00ed a\u00a0z\u00e1hrad, rastie pri cest\u00e1ch, rumovisk\u00e1ch, chodn\u00edkoch.<\/p>\n\n\n\n<p><strong>Droga:\u00a0<\/strong><em>Bursae pastoris herba<\/em><\/p>\n\n\n\n<p><strong>Sp\u00f4sob zberu:<\/strong> Kvitn\u00faca v\u0148a\u0165 aj s\u00a0pr\u00edzemnou ru\u017eicou listou sa zbiera od m\u00e1ja do j\u00fana z\u00e1hradn\u00edckymi no\u017enicami.<\/p>\n\n\n\n<p><strong>Su\u0161enie: <\/strong>V\u0148a\u0165 sa su\u0161\u00ed prirodzen\u00fdm sp\u00f4sobom v\u00a010 cm vrstv\u00e1ch na vzdu\u0161nom mieste, v tieni. Umel\u00fdm sp\u00f4sobom v\u00a0su\u0161iarni, kde teplota nesmie prekro\u010di\u0165 40 \u00b0C.\u00a0<\/p>\n\n\n\n<p><strong>Obsahov\u00e9 l\u00e1tky: <\/strong>Kapsi\u010dka pastierska je bohat\u00e1 na flavonoidy s\u00a0dominanciou rut\u00ednu a\u00a0diosm\u00ednu. V\u00fdznamn\u00e9 s\u00fa aj biog\u00e9nne am\u00edny obzvl\u00e1\u0161\u0165 tyram\u00edn, histam\u00edn, chol\u00edn a beta\u00edn. V\u00a0rastline s\u00fa aj sapon\u00edny, triesloviny, zl\u00fa\u010deniny s\u00a0obsahom s\u00edry, miner\u00e1lne l\u00e1tky a\u00a0vitam\u00edny.<\/p>\n\n\n\n<p><strong>Pou\u017eitie:<\/strong> Droga sa pou\u017e\u00edva pre svoje schopnosti eliminova\u0165 krv\u00e1canie pri menoragi\u00e1ch, metroragi\u00e1ch a\u00a0miernom presakovan\u00ed krvi zo slizn\u00edc tr\u00e1viaceho \u00fastrojenstva. Pr\u00edpravky p\u00f4sobia mo\u010dopudne a\u00a0podporuj\u00fa l\u00e1tkov\u00fa v\u00fdmenu.<\/p>\n\n\n\n<p><strong>Tradi\u010dn\u00fd sp\u00f4sob pou\u017eitia v\u00a0indik\u00e1ci\u00e1ch ur\u010den\u00fdch v\u00fdhradne na z\u00e1klade dlhodob\u00e9ho pou\u017e\u00edvania:<\/strong><\/p>\n\n\n\n<ul>\n<li>zmiernenie siln\u00e9ho men\u0161trua\u010dn\u00e9ho krv\u00e1cania u&nbsp;\u017eien s&nbsp;pravideln\u00fdm men\u0161trua\u010dn\u00fdm cyklom.<\/li>\n<\/ul>\n\n\n\n<p><strong>Vybran\u00e9 rastlinn\u00e9 pr\u00edpravky:<\/strong>\u00a0AGROKARPATY PASTIERSKA KAPSI\u010cKA v\u0148a\u0165 bylinn\u00fd \u010daj 1&#215;30 g, HANUS KAPSI\u010cKA PASTIERSKA V\u0147A\u0164 v\u00e1kuov\u00e9 bal. 1&#215;40 g, JUVAMED AFRODITA \u010daj pre \u017eeny bylinn\u00fd \u010daj v n\u00e1levov\u00fdch vreck\u00e1ch 20&#215;1,5 g, ESTREYA tbl 20 ks.\u00a0<\/p>\n","protected":false},"excerpt":{"rendered":"<p>Slovensk\u00fd n\u00e1zov:\u00a0kapsi\u010dka pastierska Anglick\u00fd n\u00e1zov:&nbsp;Shepherd&#8216; s purse \u010cesk\u00fd n\u00e1zov:&nbsp;koko\u0161ka pastu\u0161\u00ed tobolka&nbsp; \u013dudov\u00e9 n\u00e1zvy:&nbsp;koko\u0161ka, chudobka, lopata, babie kapsy \u010ce\u013ea\u010f:&nbsp;Brassicaceaea&nbsp;(kapustovit\u00e9) Botanick\u00e1 charakteristika: Jednoro\u010dn\u00e1, alebo dvojro\u010dn\u00e1 10 \u2013 50 cm vysok\u00e1 bylina, s\u00a0pr\u00edzemnou ru\u017eicou perovito strihan\u00fdch, z\u00fabkat\u00fdch listov. Stonkov\u00e9 listy s\u00fa sediace, s\u00a0dvoma c\u00edpmi na\u00a0konci. Biele, drobn\u00e9 kvety vyrastaj\u00fa v chochol\u00edkovom strapci. Plodom je trojuholn\u00edkovit\u00e1 \u0161e\u0161u\u013eka. Mikroskopick\u00fd n\u00e1kres: [&hellip;]<\/p>\n","protected":false},"author":1,"featured_media":0,"parent":0,"menu_order":0,"comment_status":"closed","ping_status":"closed","template":"","meta":{"_mi_skip_tracking":false},"yoast_head":"<!-- This site is optimized with the Yoast SEO plugin v20.4 - https:\/\/yoast.com\/wordpress\/plugins\/seo\/ -->\n<title>Capsella bursa-pastoris\u00a0(L.) Med. - liecivebyliny.eu<\/title>\n<meta name=\"robots\" content=\"index, follow, max-snippet:-1, max-image-preview:large, max-video-preview:-1\" \/>\n<link rel=\"canonical\" href=\"https:\/\/www.liecivebyliny.eu\/?page_id=142\" \/>\n<meta property=\"og:locale\" content=\"sk_SK\" \/>\n<meta property=\"og:type\" content=\"article\" \/>\n<meta property=\"og:title\" content=\"Capsella bursa-pastoris\u00a0(L.) Med. - liecivebyliny.eu\" \/>\n<meta property=\"og:description\" content=\"Slovensk\u00fd n\u00e1zov:\u00a0kapsi\u010dka pastierska Anglick\u00fd n\u00e1zov:&nbsp;Shepherd&#8216; s purse \u010cesk\u00fd n\u00e1zov:&nbsp;koko\u0161ka pastu\u0161\u00ed tobolka&nbsp; \u013dudov\u00e9 n\u00e1zvy:&nbsp;koko\u0161ka, chudobka, lopata, babie kapsy \u010ce\u013ea\u010f:&nbsp;Brassicaceaea&nbsp;(kapustovit\u00e9) Botanick\u00e1 charakteristika: Jednoro\u010dn\u00e1, alebo dvojro\u010dn\u00e1 10 \u2013 50 cm vysok\u00e1 bylina, s\u00a0pr\u00edzemnou ru\u017eicou perovito strihan\u00fdch, z\u00fabkat\u00fdch listov. Stonkov\u00e9 listy s\u00fa sediace, s\u00a0dvoma c\u00edpmi na\u00a0konci. Biele, drobn\u00e9 kvety vyrastaj\u00fa v chochol\u00edkovom strapci. Plodom je trojuholn\u00edkovit\u00e1 \u0161e\u0161u\u013eka. Mikroskopick\u00fd n\u00e1kres: [&hellip;]\" \/>\n<meta property=\"og:url\" content=\"https:\/\/www.liecivebyliny.eu\/?page_id=142\" \/>\n<meta property=\"og:site_name\" content=\"liecivebyliny.eu\" \/>\n<meta property=\"article:modified_time\" content=\"2023-12-21T19:52:07+00:00\" \/>\n<meta property=\"og:image\" content=\"https:\/\/www.liecivebyliny.eu\/wp-content\/uploads\/2023\/12\/image-6.jpeg\" \/>\n<meta name=\"twitter:card\" content=\"summary_large_image\" \/>\n<meta name=\"twitter:label1\" content=\"Predpokladan\u00fd \u010das \u010d\u00edtania\" \/>\n\t<meta name=\"twitter:data1\" content=\"2 min\u00faty\" \/>\n<script type=\"application\/ld+json\" class=\"yoast-schema-graph\">{\"@context\":\"https:\/\/schema.org\",\"@graph\":[{\"@type\":\"WebPage\",\"@id\":\"https:\/\/www.liecivebyliny.eu\/?page_id=142\",\"url\":\"https:\/\/www.liecivebyliny.eu\/?page_id=142\",\"name\":\"Capsella bursa-pastoris\u00a0(L.) Med. - liecivebyliny.eu\",\"isPartOf\":{\"@id\":\"https:\/\/www.liecivebyliny.eu\/#website\"},\"datePublished\":\"2023-12-21T19:52:06+00:00\",\"dateModified\":\"2023-12-21T19:52:07+00:00\",\"breadcrumb\":{\"@id\":\"https:\/\/www.liecivebyliny.eu\/?page_id=142#breadcrumb\"},\"inLanguage\":\"sk-SK\",\"potentialAction\":[{\"@type\":\"ReadAction\",\"target\":[\"https:\/\/www.liecivebyliny.eu\/?page_id=142\"]}]},{\"@type\":\"BreadcrumbList\",\"@id\":\"https:\/\/www.liecivebyliny.eu\/?page_id=142#breadcrumb\",\"itemListElement\":[{\"@type\":\"ListItem\",\"position\":1,\"name\":\"Home\",\"item\":\"https:\/\/www.liecivebyliny.eu\/\"},{\"@type\":\"ListItem\",\"position\":2,\"name\":\"Capsella bursa-pastoris\u00a0(L.) Med.\"}]},{\"@type\":\"WebSite\",\"@id\":\"https:\/\/www.liecivebyliny.eu\/#website\",\"url\":\"https:\/\/www.liecivebyliny.eu\/\",\"name\":\"liecivebyliny.eu\",\"description\":\"\",\"potentialAction\":[{\"@type\":\"SearchAction\",\"target\":{\"@type\":\"EntryPoint\",\"urlTemplate\":\"https:\/\/www.liecivebyliny.eu\/?s={search_term_string}\"},\"query-input\":\"required name=search_term_string\"}],\"inLanguage\":\"sk-SK\"}]}<\/script>\n<!-- \/ Yoast SEO plugin. -->","yoast_head_json":{"title":"Capsella bursa-pastoris\u00a0(L.) Med. - liecivebyliny.eu","robots":{"index":"index","follow":"follow","max-snippet":"max-snippet:-1","max-image-preview":"max-image-preview:large","max-video-preview":"max-video-preview:-1"},"canonical":"https:\/\/www.liecivebyliny.eu\/?page_id=142","og_locale":"sk_SK","og_type":"article","og_title":"Capsella bursa-pastoris\u00a0(L.) Med. - liecivebyliny.eu","og_description":"Slovensk\u00fd n\u00e1zov:\u00a0kapsi\u010dka pastierska Anglick\u00fd n\u00e1zov:&nbsp;Shepherd&#8216; s purse \u010cesk\u00fd n\u00e1zov:&nbsp;koko\u0161ka pastu\u0161\u00ed tobolka&nbsp; \u013dudov\u00e9 n\u00e1zvy:&nbsp;koko\u0161ka, chudobka, lopata, babie kapsy \u010ce\u013ea\u010f:&nbsp;Brassicaceaea&nbsp;(kapustovit\u00e9) Botanick\u00e1 charakteristika: Jednoro\u010dn\u00e1, alebo dvojro\u010dn\u00e1 10 \u2013 50 cm vysok\u00e1 bylina, s\u00a0pr\u00edzemnou ru\u017eicou perovito strihan\u00fdch, z\u00fabkat\u00fdch listov. Stonkov\u00e9 listy s\u00fa sediace, s\u00a0dvoma c\u00edpmi na\u00a0konci. Biele, drobn\u00e9 kvety vyrastaj\u00fa v chochol\u00edkovom strapci. Plodom je trojuholn\u00edkovit\u00e1 \u0161e\u0161u\u013eka. Mikroskopick\u00fd n\u00e1kres: [&hellip;]","og_url":"https:\/\/www.liecivebyliny.eu\/?page_id=142","og_site_name":"liecivebyliny.eu","article_modified_time":"2023-12-21T19:52:07+00:00","og_image":[{"url":"https:\/\/www.liecivebyliny.eu\/wp-content\/uploads\/2023\/12\/image-6.jpeg"}],"twitter_card":"summary_large_image","twitter_misc":{"Predpokladan\u00fd \u010das \u010d\u00edtania":"2 min\u00faty"},"schema":{"@context":"https:\/\/schema.org","@graph":[{"@type":"WebPage","@id":"https:\/\/www.liecivebyliny.eu\/?page_id=142","url":"https:\/\/www.liecivebyliny.eu\/?page_id=142","name":"Capsella bursa-pastoris\u00a0(L.) Med. - liecivebyliny.eu","isPartOf":{"@id":"https:\/\/www.liecivebyliny.eu\/#website"},"datePublished":"2023-12-21T19:52:06+00:00","dateModified":"2023-12-21T19:52:07+00:00","breadcrumb":{"@id":"https:\/\/www.liecivebyliny.eu\/?page_id=142#breadcrumb"},"inLanguage":"sk-SK","potentialAction":[{"@type":"ReadAction","target":["https:\/\/www.liecivebyliny.eu\/?page_id=142"]}]},{"@type":"BreadcrumbList","@id":"https:\/\/www.liecivebyliny.eu\/?page_id=142#breadcrumb","itemListElement":[{"@type":"ListItem","position":1,"name":"Home","item":"https:\/\/www.liecivebyliny.eu\/"},{"@type":"ListItem","position":2,"name":"Capsella bursa-pastoris\u00a0(L.) Med."}]},{"@type":"WebSite","@id":"https:\/\/www.liecivebyliny.eu\/#website","url":"https:\/\/www.liecivebyliny.eu\/","name":"liecivebyliny.eu","description":"","potentialAction":[{"@type":"SearchAction","target":{"@type":"EntryPoint","urlTemplate":"https:\/\/www.liecivebyliny.eu\/?s={search_term_string}"},"query-input":"required name=search_term_string"}],"inLanguage":"sk-SK"}]}},"_links":{"self":[{"href":"https:\/\/www.liecivebyliny.eu\/index.php?rest_route=\/wp\/v2\/pages\/142"}],"collection":[{"href":"https:\/\/www.liecivebyliny.eu\/index.php?rest_route=\/wp\/v2\/pages"}],"about":[{"href":"https:\/\/www.liecivebyliny.eu\/index.php?rest_route=\/wp\/v2\/types\/page"}],"author":[{"embeddable":true,"href":"https:\/\/www.liecivebyliny.eu\/index.php?rest_route=\/wp\/v2\/users\/1"}],"replies":[{"embeddable":true,"href":"https:\/\/www.liecivebyliny.eu\/index.php?rest_route=%2Fwp%2Fv2%2Fcomments&post=142"}],"version-history":[{"count":1,"href":"https:\/\/www.liecivebyliny.eu\/index.php?rest_route=\/wp\/v2\/pages\/142\/revisions"}],"predecessor-version":[{"id":145,"href":"https:\/\/www.liecivebyliny.eu\/index.php?rest_route=\/wp\/v2\/pages\/142\/revisions\/145"}],"wp:attachment":[{"href":"https:\/\/www.liecivebyliny.eu\/index.php?rest_route=%2Fwp%2Fv2%2Fmedia&parent=142"}],"curies":[{"name":"wp","href":"https:\/\/api.w.org\/{rel}","templated":true}]}}