{"id":205,"date":"2023-12-21T21:46:33","date_gmt":"2023-12-21T20:46:33","guid":{"rendered":"https:\/\/www.liecivebyliny.eu\/?page_id=205"},"modified":"2024-01-01T19:39:27","modified_gmt":"2024-01-01T18:39:27","slug":"foeniculum-vulgare-mill","status":"publish","type":"page","link":"https:\/\/www.liecivebyliny.eu\/?page_id=205","title":{"rendered":"<em>Foeniculum vulgare<\/em>&nbsp;Mill."},"content":{"rendered":"<div class=\"wp-block-image\">\n<figure class=\"aligncenter size-full\"><img decoding=\"async\" loading=\"lazy\" width=\"228\" height=\"340\" src=\"https:\/\/www.liecivebyliny.eu\/wp-content\/uploads\/2023\/12\/image-16.jpeg\" alt=\"\" class=\"wp-image-206\" srcset=\"https:\/\/www.liecivebyliny.eu\/wp-content\/uploads\/2023\/12\/image-16.jpeg 228w, https:\/\/www.liecivebyliny.eu\/wp-content\/uploads\/2023\/12\/image-16-201x300.jpeg 201w\" sizes=\"(max-width: 228px) 100vw, 228px\" \/><figcaption class=\"wp-element-caption\">Fenikel oby\u010dajn\u00fd<\/figcaption><\/figure><\/div>\n\n\n<p><strong>Slovensk\u00fd n\u00e1zov:&nbsp;<\/strong>fenikel oby\u010dajn\u00fd<\/p>\n\n\n\n<p><strong>Anglick\u00fd n\u00e1zov:<\/strong>&nbsp;Sweet fennel<\/p>\n\n\n\n<p><strong>\u010cesk\u00fd n\u00e1zov:<\/strong>&nbsp;fenykl obecn\u00fd<\/p>\n\n\n\n<p><strong>\u013dudov\u00e9 n\u00e1zvy:<\/strong>&nbsp;sladk\u00fd k\u00f4por, fenikel hork\u00fd<\/p>\n\n\n\n<p><strong>\u010ce\u013ea\u010f:<\/strong>&nbsp;<em>Apiaceae&nbsp;<\/em>(mrkvovit\u00e9)<\/p>\n\n\n\n<p><strong>Botanick\u00e1 charakteristika:<\/strong>&nbsp;Trv\u00e1ca bylina, ktor\u00e1 dorast\u00e1 do v\u00fd\u0161ky 2 m. Kore\u0148 je du\u017einat\u00fd, listy s\u00fa ni\u0165ovito strihan\u00e9. \u017dlt\u00e9 kvety vyrastaj\u00fa v&nbsp;okol\u00edkovit\u00fdch s\u00fakvetiach. Plodom je dvojna\u017eka o&nbsp;ve\u013ekosti 10 mm. Kvitne od j\u00fala do septembra.<\/p>\n\n\n\n<p><strong>Mikroskopick\u00fd n\u00e1kres:<\/strong><\/p>\n\n\n<div class=\"wp-block-image\">\n<figure class=\"aligncenter size-full is-resized\"><img decoding=\"async\" loading=\"lazy\" src=\"https:\/\/www.liecivebyliny.eu\/wp-content\/uploads\/2023\/12\/image-19.png\" alt=\"\" class=\"wp-image-208\" width=\"394\" height=\"218\" srcset=\"https:\/\/www.liecivebyliny.eu\/wp-content\/uploads\/2023\/12\/image-19.png 434w, https:\/\/www.liecivebyliny.eu\/wp-content\/uploads\/2023\/12\/image-19-300x166.png 300w\" sizes=\"(max-width: 394px) 100vw, 394px\" \/><figcaption class=\"wp-element-caption\"><em>Na prie\u010dnom reze plodom fenikla pozorujeme kolater\u00e1lne cievne zv\u00e4zky (a) situovan\u00e9 v&nbsp;rebr\u00e1ch oplodia. V&nbsp;mezokarpe s\u00fa rozmiestnen\u00e9 sili\u010dn\u00e9 kan\u00e1liky (b). V&nbsp;strede prepar\u00e1tu pozorujeme semeno obsahuj\u00face endosperm (c). Cel\u00e9 semeno je kryt\u00e9 osemen\u00edm (d).<\/em><\/figcaption><\/figure><\/div>\n\n<div class=\"wp-block-image\">\n<figure class=\"aligncenter size-full is-resized\"><img decoding=\"async\" loading=\"lazy\" src=\"https:\/\/www.liecivebyliny.eu\/wp-content\/uploads\/2024\/01\/Foeniculi-fructus-100x.jpg\" alt=\"\" class=\"wp-image-875\" width=\"415\" height=\"311\" srcset=\"https:\/\/www.liecivebyliny.eu\/wp-content\/uploads\/2024\/01\/Foeniculi-fructus-100x.jpg 640w, https:\/\/www.liecivebyliny.eu\/wp-content\/uploads\/2024\/01\/Foeniculi-fructus-100x-300x225.jpg 300w\" sizes=\"(max-width: 415px) 100vw, 415px\" \/><figcaption class=\"wp-element-caption\">Prie\u010dny rez plodom fenikla (zv\u00e4\u010d\u0161en\u00e9 100x)<\/figcaption><\/figure><\/div>\n\n\n<p><\/p>\n\n\n\n<p><strong>Roz\u0161\u00edrenie:<\/strong>&nbsp;Poch\u00e1dza z ju\u017enej Eur\u00f3py, vyskytuje sa vo Franc\u00fazsku, Taliansku, Indii a&nbsp;Japonsku. Pestuje sa v&nbsp;Strednej Eur\u00f3pe.<\/p>\n\n\n\n<p><strong>Droga:&nbsp;<\/strong><em>Foeniculi fructus<\/em><\/p>\n\n\n\n<p><strong>Sp\u00f4sob zberu:&nbsp;<\/strong>Plody sa zbieraj\u00fa po\u010das vegeta\u010dn\u00e9ho obdobia dva a\u017e trikr\u00e1t. Najprv sa zbieraj\u00fa dozret\u00e9 rozkvitnut\u00e9 okol\u00edky pomocou z\u00e1hradn\u00edckych no\u017en\u00edc. N\u00e1sledne prebieha mechanizovan\u00fd zber pomocou ml\u00e1tiacich mechanizmov.<\/p>\n\n\n\n<p><strong>Su\u0161enie:<\/strong>&nbsp;Plody sa su\u0161ia prirodzen\u00fdm sp\u00f4sobom na placht\u00e1ch, pr\u00edpadne vreciach, nako\u013eko sa rozpad\u00e1vaj\u00fa. Umel\u00fdm sp\u00f4sobom sa su\u0161ia v&nbsp;su\u0161i\u010dk\u00e1ch pri teplote do 35 \u00b0C.&nbsp;<\/p>\n\n\n\n<p><strong>Obsahov\u00e9 l\u00e1tky:<\/strong>&nbsp;Fenikel oby\u010dajn\u00fd patr\u00ed medzi sili\u010dn\u00e9 rastliny, ktor\u00e9 sa vyzna\u010duj\u00fa v\u00fdraznou v\u00f4\u0148ou. Silica je zlo\u017een\u00e1 z&nbsp;<em>trans<\/em>-anetolu, fench\u00f3nu, estragolu (synonymicky ozna\u010dovan\u00fd ako metylchavikol),&nbsp;<em>para<\/em>-an\u00edzaldehydu, pin\u00e9nu a&nbsp;limon\u00e9nu. V&nbsp;semen\u00e1ch n\u00e1jdeme aj z\u00e1sobn\u00e9 l\u00e1tky ako sacharidy, olej a&nbsp;bielkoviny.<\/p>\n\n\n\n<p><strong>Pou\u017eitie:<\/strong>&nbsp;Feniklov\u00e1 silica podporuje vyka\u0161liavanie, ale \u010dastej\u0161ie sa uplat\u0148uje ako prostriedok so&nbsp;spazmolytick\u00fdmi \u00fa\u010dinkami pri k\u0155\u010doch gastrointestin\u00e1lneho traktu a nadmernom nad\u00favan\u00ed. Cel\u00e1 rastlina stimuluje k&nbsp;zv\u00fd\u0161enej produkcii matersk\u00e9ho mlieka, preto b\u00fdva u\u017e\u00edvan\u00e1 v&nbsp;obdob\u00ed lakt\u00e1cie. Taktie\u017e podporuje tr\u00e1venie a&nbsp;disponuje antibakteri\u00e1lnym \u00fa\u010dinkom. Plody feniklu oby\u010dajn\u00e9ho sa pou\u017e\u00edvaj\u00fa aj v&nbsp;kuchyni ako korenina a&nbsp;pri v\u00fdrobe lik\u00e9rov.<\/p>\n\n\n\n<p><strong>Tradi\u010dn\u00fd sp\u00f4sob pou\u017eitia v&nbsp;indik\u00e1ci\u00e1ch ur\u010den\u00fdch v\u00fdhradne na z\u00e1klade dlhodob\u00e9ho pou\u017e\u00edvania:<\/strong><\/p>\n\n\n\n<ul>\n<li>symptomatick\u00e1 lie\u010dba miernych k\u0155\u010dov gastrointestin\u00e1lneho traktu, nad\u00favania a&nbsp;plynatosti,<\/li>\n\n\n\n<li>symptomatick\u00e1 lie\u010dba men\u0161trua\u010dn\u00fdch k\u0155\u010dov,<\/li>\n\n\n\n<li>expektorans \u2013 podpora vyka\u0161liavania, najm\u00e4 pri ka\u0161li spojenom s&nbsp;prechladnut\u00edm.<\/li>\n<\/ul>\n\n\n\n<p><strong>Vybran\u00e9 rastlinn\u00e9 pr\u00edpravky:&nbsp;<\/strong>AGROKARPATY FENIKEL bylinn\u00fd \u010daj 20&#215;2 g, APOTHEKE BIO DETSK\u00dd BYLINN\u00dd \u010cAJ PRIEDU\u0160KOV\u00dd n\u00e1levov\u00e9 vreck\u00e1 20&#215;1,5 g, BabyCalm kvapky (pre spokojn\u00e9 bru\u0161k\u00e1) 15 ml, CARBOFIT Plus cps 60 ks, GENERICA SymbioLac sirup 100 ml.<\/p>\n","protected":false},"excerpt":{"rendered":"<p>Slovensk\u00fd n\u00e1zov:&nbsp;fenikel oby\u010dajn\u00fd Anglick\u00fd n\u00e1zov:&nbsp;Sweet fennel \u010cesk\u00fd n\u00e1zov:&nbsp;fenykl obecn\u00fd \u013dudov\u00e9 n\u00e1zvy:&nbsp;sladk\u00fd k\u00f4por, fenikel hork\u00fd \u010ce\u013ea\u010f:&nbsp;Apiaceae&nbsp;(mrkvovit\u00e9) Botanick\u00e1 charakteristika:&nbsp;Trv\u00e1ca bylina, ktor\u00e1 dorast\u00e1 do v\u00fd\u0161ky 2 m. Kore\u0148 je du\u017einat\u00fd, listy s\u00fa ni\u0165ovito strihan\u00e9. \u017dlt\u00e9 kvety vyrastaj\u00fa v&nbsp;okol\u00edkovit\u00fdch s\u00fakvetiach. Plodom je dvojna\u017eka o&nbsp;ve\u013ekosti 10 mm. Kvitne od j\u00fala do septembra. Mikroskopick\u00fd n\u00e1kres: Roz\u0161\u00edrenie:&nbsp;Poch\u00e1dza z ju\u017enej Eur\u00f3py, vyskytuje sa [&hellip;]<\/p>\n","protected":false},"author":1,"featured_media":0,"parent":0,"menu_order":0,"comment_status":"closed","ping_status":"closed","template":"","meta":{"_mi_skip_tracking":false},"yoast_head":"<!-- This site is optimized with the Yoast SEO plugin v20.4 - https:\/\/yoast.com\/wordpress\/plugins\/seo\/ -->\n<title>Foeniculum vulgare&nbsp;Mill. - liecivebyliny.eu<\/title>\n<meta name=\"robots\" content=\"index, follow, max-snippet:-1, max-image-preview:large, max-video-preview:-1\" \/>\n<link rel=\"canonical\" href=\"https:\/\/www.liecivebyliny.eu\/?page_id=205\" \/>\n<meta property=\"og:locale\" content=\"sk_SK\" \/>\n<meta property=\"og:type\" content=\"article\" \/>\n<meta property=\"og:title\" content=\"Foeniculum vulgare&nbsp;Mill. - liecivebyliny.eu\" \/>\n<meta property=\"og:description\" content=\"Slovensk\u00fd n\u00e1zov:&nbsp;fenikel oby\u010dajn\u00fd Anglick\u00fd n\u00e1zov:&nbsp;Sweet fennel \u010cesk\u00fd n\u00e1zov:&nbsp;fenykl obecn\u00fd \u013dudov\u00e9 n\u00e1zvy:&nbsp;sladk\u00fd k\u00f4por, fenikel hork\u00fd \u010ce\u013ea\u010f:&nbsp;Apiaceae&nbsp;(mrkvovit\u00e9) Botanick\u00e1 charakteristika:&nbsp;Trv\u00e1ca bylina, ktor\u00e1 dorast\u00e1 do v\u00fd\u0161ky 2 m. Kore\u0148 je du\u017einat\u00fd, listy s\u00fa ni\u0165ovito strihan\u00e9. \u017dlt\u00e9 kvety vyrastaj\u00fa v&nbsp;okol\u00edkovit\u00fdch s\u00fakvetiach. Plodom je dvojna\u017eka o&nbsp;ve\u013ekosti 10 mm. Kvitne od j\u00fala do septembra. Mikroskopick\u00fd n\u00e1kres: Roz\u0161\u00edrenie:&nbsp;Poch\u00e1dza z ju\u017enej Eur\u00f3py, vyskytuje sa [&hellip;]\" \/>\n<meta property=\"og:url\" content=\"https:\/\/www.liecivebyliny.eu\/?page_id=205\" \/>\n<meta property=\"og:site_name\" content=\"liecivebyliny.eu\" \/>\n<meta property=\"article:modified_time\" content=\"2024-01-01T18:39:27+00:00\" \/>\n<meta property=\"og:image\" content=\"https:\/\/www.liecivebyliny.eu\/wp-content\/uploads\/2023\/12\/image-16.jpeg\" \/>\n<meta name=\"twitter:card\" content=\"summary_large_image\" \/>\n<meta name=\"twitter:label1\" content=\"Predpokladan\u00fd \u010das \u010d\u00edtania\" \/>\n\t<meta name=\"twitter:data1\" content=\"3 min\u00faty\" \/>\n<script type=\"application\/ld+json\" class=\"yoast-schema-graph\">{\"@context\":\"https:\/\/schema.org\",\"@graph\":[{\"@type\":\"WebPage\",\"@id\":\"https:\/\/www.liecivebyliny.eu\/?page_id=205\",\"url\":\"https:\/\/www.liecivebyliny.eu\/?page_id=205\",\"name\":\"Foeniculum vulgare&nbsp;Mill. - liecivebyliny.eu\",\"isPartOf\":{\"@id\":\"https:\/\/www.liecivebyliny.eu\/#website\"},\"datePublished\":\"2023-12-21T20:46:33+00:00\",\"dateModified\":\"2024-01-01T18:39:27+00:00\",\"breadcrumb\":{\"@id\":\"https:\/\/www.liecivebyliny.eu\/?page_id=205#breadcrumb\"},\"inLanguage\":\"sk-SK\",\"potentialAction\":[{\"@type\":\"ReadAction\",\"target\":[\"https:\/\/www.liecivebyliny.eu\/?page_id=205\"]}]},{\"@type\":\"BreadcrumbList\",\"@id\":\"https:\/\/www.liecivebyliny.eu\/?page_id=205#breadcrumb\",\"itemListElement\":[{\"@type\":\"ListItem\",\"position\":1,\"name\":\"Home\",\"item\":\"https:\/\/www.liecivebyliny.eu\/\"},{\"@type\":\"ListItem\",\"position\":2,\"name\":\"Foeniculum vulgare&nbsp;Mill.\"}]},{\"@type\":\"WebSite\",\"@id\":\"https:\/\/www.liecivebyliny.eu\/#website\",\"url\":\"https:\/\/www.liecivebyliny.eu\/\",\"name\":\"liecivebyliny.eu\",\"description\":\"\",\"potentialAction\":[{\"@type\":\"SearchAction\",\"target\":{\"@type\":\"EntryPoint\",\"urlTemplate\":\"https:\/\/www.liecivebyliny.eu\/?s={search_term_string}\"},\"query-input\":\"required name=search_term_string\"}],\"inLanguage\":\"sk-SK\"}]}<\/script>\n<!-- \/ Yoast SEO plugin. -->","yoast_head_json":{"title":"Foeniculum vulgare&nbsp;Mill. - liecivebyliny.eu","robots":{"index":"index","follow":"follow","max-snippet":"max-snippet:-1","max-image-preview":"max-image-preview:large","max-video-preview":"max-video-preview:-1"},"canonical":"https:\/\/www.liecivebyliny.eu\/?page_id=205","og_locale":"sk_SK","og_type":"article","og_title":"Foeniculum vulgare&nbsp;Mill. - liecivebyliny.eu","og_description":"Slovensk\u00fd n\u00e1zov:&nbsp;fenikel oby\u010dajn\u00fd Anglick\u00fd n\u00e1zov:&nbsp;Sweet fennel \u010cesk\u00fd n\u00e1zov:&nbsp;fenykl obecn\u00fd \u013dudov\u00e9 n\u00e1zvy:&nbsp;sladk\u00fd k\u00f4por, fenikel hork\u00fd \u010ce\u013ea\u010f:&nbsp;Apiaceae&nbsp;(mrkvovit\u00e9) Botanick\u00e1 charakteristika:&nbsp;Trv\u00e1ca bylina, ktor\u00e1 dorast\u00e1 do v\u00fd\u0161ky 2 m. Kore\u0148 je du\u017einat\u00fd, listy s\u00fa ni\u0165ovito strihan\u00e9. \u017dlt\u00e9 kvety vyrastaj\u00fa v&nbsp;okol\u00edkovit\u00fdch s\u00fakvetiach. Plodom je dvojna\u017eka o&nbsp;ve\u013ekosti 10 mm. Kvitne od j\u00fala do septembra. Mikroskopick\u00fd n\u00e1kres: Roz\u0161\u00edrenie:&nbsp;Poch\u00e1dza z ju\u017enej Eur\u00f3py, vyskytuje sa [&hellip;]","og_url":"https:\/\/www.liecivebyliny.eu\/?page_id=205","og_site_name":"liecivebyliny.eu","article_modified_time":"2024-01-01T18:39:27+00:00","og_image":[{"url":"https:\/\/www.liecivebyliny.eu\/wp-content\/uploads\/2023\/12\/image-16.jpeg"}],"twitter_card":"summary_large_image","twitter_misc":{"Predpokladan\u00fd \u010das \u010d\u00edtania":"3 min\u00faty"},"schema":{"@context":"https:\/\/schema.org","@graph":[{"@type":"WebPage","@id":"https:\/\/www.liecivebyliny.eu\/?page_id=205","url":"https:\/\/www.liecivebyliny.eu\/?page_id=205","name":"Foeniculum vulgare&nbsp;Mill. - liecivebyliny.eu","isPartOf":{"@id":"https:\/\/www.liecivebyliny.eu\/#website"},"datePublished":"2023-12-21T20:46:33+00:00","dateModified":"2024-01-01T18:39:27+00:00","breadcrumb":{"@id":"https:\/\/www.liecivebyliny.eu\/?page_id=205#breadcrumb"},"inLanguage":"sk-SK","potentialAction":[{"@type":"ReadAction","target":["https:\/\/www.liecivebyliny.eu\/?page_id=205"]}]},{"@type":"BreadcrumbList","@id":"https:\/\/www.liecivebyliny.eu\/?page_id=205#breadcrumb","itemListElement":[{"@type":"ListItem","position":1,"name":"Home","item":"https:\/\/www.liecivebyliny.eu\/"},{"@type":"ListItem","position":2,"name":"Foeniculum vulgare&nbsp;Mill."}]},{"@type":"WebSite","@id":"https:\/\/www.liecivebyliny.eu\/#website","url":"https:\/\/www.liecivebyliny.eu\/","name":"liecivebyliny.eu","description":"","potentialAction":[{"@type":"SearchAction","target":{"@type":"EntryPoint","urlTemplate":"https:\/\/www.liecivebyliny.eu\/?s={search_term_string}"},"query-input":"required name=search_term_string"}],"inLanguage":"sk-SK"}]}},"_links":{"self":[{"href":"https:\/\/www.liecivebyliny.eu\/index.php?rest_route=\/wp\/v2\/pages\/205"}],"collection":[{"href":"https:\/\/www.liecivebyliny.eu\/index.php?rest_route=\/wp\/v2\/pages"}],"about":[{"href":"https:\/\/www.liecivebyliny.eu\/index.php?rest_route=\/wp\/v2\/types\/page"}],"author":[{"embeddable":true,"href":"https:\/\/www.liecivebyliny.eu\/index.php?rest_route=\/wp\/v2\/users\/1"}],"replies":[{"embeddable":true,"href":"https:\/\/www.liecivebyliny.eu\/index.php?rest_route=%2Fwp%2Fv2%2Fcomments&post=205"}],"version-history":[{"count":2,"href":"https:\/\/www.liecivebyliny.eu\/index.php?rest_route=\/wp\/v2\/pages\/205\/revisions"}],"predecessor-version":[{"id":876,"href":"https:\/\/www.liecivebyliny.eu\/index.php?rest_route=\/wp\/v2\/pages\/205\/revisions\/876"}],"wp:attachment":[{"href":"https:\/\/www.liecivebyliny.eu\/index.php?rest_route=%2Fwp%2Fv2%2Fmedia&parent=205"}],"curies":[{"name":"wp","href":"https:\/\/api.w.org\/{rel}","templated":true}]}}