{"id":220,"date":"2023-12-21T21:53:20","date_gmt":"2023-12-21T20:53:20","guid":{"rendered":"https:\/\/www.liecivebyliny.eu\/?page_id=220"},"modified":"2023-12-21T21:53:21","modified_gmt":"2023-12-21T20:53:21","slug":"galium-odoratum-l-syn-asperula-odorata-l","status":"publish","type":"page","link":"https:\/\/www.liecivebyliny.eu\/?page_id=220","title":{"rendered":"<em>Galium odoratum<\/em>&nbsp;L., syn.&nbsp;<em>Asperula odorata<\/em>&nbsp;L."},"content":{"rendered":"<div class=\"wp-block-image\">\n<figure class=\"aligncenter size-full\"><img decoding=\"async\" loading=\"lazy\" width=\"256\" height=\"342\" src=\"https:\/\/www.liecivebyliny.eu\/wp-content\/uploads\/2023\/12\/image-18.jpeg\" alt=\"\" class=\"wp-image-221\" srcset=\"https:\/\/www.liecivebyliny.eu\/wp-content\/uploads\/2023\/12\/image-18.jpeg 256w, https:\/\/www.liecivebyliny.eu\/wp-content\/uploads\/2023\/12\/image-18-225x300.jpeg 225w\" sizes=\"(max-width: 256px) 100vw, 256px\" \/><figcaption class=\"wp-element-caption\">Lipkavec marinkov\u00fd<\/figcaption><\/figure><\/div>\n\n\n<p><strong>Slovensk\u00fd n\u00e1zov:\u00a0<\/strong>lipkavec marinkov\u00fd<\/p>\n\n\n\n<p><strong>Anglick\u00fd n\u00e1zov:<\/strong>&nbsp;Sweet Woodruff<\/p>\n\n\n\n<p><strong>\u010cesk\u00fd n\u00e1zov:<\/strong>&nbsp;ma\u0159inka vonn\u00e1<\/p>\n\n\n\n<p><strong>\u013dudov\u00e9 n\u00e1zvy:<\/strong>&nbsp;bo\u017eec, marinka vonn\u00e1, marunka, m\u00e1jov\u00e1<\/p>\n\n\n\n<p><strong>\u010ce\u013ea\u010f:<\/strong>&nbsp;<em>Rubiaceae&nbsp;<\/em>(marenovit\u00e9)<\/p>\n\n\n\n<p><strong>Botanick\u00e1 charakteristika:<\/strong>&nbsp;Trv\u00e1ca bylina, dorastaj\u00faca do v\u00fd\u0161ky 30 cm. Zo \u0161tvorhrannej hladkej stonky, ktor\u00e1 je vzpriamen\u00e1 vyrastaj\u00fa \u00fazke kopijovit\u00e9 listy v&nbsp;6 \u2013 9 po\u010detn\u00fdch prasle\u0148och. Kvety s\u00fa biele, drobn\u00e9, pravidelne usporiadan\u00e9. Vytv\u00e1raj\u00fa vidlicovit\u00e9 metliny. Plodom je gu\u013eat\u00e1 dvojna\u017eka s&nbsp;h\u00e1\u010dikovit\u00fdmi ost\u0148ami.&nbsp;<\/p>\n\n\n\n<p><strong>Mikroskopick\u00fd n\u00e1kres:<\/strong><\/p>\n\n\n<div class=\"wp-block-image\">\n<figure class=\"aligncenter size-full\"><img decoding=\"async\" loading=\"lazy\" width=\"402\" height=\"414\" src=\"https:\/\/www.liecivebyliny.eu\/wp-content\/uploads\/2023\/12\/image-22.png\" alt=\"\" class=\"wp-image-223\" srcset=\"https:\/\/www.liecivebyliny.eu\/wp-content\/uploads\/2023\/12\/image-22.png 402w, https:\/\/www.liecivebyliny.eu\/wp-content\/uploads\/2023\/12\/image-22-291x300.png 291w\" sizes=\"(max-width: 402px) 100vw, 402px\" \/><figcaption class=\"wp-element-caption\"><em>Na prie\u010dnom reze stonkou lipkavca marinkov\u00e9ho pozorujeme rebr\u00e1 vystu\u017een\u00e9 sklerench\u00fdmom (a). V\u00a0strede prepar\u00e1tu s\u00fa umiestnen\u00e9 kolater\u00e1lne cievne zv\u00e4zky (b).<\/em><\/figcaption><\/figure><\/div>\n\n\n<p><\/p>\n\n\n\n<p><strong>Roz\u0161\u00edrenie:&nbsp;<\/strong>Druh je roz\u0161\u00edren\u00ed v&nbsp;Eur\u00f3pe, \u00c1zii a&nbsp;Amerike. Rastie v&nbsp;polotieni, a\u017e tieni listnat\u00fdch a&nbsp;zmie\u0161an\u00fdch lesov, predov\u0161etk\u00fdm bukov\u00fdch. Vyskytuje sa aj ako burina na poliach a&nbsp;z\u00e1hrad\u00e1ch.&nbsp;<\/p>\n\n\n\n<p><strong>Droga:<\/strong>&nbsp;<em>Galii odorati herba&nbsp;<\/em>(<em>Asperulae herba<\/em>)<\/p>\n\n\n\n<p><strong>Sp\u00f4sob zberu:<\/strong>&nbsp;V\u0148a\u0165 lipkavca marinkov\u00e9ho sa zbiera pomocou z\u00e1hradn\u00edck\u00fdch no\u017en\u00edc na za\u010diatku kvitnutia.<\/p>\n\n\n\n<p><strong>Su\u0161enie:<\/strong>&nbsp;V\u0148a\u0165 sa su\u0161\u00ed v&nbsp;tenk\u00fdch vrstv\u00e1ch na&nbsp;tienistom mieste. Pri umelom su\u0161en\u00ed nesmie teplota presiahn\u00fa\u0165 35 \u00b0C.&nbsp;<\/p>\n\n\n\n<p><strong>Obsahov\u00e9 l\u00e1tky:&nbsp;<\/strong>\u010cerstv\u00e1 rastlina obsahuje melilotozid, ktor\u00fd sa pri su\u0161en\u00ed rozklad\u00e1 a&nbsp;uvo\u013e\u0148uje vo\u0148av\u00fd kumar\u00edn. V&nbsp;rastline nach\u00e1dzame horko chutiace iridoidov\u00e9 l\u00e1tky ako asperulozid a&nbsp;monotrope\u00edn. Pr\u00edtomn\u00e9 s\u00fa aj flavonoidy, triesloviny a&nbsp;r\u00f4zne deriv\u00e1ty fenolov\u00fdch kysel\u00edn.<\/p>\n\n\n\n<p><strong>Pou\u017eitie:<\/strong>&nbsp;Kumar\u00edn v droge dod\u00e1va antiflogistick\u00e9 \u00fa\u010dinky. Lipkavec marinkov\u00fd p\u00f4sob\u00ed proti opuchom, k\u0155\u010dom, nepokoji a&nbsp;nespavosti.&nbsp;<\/p>\n\n\n\n<p><strong>Vybran\u00e9 rastlinn\u00e9 pr\u00edpravky:<\/strong>&nbsp;JUVAMED LIPKAVEC MARINKOV\u00dd &#8211; V\u0147A\u0164 bylinn\u00fd \u010daj sypan\u00fd 1&#215;40 g, AGROKARPATY CHUDNUTIE bylinn\u00fd \u010daj 20&#215;2 g, APOTHEKE \u010cAJ KRK A MANDLE 20&#215;1,5 g.<\/p>\n","protected":false},"excerpt":{"rendered":"<p>Slovensk\u00fd n\u00e1zov:\u00a0lipkavec marinkov\u00fd Anglick\u00fd n\u00e1zov:&nbsp;Sweet Woodruff \u010cesk\u00fd n\u00e1zov:&nbsp;ma\u0159inka vonn\u00e1 \u013dudov\u00e9 n\u00e1zvy:&nbsp;bo\u017eec, marinka vonn\u00e1, marunka, m\u00e1jov\u00e1 \u010ce\u013ea\u010f:&nbsp;Rubiaceae&nbsp;(marenovit\u00e9) Botanick\u00e1 charakteristika:&nbsp;Trv\u00e1ca bylina, dorastaj\u00faca do v\u00fd\u0161ky 30 cm. Zo \u0161tvorhrannej hladkej stonky, ktor\u00e1 je vzpriamen\u00e1 vyrastaj\u00fa \u00fazke kopijovit\u00e9 listy v&nbsp;6 \u2013 9 po\u010detn\u00fdch prasle\u0148och. Kvety s\u00fa biele, drobn\u00e9, pravidelne usporiadan\u00e9. Vytv\u00e1raj\u00fa vidlicovit\u00e9 metliny. Plodom je gu\u013eat\u00e1 dvojna\u017eka s&nbsp;h\u00e1\u010dikovit\u00fdmi ost\u0148ami.&nbsp; [&hellip;]<\/p>\n","protected":false},"author":1,"featured_media":0,"parent":0,"menu_order":0,"comment_status":"closed","ping_status":"closed","template":"","meta":{"_mi_skip_tracking":false},"yoast_head":"<!-- This site is optimized with the Yoast SEO plugin v20.4 - https:\/\/yoast.com\/wordpress\/plugins\/seo\/ -->\n<title>Galium odoratum&nbsp;L., syn.&nbsp;Asperula odorata&nbsp;L. - liecivebyliny.eu<\/title>\n<meta name=\"robots\" content=\"index, follow, max-snippet:-1, max-image-preview:large, max-video-preview:-1\" \/>\n<link rel=\"canonical\" href=\"https:\/\/www.liecivebyliny.eu\/?page_id=220\" \/>\n<meta property=\"og:locale\" content=\"sk_SK\" \/>\n<meta property=\"og:type\" content=\"article\" \/>\n<meta property=\"og:title\" content=\"Galium odoratum&nbsp;L., syn.&nbsp;Asperula odorata&nbsp;L. - liecivebyliny.eu\" \/>\n<meta property=\"og:description\" content=\"Slovensk\u00fd n\u00e1zov:\u00a0lipkavec marinkov\u00fd Anglick\u00fd n\u00e1zov:&nbsp;Sweet Woodruff \u010cesk\u00fd n\u00e1zov:&nbsp;ma\u0159inka vonn\u00e1 \u013dudov\u00e9 n\u00e1zvy:&nbsp;bo\u017eec, marinka vonn\u00e1, marunka, m\u00e1jov\u00e1 \u010ce\u013ea\u010f:&nbsp;Rubiaceae&nbsp;(marenovit\u00e9) Botanick\u00e1 charakteristika:&nbsp;Trv\u00e1ca bylina, dorastaj\u00faca do v\u00fd\u0161ky 30 cm. Zo \u0161tvorhrannej hladkej stonky, ktor\u00e1 je vzpriamen\u00e1 vyrastaj\u00fa \u00fazke kopijovit\u00e9 listy v&nbsp;6 \u2013 9 po\u010detn\u00fdch prasle\u0148och. Kvety s\u00fa biele, drobn\u00e9, pravidelne usporiadan\u00e9. Vytv\u00e1raj\u00fa vidlicovit\u00e9 metliny. Plodom je gu\u013eat\u00e1 dvojna\u017eka s&nbsp;h\u00e1\u010dikovit\u00fdmi ost\u0148ami.&nbsp; [&hellip;]\" \/>\n<meta property=\"og:url\" content=\"https:\/\/www.liecivebyliny.eu\/?page_id=220\" \/>\n<meta property=\"og:site_name\" content=\"liecivebyliny.eu\" \/>\n<meta property=\"article:modified_time\" content=\"2023-12-21T20:53:21+00:00\" \/>\n<meta property=\"og:image\" content=\"https:\/\/www.liecivebyliny.eu\/wp-content\/uploads\/2023\/12\/image-18.jpeg\" \/>\n<meta name=\"twitter:card\" content=\"summary_large_image\" \/>\n<meta name=\"twitter:label1\" content=\"Predpokladan\u00fd \u010das \u010d\u00edtania\" \/>\n\t<meta name=\"twitter:data1\" content=\"2 min\u00faty\" \/>\n<script type=\"application\/ld+json\" class=\"yoast-schema-graph\">{\"@context\":\"https:\/\/schema.org\",\"@graph\":[{\"@type\":\"WebPage\",\"@id\":\"https:\/\/www.liecivebyliny.eu\/?page_id=220\",\"url\":\"https:\/\/www.liecivebyliny.eu\/?page_id=220\",\"name\":\"Galium odoratum&nbsp;L., syn.&nbsp;Asperula odorata&nbsp;L. - liecivebyliny.eu\",\"isPartOf\":{\"@id\":\"https:\/\/www.liecivebyliny.eu\/#website\"},\"datePublished\":\"2023-12-21T20:53:20+00:00\",\"dateModified\":\"2023-12-21T20:53:21+00:00\",\"breadcrumb\":{\"@id\":\"https:\/\/www.liecivebyliny.eu\/?page_id=220#breadcrumb\"},\"inLanguage\":\"sk-SK\",\"potentialAction\":[{\"@type\":\"ReadAction\",\"target\":[\"https:\/\/www.liecivebyliny.eu\/?page_id=220\"]}]},{\"@type\":\"BreadcrumbList\",\"@id\":\"https:\/\/www.liecivebyliny.eu\/?page_id=220#breadcrumb\",\"itemListElement\":[{\"@type\":\"ListItem\",\"position\":1,\"name\":\"Home\",\"item\":\"https:\/\/www.liecivebyliny.eu\/\"},{\"@type\":\"ListItem\",\"position\":2,\"name\":\"Galium odoratum&nbsp;L., syn.&nbsp;Asperula odorata&nbsp;L.\"}]},{\"@type\":\"WebSite\",\"@id\":\"https:\/\/www.liecivebyliny.eu\/#website\",\"url\":\"https:\/\/www.liecivebyliny.eu\/\",\"name\":\"liecivebyliny.eu\",\"description\":\"\",\"potentialAction\":[{\"@type\":\"SearchAction\",\"target\":{\"@type\":\"EntryPoint\",\"urlTemplate\":\"https:\/\/www.liecivebyliny.eu\/?s={search_term_string}\"},\"query-input\":\"required name=search_term_string\"}],\"inLanguage\":\"sk-SK\"}]}<\/script>\n<!-- \/ Yoast SEO plugin. -->","yoast_head_json":{"title":"Galium odoratum&nbsp;L., syn.&nbsp;Asperula odorata&nbsp;L. - liecivebyliny.eu","robots":{"index":"index","follow":"follow","max-snippet":"max-snippet:-1","max-image-preview":"max-image-preview:large","max-video-preview":"max-video-preview:-1"},"canonical":"https:\/\/www.liecivebyliny.eu\/?page_id=220","og_locale":"sk_SK","og_type":"article","og_title":"Galium odoratum&nbsp;L., syn.&nbsp;Asperula odorata&nbsp;L. - liecivebyliny.eu","og_description":"Slovensk\u00fd n\u00e1zov:\u00a0lipkavec marinkov\u00fd Anglick\u00fd n\u00e1zov:&nbsp;Sweet Woodruff \u010cesk\u00fd n\u00e1zov:&nbsp;ma\u0159inka vonn\u00e1 \u013dudov\u00e9 n\u00e1zvy:&nbsp;bo\u017eec, marinka vonn\u00e1, marunka, m\u00e1jov\u00e1 \u010ce\u013ea\u010f:&nbsp;Rubiaceae&nbsp;(marenovit\u00e9) Botanick\u00e1 charakteristika:&nbsp;Trv\u00e1ca bylina, dorastaj\u00faca do v\u00fd\u0161ky 30 cm. Zo \u0161tvorhrannej hladkej stonky, ktor\u00e1 je vzpriamen\u00e1 vyrastaj\u00fa \u00fazke kopijovit\u00e9 listy v&nbsp;6 \u2013 9 po\u010detn\u00fdch prasle\u0148och. Kvety s\u00fa biele, drobn\u00e9, pravidelne usporiadan\u00e9. Vytv\u00e1raj\u00fa vidlicovit\u00e9 metliny. Plodom je gu\u013eat\u00e1 dvojna\u017eka s&nbsp;h\u00e1\u010dikovit\u00fdmi ost\u0148ami.&nbsp; [&hellip;]","og_url":"https:\/\/www.liecivebyliny.eu\/?page_id=220","og_site_name":"liecivebyliny.eu","article_modified_time":"2023-12-21T20:53:21+00:00","og_image":[{"url":"https:\/\/www.liecivebyliny.eu\/wp-content\/uploads\/2023\/12\/image-18.jpeg"}],"twitter_card":"summary_large_image","twitter_misc":{"Predpokladan\u00fd \u010das \u010d\u00edtania":"2 min\u00faty"},"schema":{"@context":"https:\/\/schema.org","@graph":[{"@type":"WebPage","@id":"https:\/\/www.liecivebyliny.eu\/?page_id=220","url":"https:\/\/www.liecivebyliny.eu\/?page_id=220","name":"Galium odoratum&nbsp;L., syn.&nbsp;Asperula odorata&nbsp;L. - liecivebyliny.eu","isPartOf":{"@id":"https:\/\/www.liecivebyliny.eu\/#website"},"datePublished":"2023-12-21T20:53:20+00:00","dateModified":"2023-12-21T20:53:21+00:00","breadcrumb":{"@id":"https:\/\/www.liecivebyliny.eu\/?page_id=220#breadcrumb"},"inLanguage":"sk-SK","potentialAction":[{"@type":"ReadAction","target":["https:\/\/www.liecivebyliny.eu\/?page_id=220"]}]},{"@type":"BreadcrumbList","@id":"https:\/\/www.liecivebyliny.eu\/?page_id=220#breadcrumb","itemListElement":[{"@type":"ListItem","position":1,"name":"Home","item":"https:\/\/www.liecivebyliny.eu\/"},{"@type":"ListItem","position":2,"name":"Galium odoratum&nbsp;L., syn.&nbsp;Asperula odorata&nbsp;L."}]},{"@type":"WebSite","@id":"https:\/\/www.liecivebyliny.eu\/#website","url":"https:\/\/www.liecivebyliny.eu\/","name":"liecivebyliny.eu","description":"","potentialAction":[{"@type":"SearchAction","target":{"@type":"EntryPoint","urlTemplate":"https:\/\/www.liecivebyliny.eu\/?s={search_term_string}"},"query-input":"required name=search_term_string"}],"inLanguage":"sk-SK"}]}},"_links":{"self":[{"href":"https:\/\/www.liecivebyliny.eu\/index.php?rest_route=\/wp\/v2\/pages\/220"}],"collection":[{"href":"https:\/\/www.liecivebyliny.eu\/index.php?rest_route=\/wp\/v2\/pages"}],"about":[{"href":"https:\/\/www.liecivebyliny.eu\/index.php?rest_route=\/wp\/v2\/types\/page"}],"author":[{"embeddable":true,"href":"https:\/\/www.liecivebyliny.eu\/index.php?rest_route=\/wp\/v2\/users\/1"}],"replies":[{"embeddable":true,"href":"https:\/\/www.liecivebyliny.eu\/index.php?rest_route=%2Fwp%2Fv2%2Fcomments&post=220"}],"version-history":[{"count":1,"href":"https:\/\/www.liecivebyliny.eu\/index.php?rest_route=\/wp\/v2\/pages\/220\/revisions"}],"predecessor-version":[{"id":224,"href":"https:\/\/www.liecivebyliny.eu\/index.php?rest_route=\/wp\/v2\/pages\/220\/revisions\/224"}],"wp:attachment":[{"href":"https:\/\/www.liecivebyliny.eu\/index.php?rest_route=%2Fwp%2Fv2%2Fmedia&parent=220"}],"curies":[{"name":"wp","href":"https:\/\/api.w.org\/{rel}","templated":true}]}}