{"id":269,"date":"2023-12-23T18:10:57","date_gmt":"2023-12-23T17:10:57","guid":{"rendered":"https:\/\/www.liecivebyliny.eu\/?page_id=269"},"modified":"2024-01-01T20:20:09","modified_gmt":"2024-01-01T19:20:09","slug":"matricaria-recucita-l-syn-chamomilla-recutita","status":"publish","type":"page","link":"https:\/\/www.liecivebyliny.eu\/?page_id=269","title":{"rendered":"Matricaria recucita\u00a0L. syn.\u00a0Chamomilla recutita"},"content":{"rendered":"<div class=\"wp-block-image\">\n<figure class=\"aligncenter size-full\"><img decoding=\"async\" loading=\"lazy\" width=\"248\" height=\"312\" src=\"https:\/\/www.liecivebyliny.eu\/wp-content\/uploads\/2023\/12\/image-25.jpeg\" alt=\"\" class=\"wp-image-270\" srcset=\"https:\/\/www.liecivebyliny.eu\/wp-content\/uploads\/2023\/12\/image-25.jpeg 248w, https:\/\/www.liecivebyliny.eu\/wp-content\/uploads\/2023\/12\/image-25-238x300.jpeg 238w\" sizes=\"(max-width: 248px) 100vw, 248px\" \/><figcaption class=\"wp-element-caption\">Ruman\u010dek kamilkov\u00fd<\/figcaption><\/figure><\/div>\n\n\n<p><strong>Slovensk\u00fd n\u00e1zov:&nbsp;<\/strong>ruman\u010dek kamilkov\u00fd<\/p>\n\n\n\n<p><strong>Anglick\u00fd n\u00e1zov:<\/strong>&nbsp;Wild chamomile<strong><\/strong><\/p>\n\n\n\n<p><strong>\u010cesk\u00fd n\u00e1zov:<\/strong>&nbsp;he\u0159m\u00e1nek prav\u00fd<\/p>\n\n\n\n<p><strong>\u013dudov\u00e9 n\u00e1zvy:<\/strong>&nbsp;harman\u010dek, ruman\u010dek, kamilky<\/p>\n\n\n\n<p><strong>\u010ce\u013ea\u010f:<\/strong>&nbsp;<em>Asteraceae&nbsp;<\/em>(astrovit\u00e9)<\/p>\n\n\n\n<p><strong>Botanick\u00e1 charakteristika:<\/strong>&nbsp;Jednoro\u010dn\u00e1 bylina, vysok\u00e1 20 \u2013 40 cm, s&nbsp;rozkon\u00e1renou stonkou. Listy s\u00fa dva a\u017e&nbsp;trikr\u00e1t perovito strihan\u00e9. Kvetn\u00e9 \u00fabory sa skladaj\u00fa z&nbsp;bielych okrajov\u00fdch jazykovit\u00fdch sami\u010d\u00edch kvetov a&nbsp;vn\u00fatorn\u00fdch \u017elt\u00fdch obojpohlavn\u00fdch kvetov. Kvetn\u00e9 l\u00f4\u017eko je dut\u00e9. Plodom je na\u017eka.<\/p>\n\n\n\n<p><strong>Mikroskopick\u00fd n\u00e1kres:<\/strong><\/p>\n\n\n<div class=\"wp-block-image\">\n<figure class=\"aligncenter size-full\"><img decoding=\"async\" loading=\"lazy\" width=\"550\" height=\"200\" src=\"https:\/\/www.liecivebyliny.eu\/wp-content\/uploads\/2023\/12\/image-30.png\" alt=\"\" class=\"wp-image-271\" srcset=\"https:\/\/www.liecivebyliny.eu\/wp-content\/uploads\/2023\/12\/image-30.png 550w, https:\/\/www.liecivebyliny.eu\/wp-content\/uploads\/2023\/12\/image-30-300x109.png 300w\" sizes=\"(max-width: 550px) 100vw, 550px\" \/><figcaption class=\"wp-element-caption\"><em>N\u00e1kres zobrazuje mikroskopick\u00fa \u0161trukt\u00faru vn\u00fatornej (a) a&nbsp;vonkaj\u0161ej (b) poko\u017eky korunn\u00e9ho lupienka ruman\u010deka kamilkov\u00e9ho<\/em>.<\/figcaption><\/figure><\/div>\n\n<div class=\"wp-block-image\">\n<figure class=\"aligncenter size-full is-resized\"><img decoding=\"async\" loading=\"lazy\" src=\"https:\/\/www.liecivebyliny.eu\/wp-content\/uploads\/2024\/01\/Matricariae-100x.jpg\" alt=\"\" class=\"wp-image-918\" width=\"455\" height=\"341\" srcset=\"https:\/\/www.liecivebyliny.eu\/wp-content\/uploads\/2024\/01\/Matricariae-100x.jpg 640w, https:\/\/www.liecivebyliny.eu\/wp-content\/uploads\/2024\/01\/Matricariae-100x-300x225.jpg 300w\" sizes=\"(max-width: 455px) 100vw, 455px\" \/><figcaption class=\"wp-element-caption\">Poko\u017eka korunn\u00e9ho lupienka (zv\u00e4\u010d\u0161en\u00e9 100x)<\/figcaption><\/figure><\/div>\n\n\n<p><\/p>\n\n\n\n<p><strong>Roz\u0161\u00edrenie:&nbsp;<\/strong>Rastie&nbsp;na l\u00fakach, pasienkoch, poliach, pri okrajoch ciest, priekop\u00e1ch.<\/p>\n\n\n\n<p><strong>Droga:<\/strong>&nbsp;<em>Matricariae flos<\/em><\/p>\n\n\n\n<p><strong>Sp\u00f4sob zberu:<\/strong>&nbsp;Kvetn\u00e9 \u00fabory sa zbieraj\u00fa za such\u00e9ho po\u010dasia, v&nbsp;dopolud\u0148aj\u0161\u00edch hodin\u00e1ch, postupne. Biele jazykovit\u00e9 kvety musia by\u0165 v horizont\u00e1lnej polohe a&nbsp;\u017elt\u00e1 r\u00farkovit\u00e1 koruna je&nbsp;n\u00edzka. \u010cerstvo pozbieran\u00e9 \u00fabory nesm\u00fa by\u0165 ulo\u017een\u00e9 viac ako dve hodiny vo vrstve 20 cm. Zber sa uskuto\u010d\u0148uje ru\u010dne alebo pomocou mechanizmov.<\/p>\n\n\n\n<p><strong>Su\u0161enie:<\/strong>&nbsp;Kvety ruman\u010deka kamilkov\u00e9ho zbaven\u00e9 pr\u00edmes\u00ed sa su\u0161ia prirodzen\u00fdm sp\u00f4sobom v&nbsp;tenkej vrstve v&nbsp;tmavej a vetrate\u013enej miestnosti. Umel\u00fdm sp\u00f4sobom v&nbsp;su\u0161iarni, kde teplota nesmie prekro\u010di\u0165 35 \u00b0C.&nbsp;<\/p>\n\n\n\n<p><strong>Obsahov\u00e9 l\u00e1tky:<\/strong>&nbsp;Ruman\u010dek kamilkov\u00fd patr\u00ed medzi sili\u010dn\u00e9 drogy. Zo sil\u00edc je dominantn\u00fd \u03b1\u2011bisabololoxid A, B, \u03b1-bisabolol pr\u00edpadne proazul\u00e9ny (napr. matric\u00edn), z&nbsp;ktor\u00fdch pri izol\u00e1cii silice destil\u00e1ciou vznikaj\u00fa azul\u00e9ny (napr. chamazul\u00e9n). K&nbsp;\u010fal\u0161\u00edm obsahov\u00fdm l\u00e1tkam rad\u00edme kumar\u00edny, flavonoidy ako apigen\u00edn a&nbsp;slizov\u00e9 l\u00e1tky polysacharidovej povahy.<\/p>\n\n\n\n<p><strong>Pou\u017eitie:<\/strong>&nbsp;P\u00f4sob\u00ed protiz\u00e1palovo, protik\u0155\u010dovo, podporuje horenie r\u00e1n a m\u00e1 antibakteri\u00e1lne \u00fa\u010dinky.<\/p>\n\n\n\n<p><strong>Tradi\u010dn\u00fd sp\u00f4sob pou\u017eitia v&nbsp;indik\u00e1ci\u00e1ch ur\u010den\u00fdch v\u00fdhradne na z\u00e1klade dlhodob\u00e9ho pou\u017e\u00edvania:<\/strong><\/p>\n\n\n\n<ul>\n<li>symptomatick\u00e1 lie\u010dba ochoren\u00ed tr\u00e1viaceho traktu, nad\u00favania a&nbsp;k\u0155\u010dov,<\/li>\n\n\n\n<li>zmiernenie pr\u00edznakov prechladnutia,<\/li>\n\n\n\n<li>podporn\u00e1 lie\u010dba z\u00e1palov \u00fastnej dutiny a&nbsp;hrdla,<\/li>\n\n\n\n<li>podporn\u00e1 lie\u010dba podr\u00e1\u017edenej ko\u017ee a&nbsp;slizn\u00edc v&nbsp;an\u00e1lnej a&nbsp;genit\u00e1lnej oblasti,<\/li>\n\n\n\n<li>podporn\u00e1 lie\u010dba povrchov\u00fdch r\u00e1n, z\u00e1palov ko\u017ee, vriedkov.<\/li>\n<\/ul>\n\n\n\n<p><strong>Vybran\u00e9 rastlinn\u00e9 pr\u00edpravky:<\/strong>&nbsp;AGROKARPATY BIO Ruman\u010dek bylinn\u00fd \u010daj 20&#215;1,5 g, MEGAFYT \u010cajov\u00e1 zmes pri tr\u00e1viacich \u0165a\u017ekostiach spc 20&#215;1,5 g, LEROS DETSK\u00dd \u010cAJ S&nbsp;RUMAN\u010cEKOM spc 1&#215;75 g, Gastritol peror\u00e1lne kvapky gtt por 20 ml, Calendula Cynarofit kvapky 25 ml, IQ MAG RELAX cps hor\u010d\u00edk, B6, medovka, mu\u010denka, harman\u010dek 30 ks, Ruman\u010dekov\u00e1 mas\u0165 50 ml.<\/p>\n","protected":false},"excerpt":{"rendered":"<p>Slovensk\u00fd n\u00e1zov:&nbsp;ruman\u010dek kamilkov\u00fd Anglick\u00fd n\u00e1zov:&nbsp;Wild chamomile \u010cesk\u00fd n\u00e1zov:&nbsp;he\u0159m\u00e1nek prav\u00fd \u013dudov\u00e9 n\u00e1zvy:&nbsp;harman\u010dek, ruman\u010dek, kamilky \u010ce\u013ea\u010f:&nbsp;Asteraceae&nbsp;(astrovit\u00e9) Botanick\u00e1 charakteristika:&nbsp;Jednoro\u010dn\u00e1 bylina, vysok\u00e1 20 \u2013 40 cm, s&nbsp;rozkon\u00e1renou stonkou. Listy s\u00fa dva a\u017e&nbsp;trikr\u00e1t perovito strihan\u00e9. Kvetn\u00e9 \u00fabory sa skladaj\u00fa z&nbsp;bielych okrajov\u00fdch jazykovit\u00fdch sami\u010d\u00edch kvetov a&nbsp;vn\u00fatorn\u00fdch \u017elt\u00fdch obojpohlavn\u00fdch kvetov. Kvetn\u00e9 l\u00f4\u017eko je dut\u00e9. Plodom je na\u017eka. Mikroskopick\u00fd n\u00e1kres: Roz\u0161\u00edrenie:&nbsp;Rastie&nbsp;na l\u00fakach, pasienkoch, [&hellip;]<\/p>\n","protected":false},"author":1,"featured_media":0,"parent":0,"menu_order":0,"comment_status":"closed","ping_status":"closed","template":"","meta":{"_mi_skip_tracking":false},"yoast_head":"<!-- This site is optimized with the Yoast SEO plugin v20.4 - https:\/\/yoast.com\/wordpress\/plugins\/seo\/ -->\n<title>Matricaria recucita\u00a0L. syn.\u00a0Chamomilla recutita - liecivebyliny.eu<\/title>\n<meta name=\"robots\" content=\"index, follow, max-snippet:-1, max-image-preview:large, max-video-preview:-1\" \/>\n<link rel=\"canonical\" href=\"https:\/\/www.liecivebyliny.eu\/?page_id=269\" \/>\n<meta property=\"og:locale\" content=\"sk_SK\" \/>\n<meta property=\"og:type\" content=\"article\" \/>\n<meta property=\"og:title\" content=\"Matricaria recucita\u00a0L. syn.\u00a0Chamomilla recutita - liecivebyliny.eu\" \/>\n<meta property=\"og:description\" content=\"Slovensk\u00fd n\u00e1zov:&nbsp;ruman\u010dek kamilkov\u00fd Anglick\u00fd n\u00e1zov:&nbsp;Wild chamomile \u010cesk\u00fd n\u00e1zov:&nbsp;he\u0159m\u00e1nek prav\u00fd \u013dudov\u00e9 n\u00e1zvy:&nbsp;harman\u010dek, ruman\u010dek, kamilky \u010ce\u013ea\u010f:&nbsp;Asteraceae&nbsp;(astrovit\u00e9) Botanick\u00e1 charakteristika:&nbsp;Jednoro\u010dn\u00e1 bylina, vysok\u00e1 20 \u2013 40 cm, s&nbsp;rozkon\u00e1renou stonkou. Listy s\u00fa dva a\u017e&nbsp;trikr\u00e1t perovito strihan\u00e9. Kvetn\u00e9 \u00fabory sa skladaj\u00fa z&nbsp;bielych okrajov\u00fdch jazykovit\u00fdch sami\u010d\u00edch kvetov a&nbsp;vn\u00fatorn\u00fdch \u017elt\u00fdch obojpohlavn\u00fdch kvetov. Kvetn\u00e9 l\u00f4\u017eko je dut\u00e9. Plodom je na\u017eka. Mikroskopick\u00fd n\u00e1kres: Roz\u0161\u00edrenie:&nbsp;Rastie&nbsp;na l\u00fakach, pasienkoch, [&hellip;]\" \/>\n<meta property=\"og:url\" content=\"https:\/\/www.liecivebyliny.eu\/?page_id=269\" \/>\n<meta property=\"og:site_name\" content=\"liecivebyliny.eu\" \/>\n<meta property=\"article:modified_time\" content=\"2024-01-01T19:20:09+00:00\" \/>\n<meta property=\"og:image\" content=\"https:\/\/www.liecivebyliny.eu\/wp-content\/uploads\/2023\/12\/image-25.jpeg\" \/>\n<meta name=\"twitter:card\" content=\"summary_large_image\" \/>\n<meta name=\"twitter:label1\" content=\"Predpokladan\u00fd \u010das \u010d\u00edtania\" \/>\n\t<meta name=\"twitter:data1\" content=\"3 min\u00faty\" \/>\n<script type=\"application\/ld+json\" class=\"yoast-schema-graph\">{\"@context\":\"https:\/\/schema.org\",\"@graph\":[{\"@type\":\"WebPage\",\"@id\":\"https:\/\/www.liecivebyliny.eu\/?page_id=269\",\"url\":\"https:\/\/www.liecivebyliny.eu\/?page_id=269\",\"name\":\"Matricaria recucita\u00a0L. syn.\u00a0Chamomilla recutita - liecivebyliny.eu\",\"isPartOf\":{\"@id\":\"https:\/\/www.liecivebyliny.eu\/#website\"},\"datePublished\":\"2023-12-23T17:10:57+00:00\",\"dateModified\":\"2024-01-01T19:20:09+00:00\",\"breadcrumb\":{\"@id\":\"https:\/\/www.liecivebyliny.eu\/?page_id=269#breadcrumb\"},\"inLanguage\":\"sk-SK\",\"potentialAction\":[{\"@type\":\"ReadAction\",\"target\":[\"https:\/\/www.liecivebyliny.eu\/?page_id=269\"]}]},{\"@type\":\"BreadcrumbList\",\"@id\":\"https:\/\/www.liecivebyliny.eu\/?page_id=269#breadcrumb\",\"itemListElement\":[{\"@type\":\"ListItem\",\"position\":1,\"name\":\"Home\",\"item\":\"https:\/\/www.liecivebyliny.eu\/\"},{\"@type\":\"ListItem\",\"position\":2,\"name\":\"Matricaria recucita\u00a0L. syn.\u00a0Chamomilla recutita\"}]},{\"@type\":\"WebSite\",\"@id\":\"https:\/\/www.liecivebyliny.eu\/#website\",\"url\":\"https:\/\/www.liecivebyliny.eu\/\",\"name\":\"liecivebyliny.eu\",\"description\":\"\",\"potentialAction\":[{\"@type\":\"SearchAction\",\"target\":{\"@type\":\"EntryPoint\",\"urlTemplate\":\"https:\/\/www.liecivebyliny.eu\/?s={search_term_string}\"},\"query-input\":\"required name=search_term_string\"}],\"inLanguage\":\"sk-SK\"}]}<\/script>\n<!-- \/ Yoast SEO plugin. -->","yoast_head_json":{"title":"Matricaria recucita\u00a0L. syn.\u00a0Chamomilla recutita - liecivebyliny.eu","robots":{"index":"index","follow":"follow","max-snippet":"max-snippet:-1","max-image-preview":"max-image-preview:large","max-video-preview":"max-video-preview:-1"},"canonical":"https:\/\/www.liecivebyliny.eu\/?page_id=269","og_locale":"sk_SK","og_type":"article","og_title":"Matricaria recucita\u00a0L. syn.\u00a0Chamomilla recutita - liecivebyliny.eu","og_description":"Slovensk\u00fd n\u00e1zov:&nbsp;ruman\u010dek kamilkov\u00fd Anglick\u00fd n\u00e1zov:&nbsp;Wild chamomile \u010cesk\u00fd n\u00e1zov:&nbsp;he\u0159m\u00e1nek prav\u00fd \u013dudov\u00e9 n\u00e1zvy:&nbsp;harman\u010dek, ruman\u010dek, kamilky \u010ce\u013ea\u010f:&nbsp;Asteraceae&nbsp;(astrovit\u00e9) Botanick\u00e1 charakteristika:&nbsp;Jednoro\u010dn\u00e1 bylina, vysok\u00e1 20 \u2013 40 cm, s&nbsp;rozkon\u00e1renou stonkou. Listy s\u00fa dva a\u017e&nbsp;trikr\u00e1t perovito strihan\u00e9. Kvetn\u00e9 \u00fabory sa skladaj\u00fa z&nbsp;bielych okrajov\u00fdch jazykovit\u00fdch sami\u010d\u00edch kvetov a&nbsp;vn\u00fatorn\u00fdch \u017elt\u00fdch obojpohlavn\u00fdch kvetov. Kvetn\u00e9 l\u00f4\u017eko je dut\u00e9. Plodom je na\u017eka. Mikroskopick\u00fd n\u00e1kres: Roz\u0161\u00edrenie:&nbsp;Rastie&nbsp;na l\u00fakach, pasienkoch, [&hellip;]","og_url":"https:\/\/www.liecivebyliny.eu\/?page_id=269","og_site_name":"liecivebyliny.eu","article_modified_time":"2024-01-01T19:20:09+00:00","og_image":[{"url":"https:\/\/www.liecivebyliny.eu\/wp-content\/uploads\/2023\/12\/image-25.jpeg"}],"twitter_card":"summary_large_image","twitter_misc":{"Predpokladan\u00fd \u010das \u010d\u00edtania":"3 min\u00faty"},"schema":{"@context":"https:\/\/schema.org","@graph":[{"@type":"WebPage","@id":"https:\/\/www.liecivebyliny.eu\/?page_id=269","url":"https:\/\/www.liecivebyliny.eu\/?page_id=269","name":"Matricaria recucita\u00a0L. syn.\u00a0Chamomilla recutita - liecivebyliny.eu","isPartOf":{"@id":"https:\/\/www.liecivebyliny.eu\/#website"},"datePublished":"2023-12-23T17:10:57+00:00","dateModified":"2024-01-01T19:20:09+00:00","breadcrumb":{"@id":"https:\/\/www.liecivebyliny.eu\/?page_id=269#breadcrumb"},"inLanguage":"sk-SK","potentialAction":[{"@type":"ReadAction","target":["https:\/\/www.liecivebyliny.eu\/?page_id=269"]}]},{"@type":"BreadcrumbList","@id":"https:\/\/www.liecivebyliny.eu\/?page_id=269#breadcrumb","itemListElement":[{"@type":"ListItem","position":1,"name":"Home","item":"https:\/\/www.liecivebyliny.eu\/"},{"@type":"ListItem","position":2,"name":"Matricaria recucita\u00a0L. syn.\u00a0Chamomilla recutita"}]},{"@type":"WebSite","@id":"https:\/\/www.liecivebyliny.eu\/#website","url":"https:\/\/www.liecivebyliny.eu\/","name":"liecivebyliny.eu","description":"","potentialAction":[{"@type":"SearchAction","target":{"@type":"EntryPoint","urlTemplate":"https:\/\/www.liecivebyliny.eu\/?s={search_term_string}"},"query-input":"required name=search_term_string"}],"inLanguage":"sk-SK"}]}},"_links":{"self":[{"href":"https:\/\/www.liecivebyliny.eu\/index.php?rest_route=\/wp\/v2\/pages\/269"}],"collection":[{"href":"https:\/\/www.liecivebyliny.eu\/index.php?rest_route=\/wp\/v2\/pages"}],"about":[{"href":"https:\/\/www.liecivebyliny.eu\/index.php?rest_route=\/wp\/v2\/types\/page"}],"author":[{"embeddable":true,"href":"https:\/\/www.liecivebyliny.eu\/index.php?rest_route=\/wp\/v2\/users\/1"}],"replies":[{"embeddable":true,"href":"https:\/\/www.liecivebyliny.eu\/index.php?rest_route=%2Fwp%2Fv2%2Fcomments&post=269"}],"version-history":[{"count":2,"href":"https:\/\/www.liecivebyliny.eu\/index.php?rest_route=\/wp\/v2\/pages\/269\/revisions"}],"predecessor-version":[{"id":919,"href":"https:\/\/www.liecivebyliny.eu\/index.php?rest_route=\/wp\/v2\/pages\/269\/revisions\/919"}],"wp:attachment":[{"href":"https:\/\/www.liecivebyliny.eu\/index.php?rest_route=%2Fwp%2Fv2%2Fmedia&parent=269"}],"curies":[{"name":"wp","href":"https:\/\/api.w.org\/{rel}","templated":true}]}}