{"id":372,"date":"2023-12-23T19:03:43","date_gmt":"2023-12-23T18:03:43","guid":{"rendered":"https:\/\/www.liecivebyliny.eu\/?page_id=372"},"modified":"2023-12-23T19:03:44","modified_gmt":"2023-12-23T18:03:44","slug":"symphytum-officinale-l","status":"publish","type":"page","link":"https:\/\/www.liecivebyliny.eu\/?page_id=372","title":{"rendered":"<em>Symphytum officinale<\/em>&nbsp;L."},"content":{"rendered":"<div class=\"wp-block-image\">\n<figure class=\"aligncenter size-full\"><img decoding=\"async\" loading=\"lazy\" width=\"254\" height=\"364\" src=\"https:\/\/www.liecivebyliny.eu\/wp-content\/uploads\/2023\/12\/image-41.jpeg\" alt=\"\" class=\"wp-image-373\" srcset=\"https:\/\/www.liecivebyliny.eu\/wp-content\/uploads\/2023\/12\/image-41.jpeg 254w, https:\/\/www.liecivebyliny.eu\/wp-content\/uploads\/2023\/12\/image-41-209x300.jpeg 209w\" sizes=\"(max-width: 254px) 100vw, 254px\" \/><figcaption class=\"wp-element-caption\">Kostihoj lek\u00e1rsky<\/figcaption><\/figure><\/div>\n\n\n<p><strong>Slovensk\u00fd n\u00e1zov:\u00a0<\/strong>kostihoj lek\u00e1rsky<\/p>\n\n\n\n<p><strong>Anglick\u00fd n\u00e1zov:<\/strong>&nbsp;Comfrey<\/p>\n\n\n\n<p><strong>\u010cesk\u00fd n\u00e1zov:<\/strong>&nbsp;kostival l\u00e9ka\u0159sk\u00fd<\/p>\n\n\n\n<p><strong>\u013dudov\u00e9 n\u00e1zvy:<\/strong>&nbsp;dobr\u00fd kore\u0148, medunica, trudovn\u00edk<\/p>\n\n\n\n<p><strong>\u010ce\u013ea\u010f:&nbsp;<\/strong><em>Boraginaceae&nbsp;<\/em>(bor\u00e1kovit\u00e9)<\/p>\n\n\n\n<p><strong>Botanick\u00e1 charakteristika:<\/strong>&nbsp;Trv\u00e1ca bylina, vysok\u00e1 40 \u2013 80 cm, s&nbsp;priamou, chlpatou stonkou. Podzemok je kr\u00e1tky, valcovit\u00fd. Listy s\u00fa striedav\u00e9, doln\u00e9 vajcovit\u00e9, horn\u00e9 kopijovit\u00e9, chlpat\u00e9, na konci z\u00fa\u017een\u00e9. P\u00e4\u0165po\u010detn\u00e9, modrofialov\u00e9 kvety s\u00fa kr\u00e1tke a&nbsp;vyrastaj\u00fa v&nbsp;dvojramenn\u00fdch vrchol\u00edkoch. Plodom s\u00fa tvrdky.<\/p>\n\n\n\n<p><strong>Mikroskopick\u00fd n\u00e1kres:<\/strong><\/p>\n\n\n<div class=\"wp-block-image\">\n<figure class=\"aligncenter size-full\"><img decoding=\"async\" loading=\"lazy\" width=\"330\" height=\"304\" src=\"https:\/\/www.liecivebyliny.eu\/wp-content\/uploads\/2023\/12\/image-45.png\" alt=\"\" class=\"wp-image-374\" srcset=\"https:\/\/www.liecivebyliny.eu\/wp-content\/uploads\/2023\/12\/image-45.png 330w, https:\/\/www.liecivebyliny.eu\/wp-content\/uploads\/2023\/12\/image-45-300x276.png 300w\" sizes=\"(max-width: 330px) 100vw, 330px\" \/><figcaption class=\"wp-element-caption\"><em>N\u00e1kres zobrazuje prie\u010dny rez kore\u0148om kostihoja lek\u00e1rskeho. Na povrchu prepar\u00e1tu je poko\u017eka (a), pod ktorou sa nach\u00e1dza parench\u00fdm so \u0161krobom (b). V\u00a0strednej \u010dasti prepar\u00e1tu je endoderma (c) a pod \u0148ou s\u00fa umiestnen\u00e9 cievne zv\u00e4zky (d).<\/em><\/figcaption><\/figure><\/div>\n\n\n<p><\/p>\n\n\n\n<p><strong>Roz\u0161\u00edrenie:<\/strong>&nbsp;Rastie pri potokoch, vlhk\u00fdch l\u00fakach, v&nbsp;priekop\u00e1ch.<\/p>\n\n\n\n<p><strong>Droga:<\/strong>\u00a0<em>Symphyti radix<\/em><\/p>\n\n\n\n<p><strong>Sp\u00f4sob zberu:&nbsp;<\/strong>Zber&nbsp;kore\u0148a sa realizuje na jese\u0148 druh\u00e9ho roku vegeta\u010dn\u00e9ho obdobia vyr\u00fd\u013eovan\u00edm. Po o\u010disten\u00ed a&nbsp;umyt\u00ed sa pozd\u013a\u017ene rozre\u017ee.<\/p>\n\n\n\n<p><strong>Su\u0161enie:<\/strong>&nbsp;Kore\u0148 sa su\u0161\u00ed v&nbsp;tieni. Pri umelom su\u0161en\u00ed pri teplote do 60 \u00b0C. Vysu\u0161en\u00fd kore\u0148 mus\u00ed by\u0165 z&nbsp;vn\u00fatra biely.&nbsp;<\/p>\n\n\n\n<p><strong>Obsahov\u00e9 l\u00e1tky:<\/strong>&nbsp;V&nbsp;koreni je obsiahnut\u00fd pur\u00ednov\u00fd deriv\u00e1t alanto\u00edn, alkaloidy konsolid\u00edn, liziokarp\u00edn a&nbsp;cynogloz\u00edn. Droga disponuje ve\u013ek\u00fdm mno\u017estvo \u0161krobu, trieslov\u00edn a&nbsp;slizov.<\/p>\n\n\n\n<p><strong>Pou\u017eitie:<\/strong>&nbsp;Droga \u00fa\u010dinkuje protiz\u00e1palovo a&nbsp;podporuje regener\u00e1ciu tkan\u00edv. Sl\u00fa\u017ei k vonkaj\u0161ej aplik\u00e1cii pri vyk\u013aben\u00ed, pri bolestiach po poranen\u00ed kost\u00ed, svalov a&nbsp;nervov. Pre obsah toxick\u00fdch alkaloidov sa droga neu\u017e\u00edva vn\u00fatorne.<\/p>\n\n\n\n<p><strong>Tradi\u010dn\u00fd sp\u00f4sob pou\u017eitia v&nbsp;indik\u00e1ci\u00e1ch ur\u010den\u00fdch v\u00fdhradne na z\u00e1klade dlhodob\u00e9ho pou\u017e\u00edvania:<\/strong><\/p>\n\n\n\n<ul>\n<li>symptomatick\u00e1 lie\u010dba men\u0161\u00edch podvrtnut\u00ed a&nbsp;modr\u00edn.<\/li>\n<\/ul>\n\n\n\n<p><strong>Vybran\u00e9 rastlinn\u00e9 pr\u00edpravky:&nbsp;<\/strong>AGROKARPATY&nbsp;KOSTIHOJ LEK\u00c1RSKY kore\u0148 bylinn\u00fd \u010daj 1&#215;30 g, J.V. KVAPKY &#8211; REUM na funkciu k\u013abov 50 ml, Pr\u00edr. farm\u00e1cia KOSTIHOJOV\u00c1 TINKT\u00daRA 100 ml, DR. POPOV MAS\u0164 KOSTIHOJOV\u00c1 100 ml, NATURQuelle KOSTIHOJOV\u00dd G\u00c9L 200 ml, Jadon GEL ICE Profi chladiv\u00fd g\u00e9l s kostihojom, mentolom a CBD 1000 g.<\/p>\n","protected":false},"excerpt":{"rendered":"<p>Slovensk\u00fd n\u00e1zov:\u00a0kostihoj lek\u00e1rsky Anglick\u00fd n\u00e1zov:&nbsp;Comfrey \u010cesk\u00fd n\u00e1zov:&nbsp;kostival l\u00e9ka\u0159sk\u00fd \u013dudov\u00e9 n\u00e1zvy:&nbsp;dobr\u00fd kore\u0148, medunica, trudovn\u00edk \u010ce\u013ea\u010f:&nbsp;Boraginaceae&nbsp;(bor\u00e1kovit\u00e9) Botanick\u00e1 charakteristika:&nbsp;Trv\u00e1ca bylina, vysok\u00e1 40 \u2013 80 cm, s&nbsp;priamou, chlpatou stonkou. Podzemok je kr\u00e1tky, valcovit\u00fd. Listy s\u00fa striedav\u00e9, doln\u00e9 vajcovit\u00e9, horn\u00e9 kopijovit\u00e9, chlpat\u00e9, na konci z\u00fa\u017een\u00e9. P\u00e4\u0165po\u010detn\u00e9, modrofialov\u00e9 kvety s\u00fa kr\u00e1tke a&nbsp;vyrastaj\u00fa v&nbsp;dvojramenn\u00fdch vrchol\u00edkoch. Plodom s\u00fa tvrdky. Mikroskopick\u00fd n\u00e1kres: Roz\u0161\u00edrenie:&nbsp;Rastie pri [&hellip;]<\/p>\n","protected":false},"author":1,"featured_media":0,"parent":0,"menu_order":0,"comment_status":"closed","ping_status":"closed","template":"","meta":{"_mi_skip_tracking":false},"yoast_head":"<!-- This site is optimized with the Yoast SEO plugin v20.4 - https:\/\/yoast.com\/wordpress\/plugins\/seo\/ -->\n<title>Symphytum officinale&nbsp;L. - liecivebyliny.eu<\/title>\n<meta name=\"robots\" content=\"index, follow, max-snippet:-1, max-image-preview:large, max-video-preview:-1\" \/>\n<link rel=\"canonical\" href=\"https:\/\/www.liecivebyliny.eu\/?page_id=372\" \/>\n<meta property=\"og:locale\" content=\"sk_SK\" \/>\n<meta property=\"og:type\" content=\"article\" \/>\n<meta property=\"og:title\" content=\"Symphytum officinale&nbsp;L. - liecivebyliny.eu\" \/>\n<meta property=\"og:description\" content=\"Slovensk\u00fd n\u00e1zov:\u00a0kostihoj lek\u00e1rsky Anglick\u00fd n\u00e1zov:&nbsp;Comfrey \u010cesk\u00fd n\u00e1zov:&nbsp;kostival l\u00e9ka\u0159sk\u00fd \u013dudov\u00e9 n\u00e1zvy:&nbsp;dobr\u00fd kore\u0148, medunica, trudovn\u00edk \u010ce\u013ea\u010f:&nbsp;Boraginaceae&nbsp;(bor\u00e1kovit\u00e9) Botanick\u00e1 charakteristika:&nbsp;Trv\u00e1ca bylina, vysok\u00e1 40 \u2013 80 cm, s&nbsp;priamou, chlpatou stonkou. Podzemok je kr\u00e1tky, valcovit\u00fd. Listy s\u00fa striedav\u00e9, doln\u00e9 vajcovit\u00e9, horn\u00e9 kopijovit\u00e9, chlpat\u00e9, na konci z\u00fa\u017een\u00e9. P\u00e4\u0165po\u010detn\u00e9, modrofialov\u00e9 kvety s\u00fa kr\u00e1tke a&nbsp;vyrastaj\u00fa v&nbsp;dvojramenn\u00fdch vrchol\u00edkoch. Plodom s\u00fa tvrdky. Mikroskopick\u00fd n\u00e1kres: Roz\u0161\u00edrenie:&nbsp;Rastie pri [&hellip;]\" \/>\n<meta property=\"og:url\" content=\"https:\/\/www.liecivebyliny.eu\/?page_id=372\" \/>\n<meta property=\"og:site_name\" content=\"liecivebyliny.eu\" \/>\n<meta property=\"article:modified_time\" content=\"2023-12-23T18:03:44+00:00\" \/>\n<meta property=\"og:image\" content=\"https:\/\/www.liecivebyliny.eu\/wp-content\/uploads\/2023\/12\/image-41.jpeg\" \/>\n<meta name=\"twitter:card\" content=\"summary_large_image\" \/>\n<meta name=\"twitter:label1\" content=\"Predpokladan\u00fd \u010das \u010d\u00edtania\" \/>\n\t<meta name=\"twitter:data1\" content=\"2 min\u00faty\" \/>\n<script type=\"application\/ld+json\" class=\"yoast-schema-graph\">{\"@context\":\"https:\/\/schema.org\",\"@graph\":[{\"@type\":\"WebPage\",\"@id\":\"https:\/\/www.liecivebyliny.eu\/?page_id=372\",\"url\":\"https:\/\/www.liecivebyliny.eu\/?page_id=372\",\"name\":\"Symphytum officinale&nbsp;L. - liecivebyliny.eu\",\"isPartOf\":{\"@id\":\"https:\/\/www.liecivebyliny.eu\/#website\"},\"datePublished\":\"2023-12-23T18:03:43+00:00\",\"dateModified\":\"2023-12-23T18:03:44+00:00\",\"breadcrumb\":{\"@id\":\"https:\/\/www.liecivebyliny.eu\/?page_id=372#breadcrumb\"},\"inLanguage\":\"sk-SK\",\"potentialAction\":[{\"@type\":\"ReadAction\",\"target\":[\"https:\/\/www.liecivebyliny.eu\/?page_id=372\"]}]},{\"@type\":\"BreadcrumbList\",\"@id\":\"https:\/\/www.liecivebyliny.eu\/?page_id=372#breadcrumb\",\"itemListElement\":[{\"@type\":\"ListItem\",\"position\":1,\"name\":\"Home\",\"item\":\"https:\/\/www.liecivebyliny.eu\/\"},{\"@type\":\"ListItem\",\"position\":2,\"name\":\"Symphytum officinale&nbsp;L.\"}]},{\"@type\":\"WebSite\",\"@id\":\"https:\/\/www.liecivebyliny.eu\/#website\",\"url\":\"https:\/\/www.liecivebyliny.eu\/\",\"name\":\"liecivebyliny.eu\",\"description\":\"\",\"potentialAction\":[{\"@type\":\"SearchAction\",\"target\":{\"@type\":\"EntryPoint\",\"urlTemplate\":\"https:\/\/www.liecivebyliny.eu\/?s={search_term_string}\"},\"query-input\":\"required name=search_term_string\"}],\"inLanguage\":\"sk-SK\"}]}<\/script>\n<!-- \/ Yoast SEO plugin. -->","yoast_head_json":{"title":"Symphytum officinale&nbsp;L. - liecivebyliny.eu","robots":{"index":"index","follow":"follow","max-snippet":"max-snippet:-1","max-image-preview":"max-image-preview:large","max-video-preview":"max-video-preview:-1"},"canonical":"https:\/\/www.liecivebyliny.eu\/?page_id=372","og_locale":"sk_SK","og_type":"article","og_title":"Symphytum officinale&nbsp;L. - liecivebyliny.eu","og_description":"Slovensk\u00fd n\u00e1zov:\u00a0kostihoj lek\u00e1rsky Anglick\u00fd n\u00e1zov:&nbsp;Comfrey \u010cesk\u00fd n\u00e1zov:&nbsp;kostival l\u00e9ka\u0159sk\u00fd \u013dudov\u00e9 n\u00e1zvy:&nbsp;dobr\u00fd kore\u0148, medunica, trudovn\u00edk \u010ce\u013ea\u010f:&nbsp;Boraginaceae&nbsp;(bor\u00e1kovit\u00e9) Botanick\u00e1 charakteristika:&nbsp;Trv\u00e1ca bylina, vysok\u00e1 40 \u2013 80 cm, s&nbsp;priamou, chlpatou stonkou. Podzemok je kr\u00e1tky, valcovit\u00fd. Listy s\u00fa striedav\u00e9, doln\u00e9 vajcovit\u00e9, horn\u00e9 kopijovit\u00e9, chlpat\u00e9, na konci z\u00fa\u017een\u00e9. P\u00e4\u0165po\u010detn\u00e9, modrofialov\u00e9 kvety s\u00fa kr\u00e1tke a&nbsp;vyrastaj\u00fa v&nbsp;dvojramenn\u00fdch vrchol\u00edkoch. Plodom s\u00fa tvrdky. Mikroskopick\u00fd n\u00e1kres: Roz\u0161\u00edrenie:&nbsp;Rastie pri [&hellip;]","og_url":"https:\/\/www.liecivebyliny.eu\/?page_id=372","og_site_name":"liecivebyliny.eu","article_modified_time":"2023-12-23T18:03:44+00:00","og_image":[{"url":"https:\/\/www.liecivebyliny.eu\/wp-content\/uploads\/2023\/12\/image-41.jpeg"}],"twitter_card":"summary_large_image","twitter_misc":{"Predpokladan\u00fd \u010das \u010d\u00edtania":"2 min\u00faty"},"schema":{"@context":"https:\/\/schema.org","@graph":[{"@type":"WebPage","@id":"https:\/\/www.liecivebyliny.eu\/?page_id=372","url":"https:\/\/www.liecivebyliny.eu\/?page_id=372","name":"Symphytum officinale&nbsp;L. - liecivebyliny.eu","isPartOf":{"@id":"https:\/\/www.liecivebyliny.eu\/#website"},"datePublished":"2023-12-23T18:03:43+00:00","dateModified":"2023-12-23T18:03:44+00:00","breadcrumb":{"@id":"https:\/\/www.liecivebyliny.eu\/?page_id=372#breadcrumb"},"inLanguage":"sk-SK","potentialAction":[{"@type":"ReadAction","target":["https:\/\/www.liecivebyliny.eu\/?page_id=372"]}]},{"@type":"BreadcrumbList","@id":"https:\/\/www.liecivebyliny.eu\/?page_id=372#breadcrumb","itemListElement":[{"@type":"ListItem","position":1,"name":"Home","item":"https:\/\/www.liecivebyliny.eu\/"},{"@type":"ListItem","position":2,"name":"Symphytum officinale&nbsp;L."}]},{"@type":"WebSite","@id":"https:\/\/www.liecivebyliny.eu\/#website","url":"https:\/\/www.liecivebyliny.eu\/","name":"liecivebyliny.eu","description":"","potentialAction":[{"@type":"SearchAction","target":{"@type":"EntryPoint","urlTemplate":"https:\/\/www.liecivebyliny.eu\/?s={search_term_string}"},"query-input":"required name=search_term_string"}],"inLanguage":"sk-SK"}]}},"_links":{"self":[{"href":"https:\/\/www.liecivebyliny.eu\/index.php?rest_route=\/wp\/v2\/pages\/372"}],"collection":[{"href":"https:\/\/www.liecivebyliny.eu\/index.php?rest_route=\/wp\/v2\/pages"}],"about":[{"href":"https:\/\/www.liecivebyliny.eu\/index.php?rest_route=\/wp\/v2\/types\/page"}],"author":[{"embeddable":true,"href":"https:\/\/www.liecivebyliny.eu\/index.php?rest_route=\/wp\/v2\/users\/1"}],"replies":[{"embeddable":true,"href":"https:\/\/www.liecivebyliny.eu\/index.php?rest_route=%2Fwp%2Fv2%2Fcomments&post=372"}],"version-history":[{"count":1,"href":"https:\/\/www.liecivebyliny.eu\/index.php?rest_route=\/wp\/v2\/pages\/372\/revisions"}],"predecessor-version":[{"id":375,"href":"https:\/\/www.liecivebyliny.eu\/index.php?rest_route=\/wp\/v2\/pages\/372\/revisions\/375"}],"wp:attachment":[{"href":"https:\/\/www.liecivebyliny.eu\/index.php?rest_route=%2Fwp%2Fv2%2Fmedia&parent=372"}],"curies":[{"name":"wp","href":"https:\/\/api.w.org\/{rel}","templated":true}]}}