{"id":379,"date":"2023-12-23T19:08:29","date_gmt":"2023-12-23T18:08:29","guid":{"rendered":"https:\/\/www.liecivebyliny.eu\/?page_id=379"},"modified":"2024-01-01T20:11:21","modified_gmt":"2024-01-01T19:11:21","slug":"taraxacum-officinale-f-h-wigg","status":"publish","type":"page","link":"https:\/\/www.liecivebyliny.eu\/?page_id=379","title":{"rendered":"<em>Taraxacum officinale<\/em>&nbsp;F.H.Wigg."},"content":{"rendered":"<div class=\"wp-block-image\">\n<figure class=\"aligncenter size-full\"><img decoding=\"async\" loading=\"lazy\" width=\"254\" height=\"342\" src=\"https:\/\/www.liecivebyliny.eu\/wp-content\/uploads\/2023\/12\/image-42.jpeg\" alt=\"\" class=\"wp-image-380\" srcset=\"https:\/\/www.liecivebyliny.eu\/wp-content\/uploads\/2023\/12\/image-42.jpeg 254w, https:\/\/www.liecivebyliny.eu\/wp-content\/uploads\/2023\/12\/image-42-223x300.jpeg 223w\" sizes=\"(max-width: 254px) 100vw, 254px\" \/><figcaption class=\"wp-element-caption\">P\u00fapava lek\u00e1rska<\/figcaption><\/figure><\/div>\n\n\n<p><strong>Slovensk\u00fd n\u00e1zov:&nbsp;<\/strong>p\u00fapava lek\u00e1rska<\/p>\n\n\n\n<p><strong>Anglick\u00fd n\u00e1zov:<\/strong>&nbsp;Common dandelion<\/p>\n\n\n\n<p><strong>\u010cesk\u00fd n\u00e1zov:<\/strong>&nbsp;pampeli\u0161ka l\u00e9ka\u0159sk\u00e1, smet\u00e1nka l\u00e9ka\u0159sk\u00e1<\/p>\n\n\n\n<p><strong>\u013dudov\u00e9 n\u00e1zvy:<\/strong>&nbsp;pampeli\u0161ka, p\u00fapava l\u00fa\u010dna, smot\u00e1nka<\/p>\n\n\n\n<p><strong>\u010ce\u013ea\u010f:<\/strong>&nbsp;<em>Asteraceaea&nbsp;<\/em>(astrovit\u00e9)<\/p>\n\n\n\n<p><strong>Botanick\u00e1 charakteristika:<\/strong>&nbsp;Trv\u00e1ca bylina, vysok\u00e1 10 \u2013 20 cm. Kore\u0148 je vretenovit\u00fd,&nbsp;du\u017einat\u00fd, mlie\u010dny. Listy tvoria pr\u00edzemn\u00fa ru\u017eicu, s\u00fa perovito dielne, celistvo-okrajov\u00e9 a&nbsp;riedko z\u00fabkat\u00e9. Stonka je dut\u00e1, valcovit\u00e1, na vrchole je kvetn\u00fd \u00fabor \u017elt\u00fdch jazykovit\u00fdch kvetov. Plodom je na\u017eka s&nbsp;chocholcom.<\/p>\n\n\n\n<p><strong>Mikroskopick\u00fd n\u00e1kres:<\/strong><\/p>\n\n\n<div class=\"wp-block-image\">\n<figure class=\"aligncenter size-full\"><img decoding=\"async\" loading=\"lazy\" width=\"320\" height=\"316\" src=\"https:\/\/www.liecivebyliny.eu\/wp-content\/uploads\/2023\/12\/image-47.png\" alt=\"\" class=\"wp-image-382\" srcset=\"https:\/\/www.liecivebyliny.eu\/wp-content\/uploads\/2023\/12\/image-47.png 320w, https:\/\/www.liecivebyliny.eu\/wp-content\/uploads\/2023\/12\/image-47-300x296.png 300w\" sizes=\"(max-width: 320px) 100vw, 320px\" \/><figcaption class=\"wp-element-caption\"><em>N\u00e1kres zobrazuje prie\u010dny rez kore\u0148om. Na povrchu prepar\u00e1tu sa nach\u00e1dza korok (a). V&nbsp;prim\u00e1rnej k\u00f4re s\u00fa lokalizovan\u00e9 mlie\u010dnice (b), ktor\u00e9 prepar\u00e1tu dod\u00e1vaj\u00fa \u201evrstevnat\u00fd\u201c vzh\u013ead. V&nbsp;strede prepar\u00e1tu m\u00f4\u017eeme pozorova\u0165 kambium (c) a&nbsp;pod n\u00edm cievy (d).<\/em><\/figcaption><\/figure><\/div>\n\n<div class=\"wp-block-image\">\n<figure class=\"aligncenter size-full is-resized\"><img decoding=\"async\" src=\"https:\/\/www.liecivebyliny.eu\/wp-content\/uploads\/2024\/01\/Taraxaci-radix40x-edited.jpg\" alt=\"\" class=\"wp-image-908\" width=\"387\" srcset=\"https:\/\/www.liecivebyliny.eu\/wp-content\/uploads\/2024\/01\/Taraxaci-radix40x-edited.jpg 572w, https:\/\/www.liecivebyliny.eu\/wp-content\/uploads\/2024\/01\/Taraxaci-radix40x-edited-300x225.jpg 300w\" sizes=\"(max-width: 572px) 100vw, 572px\" \/><figcaption class=\"wp-element-caption\">Prie\u010dny rez kore\u0148om p\u00fapavy (zv\u00e4\u010d\u0161en\u00e9 40x)<\/figcaption><\/figure><\/div>\n\n\n<p><\/p>\n\n\n\n<p><strong>Roz\u0161\u00edrenie:<\/strong>&nbsp;Rastie na l\u00fakach, pasienkoch, poliach, z\u00e1hrad\u00e1ch, okrajoch ciest. Roz\u0161\u00edren\u00e1 od n\u00ed\u017ein po podhorsk\u00e9 p\u00e1smo.<\/p>\n\n\n\n<p><strong>Droga:<\/strong>&nbsp;<em>Taraxaci officinalis radix, Taraxaci radix cum herba<\/em><\/p>\n\n\n\n<p><strong>Sp\u00f4sob zberu:&nbsp;<\/strong>Kore\u0148&nbsp;sa zbiera od apr\u00edla do m\u00e1ja vyr\u00fd\u013eovan\u00edm, bez po\u0161kodenia. Kore\u0148 s&nbsp;v\u0148a\u0165ou sa zbiera pred rozkvitnut\u00edm vykop\u00e1van\u00edm.<\/p>\n\n\n\n<p><strong>Su\u0161enie:<\/strong>&nbsp;Kore\u0148 sa po o\u010disten\u00ed su\u0161\u00ed prirodzen\u00fdm sp\u00f4sobom v&nbsp;jednej vrstve, v&nbsp;tieni. Umel\u00fdm sp\u00f4sobom v&nbsp;su\u0161i\u010dke do 50 \u00b0C. Usu\u0161en\u00fd kore\u0148 sa pri ohnut\u00ed l\u00e1me a&nbsp;je bielej farby.&nbsp;<\/p>\n\n\n\n<p><strong>Obsahov\u00e9 l\u00e1tky:<\/strong>&nbsp;Droga obsahuje hor\u010diny zo skupiny eudesmanolidov a&nbsp;germakranolidov. Najzn\u00e1mej\u0161\u00edm germakranolidom je taraxac\u00edn. V&nbsp;koreni je obsiahnut\u00fd aj sliz, sacharidy, inul\u00edn (40 %), flavonoidy, steroly (taraxasterol) a soli drasl\u00edka.<\/p>\n\n\n\n<p><strong>Pou\u017eitie:<\/strong>&nbsp;Hor\u010diny obsiahnut\u00e9 v&nbsp;p\u00fapave lek\u00e1rskej podporuj\u00fa vylu\u010dovanie tr\u00e1viacich \u0161tiav, \u010d\u00edm stimuluj\u00fa tr\u00e1venie a&nbsp;zvy\u0161uj\u00fa chu\u0165 do jedla. Droga m\u00e1 mo\u010dopudn\u00e9 vlastnosti a&nbsp;ud\u00e1va sa, \u017ee napom\u00e1ha k&nbsp;zn\u00ed\u017eeniu hladiny krvn\u00e9ho cukru.<\/p>\n\n\n\n<p><strong>Tradi\u010dn\u00fd sp\u00f4sob pou\u017eitia v&nbsp;indik\u00e1ci\u00e1ch ur\u010den\u00fdch v\u00fdhradne na z\u00e1klade dlhodob\u00e9ho pou\u017e\u00edvania:<\/strong><\/p>\n\n\n\n<ul>\n<li>\u00fa\u013eava sympt\u00f3mov s\u00favisiacich s miernymi poruchami tr\u00e1venia, pocitom plnosti brucha, plynatos\u0165ou a&nbsp;pomal\u00fdm tr\u00e1ven\u00edm,<\/li>\n\n\n\n<li>podporn\u00e1 lie\u010dba pri do\u010dasnej strate chuti do jedla,<\/li>\n\n\n\n<li>zv\u00fd\u0161enie diur\u00e9zy pri ochoreniach mo\u010dov\u00fdch ciest.<\/li>\n<\/ul>\n\n\n\n<p><strong>Vybran\u00e9 rastlinn\u00e9 pr\u00edpravky:&nbsp;<\/strong>AGROKARPATY&nbsp;P\u00daPAVA LEK\u00c1RSKA list bylinn\u00fd \u010daj 1&#215;30 g, AGROKARPATY \u010cISTIACI \u010cAJ bylinn\u00fd \u010daj1x50 g, APOTHEKE BYLINN\u00dd \u010cAJ NA&nbsp;\u017dL\u010cN\u00cdK A SLINIVKU 20&#215;1,5 g, FYTO Bylinn\u00e1 zmes pri zv\u00fd\u0161enej kyseline mo\u010dovej 20&#215;1,25 g, Dr.Max Hladina cukru bylinn\u00e1 zmes, n\u00e1levov\u00e9 vrec\u00fa\u0161ka 20&#215;1,5 g, Astina LYMFEX cps 60 ks, Gastroval + cps 15 ks, Calendula Cynarofit kvapky 25 ml, Dr.Svatek SIRUP z byl\u00edn NA&nbsp;TR\u00c1VENIE 250 ml.<\/p>\n","protected":false},"excerpt":{"rendered":"<p>Slovensk\u00fd n\u00e1zov:&nbsp;p\u00fapava lek\u00e1rska Anglick\u00fd n\u00e1zov:&nbsp;Common dandelion \u010cesk\u00fd n\u00e1zov:&nbsp;pampeli\u0161ka l\u00e9ka\u0159sk\u00e1, smet\u00e1nka l\u00e9ka\u0159sk\u00e1 \u013dudov\u00e9 n\u00e1zvy:&nbsp;pampeli\u0161ka, p\u00fapava l\u00fa\u010dna, smot\u00e1nka \u010ce\u013ea\u010f:&nbsp;Asteraceaea&nbsp;(astrovit\u00e9) Botanick\u00e1 charakteristika:&nbsp;Trv\u00e1ca bylina, vysok\u00e1 10 \u2013 20 cm. Kore\u0148 je vretenovit\u00fd,&nbsp;du\u017einat\u00fd, mlie\u010dny. Listy tvoria pr\u00edzemn\u00fa ru\u017eicu, s\u00fa perovito dielne, celistvo-okrajov\u00e9 a&nbsp;riedko z\u00fabkat\u00e9. Stonka je dut\u00e1, valcovit\u00e1, na vrchole je kvetn\u00fd \u00fabor \u017elt\u00fdch jazykovit\u00fdch kvetov. Plodom je na\u017eka s&nbsp;chocholcom. [&hellip;]<\/p>\n","protected":false},"author":1,"featured_media":0,"parent":0,"menu_order":0,"comment_status":"closed","ping_status":"closed","template":"","meta":{"_mi_skip_tracking":false},"yoast_head":"<!-- This site is optimized with the Yoast SEO plugin v20.4 - https:\/\/yoast.com\/wordpress\/plugins\/seo\/ -->\n<title>Taraxacum officinale&nbsp;F.H.Wigg. - liecivebyliny.eu<\/title>\n<meta name=\"robots\" content=\"index, follow, max-snippet:-1, max-image-preview:large, max-video-preview:-1\" \/>\n<link rel=\"canonical\" href=\"https:\/\/www.liecivebyliny.eu\/?page_id=379\" \/>\n<meta property=\"og:locale\" content=\"sk_SK\" \/>\n<meta property=\"og:type\" content=\"article\" \/>\n<meta property=\"og:title\" content=\"Taraxacum officinale&nbsp;F.H.Wigg. - liecivebyliny.eu\" \/>\n<meta property=\"og:description\" content=\"Slovensk\u00fd n\u00e1zov:&nbsp;p\u00fapava lek\u00e1rska Anglick\u00fd n\u00e1zov:&nbsp;Common dandelion \u010cesk\u00fd n\u00e1zov:&nbsp;pampeli\u0161ka l\u00e9ka\u0159sk\u00e1, smet\u00e1nka l\u00e9ka\u0159sk\u00e1 \u013dudov\u00e9 n\u00e1zvy:&nbsp;pampeli\u0161ka, p\u00fapava l\u00fa\u010dna, smot\u00e1nka \u010ce\u013ea\u010f:&nbsp;Asteraceaea&nbsp;(astrovit\u00e9) Botanick\u00e1 charakteristika:&nbsp;Trv\u00e1ca bylina, vysok\u00e1 10 \u2013 20 cm. Kore\u0148 je vretenovit\u00fd,&nbsp;du\u017einat\u00fd, mlie\u010dny. Listy tvoria pr\u00edzemn\u00fa ru\u017eicu, s\u00fa perovito dielne, celistvo-okrajov\u00e9 a&nbsp;riedko z\u00fabkat\u00e9. Stonka je dut\u00e1, valcovit\u00e1, na vrchole je kvetn\u00fd \u00fabor \u017elt\u00fdch jazykovit\u00fdch kvetov. Plodom je na\u017eka s&nbsp;chocholcom. [&hellip;]\" \/>\n<meta property=\"og:url\" content=\"https:\/\/www.liecivebyliny.eu\/?page_id=379\" \/>\n<meta property=\"og:site_name\" content=\"liecivebyliny.eu\" \/>\n<meta property=\"article:modified_time\" content=\"2024-01-01T19:11:21+00:00\" \/>\n<meta property=\"og:image\" content=\"https:\/\/www.liecivebyliny.eu\/wp-content\/uploads\/2023\/12\/image-42.jpeg\" \/>\n<meta name=\"twitter:card\" content=\"summary_large_image\" \/>\n<meta name=\"twitter:label1\" content=\"Predpokladan\u00fd \u010das \u010d\u00edtania\" \/>\n\t<meta name=\"twitter:data1\" content=\"3 min\u00faty\" \/>\n<script type=\"application\/ld+json\" class=\"yoast-schema-graph\">{\"@context\":\"https:\/\/schema.org\",\"@graph\":[{\"@type\":\"WebPage\",\"@id\":\"https:\/\/www.liecivebyliny.eu\/?page_id=379\",\"url\":\"https:\/\/www.liecivebyliny.eu\/?page_id=379\",\"name\":\"Taraxacum officinale&nbsp;F.H.Wigg. - liecivebyliny.eu\",\"isPartOf\":{\"@id\":\"https:\/\/www.liecivebyliny.eu\/#website\"},\"datePublished\":\"2023-12-23T18:08:29+00:00\",\"dateModified\":\"2024-01-01T19:11:21+00:00\",\"breadcrumb\":{\"@id\":\"https:\/\/www.liecivebyliny.eu\/?page_id=379#breadcrumb\"},\"inLanguage\":\"sk-SK\",\"potentialAction\":[{\"@type\":\"ReadAction\",\"target\":[\"https:\/\/www.liecivebyliny.eu\/?page_id=379\"]}]},{\"@type\":\"BreadcrumbList\",\"@id\":\"https:\/\/www.liecivebyliny.eu\/?page_id=379#breadcrumb\",\"itemListElement\":[{\"@type\":\"ListItem\",\"position\":1,\"name\":\"Home\",\"item\":\"https:\/\/www.liecivebyliny.eu\/\"},{\"@type\":\"ListItem\",\"position\":2,\"name\":\"Taraxacum officinale&nbsp;F.H.Wigg.\"}]},{\"@type\":\"WebSite\",\"@id\":\"https:\/\/www.liecivebyliny.eu\/#website\",\"url\":\"https:\/\/www.liecivebyliny.eu\/\",\"name\":\"liecivebyliny.eu\",\"description\":\"\",\"potentialAction\":[{\"@type\":\"SearchAction\",\"target\":{\"@type\":\"EntryPoint\",\"urlTemplate\":\"https:\/\/www.liecivebyliny.eu\/?s={search_term_string}\"},\"query-input\":\"required name=search_term_string\"}],\"inLanguage\":\"sk-SK\"}]}<\/script>\n<!-- \/ Yoast SEO plugin. -->","yoast_head_json":{"title":"Taraxacum officinale&nbsp;F.H.Wigg. - liecivebyliny.eu","robots":{"index":"index","follow":"follow","max-snippet":"max-snippet:-1","max-image-preview":"max-image-preview:large","max-video-preview":"max-video-preview:-1"},"canonical":"https:\/\/www.liecivebyliny.eu\/?page_id=379","og_locale":"sk_SK","og_type":"article","og_title":"Taraxacum officinale&nbsp;F.H.Wigg. - liecivebyliny.eu","og_description":"Slovensk\u00fd n\u00e1zov:&nbsp;p\u00fapava lek\u00e1rska Anglick\u00fd n\u00e1zov:&nbsp;Common dandelion \u010cesk\u00fd n\u00e1zov:&nbsp;pampeli\u0161ka l\u00e9ka\u0159sk\u00e1, smet\u00e1nka l\u00e9ka\u0159sk\u00e1 \u013dudov\u00e9 n\u00e1zvy:&nbsp;pampeli\u0161ka, p\u00fapava l\u00fa\u010dna, smot\u00e1nka \u010ce\u013ea\u010f:&nbsp;Asteraceaea&nbsp;(astrovit\u00e9) Botanick\u00e1 charakteristika:&nbsp;Trv\u00e1ca bylina, vysok\u00e1 10 \u2013 20 cm. Kore\u0148 je vretenovit\u00fd,&nbsp;du\u017einat\u00fd, mlie\u010dny. Listy tvoria pr\u00edzemn\u00fa ru\u017eicu, s\u00fa perovito dielne, celistvo-okrajov\u00e9 a&nbsp;riedko z\u00fabkat\u00e9. Stonka je dut\u00e1, valcovit\u00e1, na vrchole je kvetn\u00fd \u00fabor \u017elt\u00fdch jazykovit\u00fdch kvetov. Plodom je na\u017eka s&nbsp;chocholcom. [&hellip;]","og_url":"https:\/\/www.liecivebyliny.eu\/?page_id=379","og_site_name":"liecivebyliny.eu","article_modified_time":"2024-01-01T19:11:21+00:00","og_image":[{"url":"https:\/\/www.liecivebyliny.eu\/wp-content\/uploads\/2023\/12\/image-42.jpeg"}],"twitter_card":"summary_large_image","twitter_misc":{"Predpokladan\u00fd \u010das \u010d\u00edtania":"3 min\u00faty"},"schema":{"@context":"https:\/\/schema.org","@graph":[{"@type":"WebPage","@id":"https:\/\/www.liecivebyliny.eu\/?page_id=379","url":"https:\/\/www.liecivebyliny.eu\/?page_id=379","name":"Taraxacum officinale&nbsp;F.H.Wigg. - liecivebyliny.eu","isPartOf":{"@id":"https:\/\/www.liecivebyliny.eu\/#website"},"datePublished":"2023-12-23T18:08:29+00:00","dateModified":"2024-01-01T19:11:21+00:00","breadcrumb":{"@id":"https:\/\/www.liecivebyliny.eu\/?page_id=379#breadcrumb"},"inLanguage":"sk-SK","potentialAction":[{"@type":"ReadAction","target":["https:\/\/www.liecivebyliny.eu\/?page_id=379"]}]},{"@type":"BreadcrumbList","@id":"https:\/\/www.liecivebyliny.eu\/?page_id=379#breadcrumb","itemListElement":[{"@type":"ListItem","position":1,"name":"Home","item":"https:\/\/www.liecivebyliny.eu\/"},{"@type":"ListItem","position":2,"name":"Taraxacum officinale&nbsp;F.H.Wigg."}]},{"@type":"WebSite","@id":"https:\/\/www.liecivebyliny.eu\/#website","url":"https:\/\/www.liecivebyliny.eu\/","name":"liecivebyliny.eu","description":"","potentialAction":[{"@type":"SearchAction","target":{"@type":"EntryPoint","urlTemplate":"https:\/\/www.liecivebyliny.eu\/?s={search_term_string}"},"query-input":"required name=search_term_string"}],"inLanguage":"sk-SK"}]}},"_links":{"self":[{"href":"https:\/\/www.liecivebyliny.eu\/index.php?rest_route=\/wp\/v2\/pages\/379"}],"collection":[{"href":"https:\/\/www.liecivebyliny.eu\/index.php?rest_route=\/wp\/v2\/pages"}],"about":[{"href":"https:\/\/www.liecivebyliny.eu\/index.php?rest_route=\/wp\/v2\/types\/page"}],"author":[{"embeddable":true,"href":"https:\/\/www.liecivebyliny.eu\/index.php?rest_route=\/wp\/v2\/users\/1"}],"replies":[{"embeddable":true,"href":"https:\/\/www.liecivebyliny.eu\/index.php?rest_route=%2Fwp%2Fv2%2Fcomments&post=379"}],"version-history":[{"count":2,"href":"https:\/\/www.liecivebyliny.eu\/index.php?rest_route=\/wp\/v2\/pages\/379\/revisions"}],"predecessor-version":[{"id":909,"href":"https:\/\/www.liecivebyliny.eu\/index.php?rest_route=\/wp\/v2\/pages\/379\/revisions\/909"}],"wp:attachment":[{"href":"https:\/\/www.liecivebyliny.eu\/index.php?rest_route=%2Fwp%2Fv2%2Fmedia&parent=379"}],"curies":[{"name":"wp","href":"https:\/\/api.w.org\/{rel}","templated":true}]}}