{"id":431,"date":"2023-12-23T20:49:16","date_gmt":"2023-12-23T19:49:16","guid":{"rendered":"https:\/\/www.liecivebyliny.eu\/?page_id=431"},"modified":"2024-01-01T19:34:15","modified_gmt":"2024-01-01T18:34:15","slug":"verbascum-densiflorum-bertol","status":"publish","type":"page","link":"https:\/\/www.liecivebyliny.eu\/?page_id=431","title":{"rendered":"<em>Verbascum densiflorum<\/em>&nbsp;BERTOL."},"content":{"rendered":"<div class=\"wp-block-image\">\n<figure class=\"aligncenter size-full\"><img decoding=\"async\" loading=\"lazy\" width=\"252\" height=\"342\" src=\"https:\/\/www.liecivebyliny.eu\/wp-content\/uploads\/2023\/12\/image-50.jpeg\" alt=\"\" class=\"wp-image-432\" srcset=\"https:\/\/www.liecivebyliny.eu\/wp-content\/uploads\/2023\/12\/image-50.jpeg 252w, https:\/\/www.liecivebyliny.eu\/wp-content\/uploads\/2023\/12\/image-50-221x300.jpeg 221w\" sizes=\"(max-width: 252px) 100vw, 252px\" \/><figcaption class=\"wp-element-caption\">Divozel ve\u013ekokvet\u00fd<\/figcaption><\/figure><\/div>\n\n\n<p><strong>Slovensk\u00fd n\u00e1zov:&nbsp;<\/strong>divozel ve\u013ekokvet\u00fd<\/p>\n\n\n\n<p><strong>Anglick\u00fd n\u00e1zov:&nbsp;<\/strong>Mullein<\/p>\n\n\n\n<p><strong>\u010cesk\u00fd n\u00e1zov:<\/strong>&nbsp;Divizna velkokv\u011bt\u00e1<\/p>\n\n\n\n<p><strong>\u013dudov\u00e9 n\u00e1zvy:<\/strong>&nbsp;divok\u00e9 korenie, ov\u010d\u00ed chvost<\/p>\n\n\n\n<p><strong>\u010ce\u013ea\u010f:&nbsp;<\/strong><em>Scrophulariaceae&nbsp;<\/em>(krti\u010dn\u00edkovit\u00e9)<\/p>\n\n\n\n<p><strong>Botanick\u00e1 charakteristika:<\/strong>&nbsp;Mohutn\u00e1, dvojro\u010dn\u00e1 rastlina, ktor\u00e1 dorast\u00e1 do v\u00fd\u0161ky 2 m. V&nbsp;prvom roku sa vytvor\u00ed pr\u00edzemn\u00e1 ru\u017eica listov. V&nbsp;druhom roku vyrast\u00e1 priama, dut\u00e1, chlpat\u00e1 stonka. Listy s\u00fa vajcovit\u00e9, sediace. P\u00e4\u0165po\u010detn\u00e9 ve\u013ek\u00e9, \u017elt\u00e9 kvety vyrastaj\u00fa vo zv\u00e4zo\u010dkoch na vrchole stonky a&nbsp;vytv\u00e1raj\u00fa dlh\u00e9 klasy. Plodom je mnohosemenn\u00e1 tobolka.&nbsp;<\/p>\n\n\n\n<p><strong>Mikroskopick\u00fd n\u00e1kres:<\/strong><\/p>\n\n\n<div class=\"wp-block-image\">\n<figure class=\"aligncenter size-full\"><img decoding=\"async\" loading=\"lazy\" width=\"352\" height=\"352\" src=\"https:\/\/www.liecivebyliny.eu\/wp-content\/uploads\/2023\/12\/image-55.png\" alt=\"\" class=\"wp-image-434\" srcset=\"https:\/\/www.liecivebyliny.eu\/wp-content\/uploads\/2023\/12\/image-55.png 352w, https:\/\/www.liecivebyliny.eu\/wp-content\/uploads\/2023\/12\/image-55-300x300.png 300w, https:\/\/www.liecivebyliny.eu\/wp-content\/uploads\/2023\/12\/image-55-150x150.png 150w\" sizes=\"(max-width: 352px) 100vw, 352px\" \/><figcaption class=\"wp-element-caption\"><em>N\u00e1kres zobrazuje poko\u017eku korunn\u00e9lo lupienka divozelu ve\u013ekokvet\u00e9ho s&nbsp;kandel\u00e1brovit\u00fdm (a) a&nbsp;\u017e\u013eaznat\u00fdm (b) trich\u00f3mom.<\/em><\/figcaption><\/figure><\/div>\n\n<div class=\"wp-block-image\">\n<figure class=\"aligncenter size-full is-resized\"><img decoding=\"async\" loading=\"lazy\" src=\"https:\/\/www.liecivebyliny.eu\/wp-content\/uploads\/2024\/01\/verbasci-100x.jpg\" alt=\"\" class=\"wp-image-866\" width=\"415\" height=\"311\" srcset=\"https:\/\/www.liecivebyliny.eu\/wp-content\/uploads\/2024\/01\/verbasci-100x.jpg 640w, https:\/\/www.liecivebyliny.eu\/wp-content\/uploads\/2024\/01\/verbasci-100x-300x225.jpg 300w\" sizes=\"(max-width: 415px) 100vw, 415px\" \/><figcaption class=\"wp-element-caption\">Poko\u017eka korunn\u00e9ho lupienka divozelu (zv\u00e4\u010d\u0161en\u00e9 100x)<\/figcaption><\/figure><\/div>\n\n\n<p><\/p>\n\n\n\n<p><strong>Roz\u0161\u00edrenie:<\/strong>&nbsp;Vyskytuje sa na okrajoch ciest, pri \u017eelezni\u010dn\u00fdch n\u00e1sypoch, na l\u00fakach a&nbsp;pasienkoch.<\/p>\n\n\n\n<p><strong>Droga:<\/strong>&nbsp;<em>Verbasci flos<\/em><\/p>\n\n\n\n<p><strong>Sp\u00f4sob zberu:<\/strong>&nbsp;Kvety sa zbieraj\u00fa v&nbsp;\u010dase \u00fapln\u00e9ho rozkvitnutia, v&nbsp;dopolud\u0148aj\u0161\u00edch hodin\u00e1ch, za&nbsp;such\u00e9ho po\u010dasia.<\/p>\n\n\n\n<p><strong>Su\u0161enie:<\/strong>&nbsp;Kvety sa su\u0161ia v&nbsp;tenkej vrstve priamo na slnku (5 \u2013 6 hod\u00edn), s&nbsp;mo\u017enos\u0165ou dosu\u0161enia umel\u00fdm sp\u00f4sobom v su\u0161iarni pri teplote do 55 \u00b0C. Korunn\u00e9 lupienky s\u00fa krehk\u00e9, \u017eltej farby, medovej v\u00f4ne a&nbsp;sladkej chuti.&nbsp;<\/p>\n\n\n\n<p><strong>Obsahov\u00e9 l\u00e1tky:<\/strong>&nbsp;Kvet divozelu ve\u013ekokvet\u00e9ho obsahuje ve\u013ek\u00e9 mno\u017estvo slizov a&nbsp;sapon\u00ednov, zn\u00e1mych pod&nbsp;ozna\u010den\u00edm \u2013 verbaskosapon\u00edn. V&nbsp;droge n\u00e1jdeme aj iridoidov\u00e9 glykozidy a flavonoidy.<\/p>\n\n\n\n<p><strong>Pou\u017eitie:<\/strong>&nbsp;Droga sa tradi\u010dne uplat\u0148uje pri lie\u010dbe katarov d\u00fdchac\u00edch ciest a&nbsp;ka\u0161li. M\u00e1&nbsp;protiz\u00e1palov\u00e9, antiv\u00edrusov\u00e9 a mo\u010dopudn\u00e9 \u00fa\u010dinky.<\/p>\n\n\n\n<p><strong>Tradi\u010dn\u00fd sp\u00f4sob pou\u017eitia v&nbsp;indik\u00e1ci\u00e1ch ur\u010den\u00fdch v\u00fdhradne na z\u00e1klade dlhodob\u00e9ho pou\u017e\u00edvania:<\/strong><\/p>\n\n\n\n<ul>\n<li>symptomatick\u00e1 lie\u010dba bolesti hrdla spojen\u00e1 so such\u00fdm ka\u0161\u013eom a&nbsp;prechladnut\u00edm.<\/li>\n<\/ul>\n\n\n\n<p><strong>Vybran\u00e9 rastlinn\u00e9 pr\u00edpravky:&nbsp;<\/strong>AGROKARPATY DIVOZEL VE\u013dKOKVET\u00dd bylinn\u00fd \u010daj 1&#215;30&nbsp;g, JUVAMED DIVOZEL VE\u013dKOKVET\u00dd &#8211; KVET bylinn\u00fd \u010daj sypan\u00fd 1&#215;20 g, Dr.Max D\u00fdchacie cesty detsk\u00e1 bylinn\u00e1 \u010dajov\u00e1 zmes, n\u00e1levov\u00e9 vrec\u00fa\u0161ka 20&#215;1,5 g, HERBALMED HotDrink FORTE &#8211; Dr.Weis vrec\u00fa\u0161ka 12 ks, NaturProdukt \u0160alviov\u00e9 pastilky s divozelom a&nbsp;echinaceou 18 ks.<\/p>\n","protected":false},"excerpt":{"rendered":"<p>Slovensk\u00fd n\u00e1zov:&nbsp;divozel ve\u013ekokvet\u00fd Anglick\u00fd n\u00e1zov:&nbsp;Mullein \u010cesk\u00fd n\u00e1zov:&nbsp;Divizna velkokv\u011bt\u00e1 \u013dudov\u00e9 n\u00e1zvy:&nbsp;divok\u00e9 korenie, ov\u010d\u00ed chvost \u010ce\u013ea\u010f:&nbsp;Scrophulariaceae&nbsp;(krti\u010dn\u00edkovit\u00e9) Botanick\u00e1 charakteristika:&nbsp;Mohutn\u00e1, dvojro\u010dn\u00e1 rastlina, ktor\u00e1 dorast\u00e1 do v\u00fd\u0161ky 2 m. V&nbsp;prvom roku sa vytvor\u00ed pr\u00edzemn\u00e1 ru\u017eica listov. V&nbsp;druhom roku vyrast\u00e1 priama, dut\u00e1, chlpat\u00e1 stonka. Listy s\u00fa vajcovit\u00e9, sediace. P\u00e4\u0165po\u010detn\u00e9 ve\u013ek\u00e9, \u017elt\u00e9 kvety vyrastaj\u00fa vo zv\u00e4zo\u010dkoch na vrchole stonky a&nbsp;vytv\u00e1raj\u00fa dlh\u00e9 klasy. [&hellip;]<\/p>\n","protected":false},"author":1,"featured_media":0,"parent":0,"menu_order":0,"comment_status":"closed","ping_status":"closed","template":"","meta":{"_mi_skip_tracking":false},"yoast_head":"<!-- This site is optimized with the Yoast SEO plugin v20.4 - https:\/\/yoast.com\/wordpress\/plugins\/seo\/ -->\n<title>Verbascum densiflorum&nbsp;BERTOL. - liecivebyliny.eu<\/title>\n<meta name=\"robots\" content=\"index, follow, max-snippet:-1, max-image-preview:large, max-video-preview:-1\" \/>\n<link rel=\"canonical\" href=\"https:\/\/www.liecivebyliny.eu\/?page_id=431\" \/>\n<meta property=\"og:locale\" content=\"sk_SK\" \/>\n<meta property=\"og:type\" content=\"article\" \/>\n<meta property=\"og:title\" content=\"Verbascum densiflorum&nbsp;BERTOL. - liecivebyliny.eu\" \/>\n<meta property=\"og:description\" content=\"Slovensk\u00fd n\u00e1zov:&nbsp;divozel ve\u013ekokvet\u00fd Anglick\u00fd n\u00e1zov:&nbsp;Mullein \u010cesk\u00fd n\u00e1zov:&nbsp;Divizna velkokv\u011bt\u00e1 \u013dudov\u00e9 n\u00e1zvy:&nbsp;divok\u00e9 korenie, ov\u010d\u00ed chvost \u010ce\u013ea\u010f:&nbsp;Scrophulariaceae&nbsp;(krti\u010dn\u00edkovit\u00e9) Botanick\u00e1 charakteristika:&nbsp;Mohutn\u00e1, dvojro\u010dn\u00e1 rastlina, ktor\u00e1 dorast\u00e1 do v\u00fd\u0161ky 2 m. V&nbsp;prvom roku sa vytvor\u00ed pr\u00edzemn\u00e1 ru\u017eica listov. V&nbsp;druhom roku vyrast\u00e1 priama, dut\u00e1, chlpat\u00e1 stonka. Listy s\u00fa vajcovit\u00e9, sediace. P\u00e4\u0165po\u010detn\u00e9 ve\u013ek\u00e9, \u017elt\u00e9 kvety vyrastaj\u00fa vo zv\u00e4zo\u010dkoch na vrchole stonky a&nbsp;vytv\u00e1raj\u00fa dlh\u00e9 klasy. [&hellip;]\" \/>\n<meta property=\"og:url\" content=\"https:\/\/www.liecivebyliny.eu\/?page_id=431\" \/>\n<meta property=\"og:site_name\" content=\"liecivebyliny.eu\" \/>\n<meta property=\"article:modified_time\" content=\"2024-01-01T18:34:15+00:00\" \/>\n<meta property=\"og:image\" content=\"https:\/\/www.liecivebyliny.eu\/wp-content\/uploads\/2023\/12\/image-50.jpeg\" \/>\n<meta name=\"twitter:card\" content=\"summary_large_image\" \/>\n<meta name=\"twitter:label1\" content=\"Predpokladan\u00fd \u010das \u010d\u00edtania\" \/>\n\t<meta name=\"twitter:data1\" content=\"3 min\u00faty\" \/>\n<script type=\"application\/ld+json\" class=\"yoast-schema-graph\">{\"@context\":\"https:\/\/schema.org\",\"@graph\":[{\"@type\":\"WebPage\",\"@id\":\"https:\/\/www.liecivebyliny.eu\/?page_id=431\",\"url\":\"https:\/\/www.liecivebyliny.eu\/?page_id=431\",\"name\":\"Verbascum densiflorum&nbsp;BERTOL. - liecivebyliny.eu\",\"isPartOf\":{\"@id\":\"https:\/\/www.liecivebyliny.eu\/#website\"},\"datePublished\":\"2023-12-23T19:49:16+00:00\",\"dateModified\":\"2024-01-01T18:34:15+00:00\",\"breadcrumb\":{\"@id\":\"https:\/\/www.liecivebyliny.eu\/?page_id=431#breadcrumb\"},\"inLanguage\":\"sk-SK\",\"potentialAction\":[{\"@type\":\"ReadAction\",\"target\":[\"https:\/\/www.liecivebyliny.eu\/?page_id=431\"]}]},{\"@type\":\"BreadcrumbList\",\"@id\":\"https:\/\/www.liecivebyliny.eu\/?page_id=431#breadcrumb\",\"itemListElement\":[{\"@type\":\"ListItem\",\"position\":1,\"name\":\"Home\",\"item\":\"https:\/\/www.liecivebyliny.eu\/\"},{\"@type\":\"ListItem\",\"position\":2,\"name\":\"Verbascum densiflorum&nbsp;BERTOL.\"}]},{\"@type\":\"WebSite\",\"@id\":\"https:\/\/www.liecivebyliny.eu\/#website\",\"url\":\"https:\/\/www.liecivebyliny.eu\/\",\"name\":\"liecivebyliny.eu\",\"description\":\"\",\"potentialAction\":[{\"@type\":\"SearchAction\",\"target\":{\"@type\":\"EntryPoint\",\"urlTemplate\":\"https:\/\/www.liecivebyliny.eu\/?s={search_term_string}\"},\"query-input\":\"required name=search_term_string\"}],\"inLanguage\":\"sk-SK\"}]}<\/script>\n<!-- \/ Yoast SEO plugin. -->","yoast_head_json":{"title":"Verbascum densiflorum&nbsp;BERTOL. - liecivebyliny.eu","robots":{"index":"index","follow":"follow","max-snippet":"max-snippet:-1","max-image-preview":"max-image-preview:large","max-video-preview":"max-video-preview:-1"},"canonical":"https:\/\/www.liecivebyliny.eu\/?page_id=431","og_locale":"sk_SK","og_type":"article","og_title":"Verbascum densiflorum&nbsp;BERTOL. - liecivebyliny.eu","og_description":"Slovensk\u00fd n\u00e1zov:&nbsp;divozel ve\u013ekokvet\u00fd Anglick\u00fd n\u00e1zov:&nbsp;Mullein \u010cesk\u00fd n\u00e1zov:&nbsp;Divizna velkokv\u011bt\u00e1 \u013dudov\u00e9 n\u00e1zvy:&nbsp;divok\u00e9 korenie, ov\u010d\u00ed chvost \u010ce\u013ea\u010f:&nbsp;Scrophulariaceae&nbsp;(krti\u010dn\u00edkovit\u00e9) Botanick\u00e1 charakteristika:&nbsp;Mohutn\u00e1, dvojro\u010dn\u00e1 rastlina, ktor\u00e1 dorast\u00e1 do v\u00fd\u0161ky 2 m. V&nbsp;prvom roku sa vytvor\u00ed pr\u00edzemn\u00e1 ru\u017eica listov. V&nbsp;druhom roku vyrast\u00e1 priama, dut\u00e1, chlpat\u00e1 stonka. Listy s\u00fa vajcovit\u00e9, sediace. P\u00e4\u0165po\u010detn\u00e9 ve\u013ek\u00e9, \u017elt\u00e9 kvety vyrastaj\u00fa vo zv\u00e4zo\u010dkoch na vrchole stonky a&nbsp;vytv\u00e1raj\u00fa dlh\u00e9 klasy. [&hellip;]","og_url":"https:\/\/www.liecivebyliny.eu\/?page_id=431","og_site_name":"liecivebyliny.eu","article_modified_time":"2024-01-01T18:34:15+00:00","og_image":[{"url":"https:\/\/www.liecivebyliny.eu\/wp-content\/uploads\/2023\/12\/image-50.jpeg"}],"twitter_card":"summary_large_image","twitter_misc":{"Predpokladan\u00fd \u010das \u010d\u00edtania":"3 min\u00faty"},"schema":{"@context":"https:\/\/schema.org","@graph":[{"@type":"WebPage","@id":"https:\/\/www.liecivebyliny.eu\/?page_id=431","url":"https:\/\/www.liecivebyliny.eu\/?page_id=431","name":"Verbascum densiflorum&nbsp;BERTOL. - liecivebyliny.eu","isPartOf":{"@id":"https:\/\/www.liecivebyliny.eu\/#website"},"datePublished":"2023-12-23T19:49:16+00:00","dateModified":"2024-01-01T18:34:15+00:00","breadcrumb":{"@id":"https:\/\/www.liecivebyliny.eu\/?page_id=431#breadcrumb"},"inLanguage":"sk-SK","potentialAction":[{"@type":"ReadAction","target":["https:\/\/www.liecivebyliny.eu\/?page_id=431"]}]},{"@type":"BreadcrumbList","@id":"https:\/\/www.liecivebyliny.eu\/?page_id=431#breadcrumb","itemListElement":[{"@type":"ListItem","position":1,"name":"Home","item":"https:\/\/www.liecivebyliny.eu\/"},{"@type":"ListItem","position":2,"name":"Verbascum densiflorum&nbsp;BERTOL."}]},{"@type":"WebSite","@id":"https:\/\/www.liecivebyliny.eu\/#website","url":"https:\/\/www.liecivebyliny.eu\/","name":"liecivebyliny.eu","description":"","potentialAction":[{"@type":"SearchAction","target":{"@type":"EntryPoint","urlTemplate":"https:\/\/www.liecivebyliny.eu\/?s={search_term_string}"},"query-input":"required name=search_term_string"}],"inLanguage":"sk-SK"}]}},"_links":{"self":[{"href":"https:\/\/www.liecivebyliny.eu\/index.php?rest_route=\/wp\/v2\/pages\/431"}],"collection":[{"href":"https:\/\/www.liecivebyliny.eu\/index.php?rest_route=\/wp\/v2\/pages"}],"about":[{"href":"https:\/\/www.liecivebyliny.eu\/index.php?rest_route=\/wp\/v2\/types\/page"}],"author":[{"embeddable":true,"href":"https:\/\/www.liecivebyliny.eu\/index.php?rest_route=\/wp\/v2\/users\/1"}],"replies":[{"embeddable":true,"href":"https:\/\/www.liecivebyliny.eu\/index.php?rest_route=%2Fwp%2Fv2%2Fcomments&post=431"}],"version-history":[{"count":5,"href":"https:\/\/www.liecivebyliny.eu\/index.php?rest_route=\/wp\/v2\/pages\/431\/revisions"}],"predecessor-version":[{"id":868,"href":"https:\/\/www.liecivebyliny.eu\/index.php?rest_route=\/wp\/v2\/pages\/431\/revisions\/868"}],"wp:attachment":[{"href":"https:\/\/www.liecivebyliny.eu\/index.php?rest_route=%2Fwp%2Fv2%2Fmedia&parent=431"}],"curies":[{"name":"wp","href":"https:\/\/api.w.org\/{rel}","templated":true}]}}