{"id":537,"date":"2023-12-21T20:33:08","date_gmt":"2023-12-21T19:33:08","guid":{"rendered":"https:\/\/www.liecivebyliny.eu\/?page_id=537"},"modified":"2024-01-02T13:50:14","modified_gmt":"2024-01-02T12:50:14","slug":"archangelica-archangelica-l-syn-angelica-officinalis-hoffm-2","status":"publish","type":"page","link":"https:\/\/www.liecivebyliny.eu\/?page_id=537&lang=en","title":{"rendered":"<em>Archangelica archangelica&nbsp;<\/em>L. syn.&nbsp;<em>Angelica officinalis&nbsp;<\/em>Hoffm."},"content":{"rendered":"<div class=\"wp-block-image\">\n<figure class=\"aligncenter size-full\"><img decoding=\"async\" loading=\"lazy\" width=\"248\" height=\"342\" src=\"https:\/\/www.liecivebyliny.eu\/wp-content\/uploads\/2023\/12\/image-54.jpeg\" alt=\"\" class=\"wp-image-538\" srcset=\"https:\/\/www.liecivebyliny.eu\/wp-content\/uploads\/2023\/12\/image-54.jpeg 248w, https:\/\/www.liecivebyliny.eu\/wp-content\/uploads\/2023\/12\/image-54-218x300.jpeg 218w\" sizes=\"(max-width: 248px) 100vw, 248px\" \/><figcaption class=\"wp-element-caption\">Garden-angelica<\/figcaption><\/figure><\/div>\n\n\n<p><strong>English name:<\/strong>&nbsp;Garden-angelica<\/p>\n\n\n\n<p><strong>Family:<\/strong>&nbsp;<em>Apiaceae<\/em><\/p>\n\n\n\n<p><strong>Botanical characteristic:&nbsp;<\/strong>Biennial to perennial herb with spindle-shaped and branching rhizome. The stem is round, hollow, 2 m tall. The leaves are dark green, two to three times pinnately cut, saw-toothed. The yellowish to greenish flowers form a perianth-like inflorescence. The fruit is a double-skinned flower.<\/p>\n\n\n\n<p><strong>Microscopic drawing:<\/strong><\/p>\n\n\n<div class=\"wp-block-image\">\n<figure class=\"aligncenter size-full\"><img decoding=\"async\" loading=\"lazy\" width=\"362\" height=\"334\" src=\"https:\/\/www.liecivebyliny.eu\/wp-content\/uploads\/2023\/12\/image-61.png\" alt=\"\" class=\"wp-image-539\" srcset=\"https:\/\/www.liecivebyliny.eu\/wp-content\/uploads\/2023\/12\/image-61.png 362w, https:\/\/www.liecivebyliny.eu\/wp-content\/uploads\/2023\/12\/image-61-300x277.png 300w\" sizes=\"(max-width: 362px) 100vw, 362px\" \/><figcaption class=\"wp-element-caption\"><em>A cork (a) is found on the surface of the transverse section of the root of angelica. In the cortex, the silicic ducts (b) and air cavities (c) are located. In the centre of the specimen, the cambium (d) can be observed, below which are the vessels (e) and above which are the sieve vessels (f).<\/em><\/figcaption><\/figure><\/div>\n\n<div class=\"wp-block-image\">\n<figure class=\"aligncenter size-full is-resized\"><img decoding=\"async\" loading=\"lazy\" src=\"https:\/\/www.liecivebyliny.eu\/wp-content\/uploads\/2024\/01\/Angelicae-radix-40x-1.jpg\" alt=\"\" class=\"wp-image-938\" width=\"374\" height=\"281\" srcset=\"https:\/\/www.liecivebyliny.eu\/wp-content\/uploads\/2024\/01\/Angelicae-radix-40x-1.jpg 640w, https:\/\/www.liecivebyliny.eu\/wp-content\/uploads\/2024\/01\/Angelicae-radix-40x-1-300x225.jpg 300w\" sizes=\"(max-width: 374px) 100vw, 374px\" \/><figcaption class=\"wp-element-caption\">Cross section of a root (magnified 40x)<\/figcaption><\/figure><\/div>\n\n\n<p><\/p>\n\n\n\n<p><strong>Distribution:<\/strong>&nbsp;It occurs in damp habitats, river banks, swamps, alder forests.<\/p>\n\n\n\n<p><strong>Drug<\/strong>:&nbsp;<em>Angelicae archangelicae radix<\/em><\/p>\n\n\n\n<p><strong>Harvesting method:<\/strong>&nbsp;The roots are harvested in the second year of vegetation in autumn and in spring of the third year. They are obtained by spading or ploughing.<\/p>\n\n\n\n<p><strong>Drying:<\/strong>&nbsp;The roots are dried artificially at a temperature of up to 40 \u00b0C. Naturally in the shade, in thin layers, in a ventilated room.<\/p>\n\n\n\n<p><strong>Active substances:<\/strong>&nbsp;The whole plant smells characteristically, which indicates the presence of essential oils. Essential oils are mainly represented by felandrene and other monoterpenes. Bitter-tasting sesquiterpenes, macrocyclic lactones and a large number of furanocoumarins (bergapten, angelicin, etc.) are also found in the plant. Other metabolites include organic acids and their derivatives.<\/p>\n\n\n\n<p><strong>Uses:<\/strong>&nbsp;The active substances of Garden-angelica stimulate the secretion of digestive juices, promote digestion, relieve cramps and relieve flatulence. The drug is diuretic, disinfectant and is also used in folk medicine to regulate the menstrual cycle. However, it must be stressed that excessive use photosensitises the skin and may make it prone to bleeding.<\/p>\n\n\n\n<p><strong>Traditional method of use in indications determined solely on the basis of long-term use:<\/strong><\/p>\n\n\n\n<p>&#8211; dyspeptic discomfort involving cramps, sluggish digestion, feeling of fullness, flatulence,<\/p>\n\n\n\n<p>&#8211; supportive treatment for loss of appetite,<\/p>\n\n\n\n<p>&#8211; supportive treatment of bronchitis.<\/p>\n\n\n\n<p><strong>Selected herbal preparations:<\/strong>&nbsp;AGROKARPATY ARCHANGELICA MEDICINAL ROOT herbal tea 1&#215;30 g, APOTHEKE CHEAP TEA WITH BEET 20&#215;1,5 g, HERBEX Premium CHEAP AND GUT herbal mixture, tea 20&#215;1,5, NaturProdukt SWEDISH HERBS mixture for the preparation of drops 1&#215;30 g, Iberogast sol por 100 ml, Dr. Theiss Schwedenbitter KVAPKY (Swedish drops) 50 ml, Petit CHENE APPETITE children&#8217;s syrup, with orange and lemon aroma 125 ml.<\/p>\n","protected":false},"excerpt":{"rendered":"<p>English name:&nbsp;Garden-angelica Family:&nbsp;Apiaceae Botanical characteristic:&nbsp;Biennial to perennial herb with spindle-shaped and branching rhizome. The stem is round, hollow, 2 m tall. The leaves are dark green, two to three times pinnately cut, saw-toothed. The yellowish to greenish flowers form a perianth-like inflorescence. The fruit is a double-skinned flower. Microscopic drawing: Distribution:&nbsp;It occurs in damp habitats, [&hellip;]<\/p>\n","protected":false},"author":1,"featured_media":0,"parent":0,"menu_order":0,"comment_status":"closed","ping_status":"closed","template":"","meta":{"_mi_skip_tracking":false},"yoast_head":"<!-- This site is optimized with the Yoast SEO plugin v20.4 - https:\/\/yoast.com\/wordpress\/plugins\/seo\/ -->\n<title>Archangelica archangelica&nbsp;L. syn.&nbsp;Angelica officinalis&nbsp;Hoffm. - liecivebyliny.eu<\/title>\n<meta name=\"robots\" content=\"index, follow, max-snippet:-1, max-image-preview:large, max-video-preview:-1\" \/>\n<link rel=\"canonical\" href=\"https:\/\/www.liecivebyliny.eu\/?page_id=537&lang=en\" \/>\n<meta property=\"og:locale\" content=\"sk_SK\" \/>\n<meta property=\"og:type\" content=\"article\" \/>\n<meta property=\"og:title\" content=\"Archangelica archangelica&nbsp;L. syn.&nbsp;Angelica officinalis&nbsp;Hoffm. - liecivebyliny.eu\" \/>\n<meta property=\"og:description\" content=\"English name:&nbsp;Garden-angelica Family:&nbsp;Apiaceae Botanical characteristic:&nbsp;Biennial to perennial herb with spindle-shaped and branching rhizome. The stem is round, hollow, 2 m tall. The leaves are dark green, two to three times pinnately cut, saw-toothed. The yellowish to greenish flowers form a perianth-like inflorescence. The fruit is a double-skinned flower. Microscopic drawing: Distribution:&nbsp;It occurs in damp habitats, [&hellip;]\" \/>\n<meta property=\"og:url\" content=\"https:\/\/www.liecivebyliny.eu\/?page_id=537&amp;lang=en\" \/>\n<meta property=\"og:site_name\" content=\"liecivebyliny.eu\" \/>\n<meta property=\"article:modified_time\" content=\"2024-01-02T12:50:14+00:00\" \/>\n<meta property=\"og:image\" content=\"https:\/\/www.liecivebyliny.eu\/wp-content\/uploads\/2023\/12\/image-54.jpeg\" \/>\n<meta name=\"twitter:card\" content=\"summary_large_image\" \/>\n<meta name=\"twitter:label1\" content=\"Predpokladan\u00fd \u010das \u010d\u00edtania\" \/>\n\t<meta name=\"twitter:data1\" content=\"3 min\u00faty\" \/>\n<script type=\"application\/ld+json\" class=\"yoast-schema-graph\">{\"@context\":\"https:\/\/schema.org\",\"@graph\":[{\"@type\":\"WebPage\",\"@id\":\"https:\/\/www.liecivebyliny.eu\/?page_id=537&lang=en\",\"url\":\"https:\/\/www.liecivebyliny.eu\/?page_id=537&lang=en\",\"name\":\"Archangelica archangelica&nbsp;L. syn.&nbsp;Angelica officinalis&nbsp;Hoffm. - liecivebyliny.eu\",\"isPartOf\":{\"@id\":\"https:\/\/www.liecivebyliny.eu\/#website\"},\"datePublished\":\"2023-12-21T19:33:08+00:00\",\"dateModified\":\"2024-01-02T12:50:14+00:00\",\"breadcrumb\":{\"@id\":\"https:\/\/www.liecivebyliny.eu\/?page_id=537&lang=en#breadcrumb\"},\"inLanguage\":\"sk-SK\",\"potentialAction\":[{\"@type\":\"ReadAction\",\"target\":[\"https:\/\/www.liecivebyliny.eu\/?page_id=537&lang=en\"]}]},{\"@type\":\"BreadcrumbList\",\"@id\":\"https:\/\/www.liecivebyliny.eu\/?page_id=537&lang=en#breadcrumb\",\"itemListElement\":[{\"@type\":\"ListItem\",\"position\":1,\"name\":\"Home\",\"item\":\"https:\/\/www.liecivebyliny.eu\/\"},{\"@type\":\"ListItem\",\"position\":2,\"name\":\"Archangelica archangelica&nbsp;L. syn.&nbsp;Angelica officinalis&nbsp;Hoffm.\"}]},{\"@type\":\"WebSite\",\"@id\":\"https:\/\/www.liecivebyliny.eu\/#website\",\"url\":\"https:\/\/www.liecivebyliny.eu\/\",\"name\":\"liecivebyliny.eu\",\"description\":\"\",\"potentialAction\":[{\"@type\":\"SearchAction\",\"target\":{\"@type\":\"EntryPoint\",\"urlTemplate\":\"https:\/\/www.liecivebyliny.eu\/?s={search_term_string}\"},\"query-input\":\"required name=search_term_string\"}],\"inLanguage\":\"sk-SK\"}]}<\/script>\n<!-- \/ Yoast SEO plugin. -->","yoast_head_json":{"title":"Archangelica archangelica&nbsp;L. syn.&nbsp;Angelica officinalis&nbsp;Hoffm. - liecivebyliny.eu","robots":{"index":"index","follow":"follow","max-snippet":"max-snippet:-1","max-image-preview":"max-image-preview:large","max-video-preview":"max-video-preview:-1"},"canonical":"https:\/\/www.liecivebyliny.eu\/?page_id=537&lang=en","og_locale":"sk_SK","og_type":"article","og_title":"Archangelica archangelica&nbsp;L. syn.&nbsp;Angelica officinalis&nbsp;Hoffm. - liecivebyliny.eu","og_description":"English name:&nbsp;Garden-angelica Family:&nbsp;Apiaceae Botanical characteristic:&nbsp;Biennial to perennial herb with spindle-shaped and branching rhizome. The stem is round, hollow, 2 m tall. The leaves are dark green, two to three times pinnately cut, saw-toothed. The yellowish to greenish flowers form a perianth-like inflorescence. The fruit is a double-skinned flower. Microscopic drawing: Distribution:&nbsp;It occurs in damp habitats, [&hellip;]","og_url":"https:\/\/www.liecivebyliny.eu\/?page_id=537&lang=en","og_site_name":"liecivebyliny.eu","article_modified_time":"2024-01-02T12:50:14+00:00","og_image":[{"url":"https:\/\/www.liecivebyliny.eu\/wp-content\/uploads\/2023\/12\/image-54.jpeg"}],"twitter_card":"summary_large_image","twitter_misc":{"Predpokladan\u00fd \u010das \u010d\u00edtania":"3 min\u00faty"},"schema":{"@context":"https:\/\/schema.org","@graph":[{"@type":"WebPage","@id":"https:\/\/www.liecivebyliny.eu\/?page_id=537&lang=en","url":"https:\/\/www.liecivebyliny.eu\/?page_id=537&lang=en","name":"Archangelica archangelica&nbsp;L. syn.&nbsp;Angelica officinalis&nbsp;Hoffm. - liecivebyliny.eu","isPartOf":{"@id":"https:\/\/www.liecivebyliny.eu\/#website"},"datePublished":"2023-12-21T19:33:08+00:00","dateModified":"2024-01-02T12:50:14+00:00","breadcrumb":{"@id":"https:\/\/www.liecivebyliny.eu\/?page_id=537&lang=en#breadcrumb"},"inLanguage":"sk-SK","potentialAction":[{"@type":"ReadAction","target":["https:\/\/www.liecivebyliny.eu\/?page_id=537&lang=en"]}]},{"@type":"BreadcrumbList","@id":"https:\/\/www.liecivebyliny.eu\/?page_id=537&lang=en#breadcrumb","itemListElement":[{"@type":"ListItem","position":1,"name":"Home","item":"https:\/\/www.liecivebyliny.eu\/"},{"@type":"ListItem","position":2,"name":"Archangelica archangelica&nbsp;L. syn.&nbsp;Angelica officinalis&nbsp;Hoffm."}]},{"@type":"WebSite","@id":"https:\/\/www.liecivebyliny.eu\/#website","url":"https:\/\/www.liecivebyliny.eu\/","name":"liecivebyliny.eu","description":"","potentialAction":[{"@type":"SearchAction","target":{"@type":"EntryPoint","urlTemplate":"https:\/\/www.liecivebyliny.eu\/?s={search_term_string}"},"query-input":"required name=search_term_string"}],"inLanguage":"sk-SK"}]}},"_links":{"self":[{"href":"https:\/\/www.liecivebyliny.eu\/index.php?rest_route=\/wp\/v2\/pages\/537"}],"collection":[{"href":"https:\/\/www.liecivebyliny.eu\/index.php?rest_route=\/wp\/v2\/pages"}],"about":[{"href":"https:\/\/www.liecivebyliny.eu\/index.php?rest_route=\/wp\/v2\/types\/page"}],"author":[{"embeddable":true,"href":"https:\/\/www.liecivebyliny.eu\/index.php?rest_route=\/wp\/v2\/users\/1"}],"replies":[{"embeddable":true,"href":"https:\/\/www.liecivebyliny.eu\/index.php?rest_route=%2Fwp%2Fv2%2Fcomments&post=537"}],"version-history":[{"count":2,"href":"https:\/\/www.liecivebyliny.eu\/index.php?rest_route=\/wp\/v2\/pages\/537\/revisions"}],"predecessor-version":[{"id":940,"href":"https:\/\/www.liecivebyliny.eu\/index.php?rest_route=\/wp\/v2\/pages\/537\/revisions\/940"}],"wp:attachment":[{"href":"https:\/\/www.liecivebyliny.eu\/index.php?rest_route=%2Fwp%2Fv2%2Fmedia&parent=537"}],"curies":[{"name":"wp","href":"https:\/\/api.w.org\/{rel}","templated":true}]}}