{"id":555,"date":"2023-12-21T20:52:06","date_gmt":"2023-12-21T19:52:06","guid":{"rendered":"https:\/\/www.liecivebyliny.eu\/?page_id=555"},"modified":"2023-12-29T17:11:13","modified_gmt":"2023-12-29T16:11:13","slug":"capsella-bursa-pastoris-l-med-2","status":"publish","type":"page","link":"https:\/\/www.liecivebyliny.eu\/?page_id=555&lang=en","title":{"rendered":"<em>Capsella bursa-pastoris&nbsp;<\/em>(L.) Med.&nbsp;"},"content":{"rendered":"<div class=\"wp-block-image\">\n<figure class=\"aligncenter size-full\"><img decoding=\"async\" loading=\"lazy\" width=\"216\" height=\"340\" src=\"https:\/\/www.liecivebyliny.eu\/wp-content\/uploads\/2023\/12\/image-58.jpeg\" alt=\"\" class=\"wp-image-557\" srcset=\"https:\/\/www.liecivebyliny.eu\/wp-content\/uploads\/2023\/12\/image-58.jpeg 216w, https:\/\/www.liecivebyliny.eu\/wp-content\/uploads\/2023\/12\/image-58-191x300.jpeg 191w\" sizes=\"(max-width: 216px) 100vw, 216px\" \/><figcaption class=\"wp-element-caption\">Shepherd&#8216; s purse<\/figcaption><\/figure><\/div>\n\n\n<p><strong>English name:<\/strong>\u00a0Shepherd&#8216; s purse<\/p>\n\n\n\n<p><strong>Family:&nbsp;<\/strong><em>Brassicaceae<\/em><\/p>\n\n\n\n<p><strong>Botanical characteristic:<\/strong>&nbsp;An annual or biennial 10 \u2013 50 cm tall herb with a groundcover rosette of pinnately cut, toothed leaves. The stem leaves are sessile, with two tips at the end. The white, small flowers grow in a tuft. The fruit is a triangular dry pop fruit with several seeds.<\/p>\n\n\n\n<p><strong>Microscopic drawing:<\/strong><\/p>\n\n\n<div class=\"wp-block-image\">\n<figure class=\"aligncenter size-full\"><img decoding=\"async\" loading=\"lazy\" width=\"390\" height=\"260\" src=\"https:\/\/www.liecivebyliny.eu\/wp-content\/uploads\/2023\/12\/image-64.png\" alt=\"\" class=\"wp-image-558\" srcset=\"https:\/\/www.liecivebyliny.eu\/wp-content\/uploads\/2023\/12\/image-64.png 390w, https:\/\/www.liecivebyliny.eu\/wp-content\/uploads\/2023\/12\/image-64-300x200.png 300w\" sizes=\"(max-width: 390px) 100vw, 390px\" \/><figcaption class=\"wp-element-caption\"><em>On the longitudinal section of the seed of the shepherd&#8217;s purse, the seed (a) is visible on the surface, under which there is a nourishing tissue, the so-called endosperm (b). In the center of the seed is the germ, synonymously &#8211; embryo (c).<\/em><\/figcaption><\/figure><\/div>\n\n\n<p><\/p>\n\n\n\n<p><strong>Distribution:<\/strong>&nbsp;A very widespread weed of fields and gardens, growing near roads, rubbish dumps, and sidewalks.<\/p>\n\n\n\n<p><strong>Drug:<\/strong>&nbsp;<em>Bursae pastoris herba<\/em><\/p>\n\n\n\n<p><strong>Harvesting method:<\/strong>&nbsp;Flowering clematis, even with ground pink leaves, is harvested from May to June with gardening shears.<\/p>\n\n\n\n<p><strong>Drying:<\/strong>&nbsp;It is dried naturally in 10 cm layers in an airy place, in the shade. Artificially in a drying room, where the temperature must not exceed 40 \u00b0C.<\/p>\n\n\n\n<p><strong>Active substances:<\/strong>&nbsp;Shepherd&#8217;s purse is rich in flavonoids with a dominance of rutin and diosmin. Also important are biogenic amines, especially tyramine, histamine, choline and betaine. The plant also contains saponins, tannins, compounds containing sulfur, minerals and vitamins.<\/p>\n\n\n\n<p><strong>Uses:<\/strong>&nbsp;The drug is used for its ability to eliminate bleeding in cases of menorrhagia, metrorrhagia and mild bleeding from the mucous membranes of the digestive system. The preparations have a diuretic effect and support metabolism.<\/p>\n\n\n\n<p><strong>Traditional method of use in indications determined solely on the basis of long-term use:<\/strong><\/p>\n\n\n\n<p>&#8211; relieve heavy menstrual bleeding in women with regular menstrual cycles.<\/p>\n\n\n\n<p><strong>Selected herbal preparations:<\/strong>&nbsp;AGROKARPATY SHEPHERD&#8217;S POCKET oleander herbal tea 1&#215;30 g, HANUS SHEPHERD&#8217;S POCKET oleander vacuum pack. 1&#215;40 g, JUVAMED AFRODITA tea for women herbal tea in infusion bags 20&#215;1.5 g, ESTREYA tbl 20 pcs.<\/p>\n","protected":false},"excerpt":{"rendered":"<p>English name:\u00a0Shepherd&#8216; s purse Family:&nbsp;Brassicaceae Botanical characteristic:&nbsp;An annual or biennial 10 \u2013 50 cm tall herb with a groundcover rosette of pinnately cut, toothed leaves. The stem leaves are sessile, with two tips at the end. The white, small flowers grow in a tuft. The fruit is a triangular dry pop fruit with several seeds. [&hellip;]<\/p>\n","protected":false},"author":1,"featured_media":0,"parent":0,"menu_order":0,"comment_status":"closed","ping_status":"closed","template":"","meta":{"_mi_skip_tracking":false},"yoast_head":"<!-- This site is optimized with the Yoast SEO plugin v20.4 - https:\/\/yoast.com\/wordpress\/plugins\/seo\/ -->\n<title>Capsella bursa-pastoris&nbsp;(L.) Med.&nbsp; - liecivebyliny.eu<\/title>\n<meta name=\"robots\" content=\"index, follow, max-snippet:-1, max-image-preview:large, max-video-preview:-1\" \/>\n<link rel=\"canonical\" href=\"https:\/\/www.liecivebyliny.eu\/?page_id=555&lang=en\" \/>\n<meta property=\"og:locale\" content=\"sk_SK\" \/>\n<meta property=\"og:type\" content=\"article\" \/>\n<meta property=\"og:title\" content=\"Capsella bursa-pastoris&nbsp;(L.) Med.&nbsp; - liecivebyliny.eu\" \/>\n<meta property=\"og:description\" content=\"English name:\u00a0Shepherd&#8216; s purse Family:&nbsp;Brassicaceae Botanical characteristic:&nbsp;An annual or biennial 10 \u2013 50 cm tall herb with a groundcover rosette of pinnately cut, toothed leaves. The stem leaves are sessile, with two tips at the end. The white, small flowers grow in a tuft. The fruit is a triangular dry pop fruit with several seeds. [&hellip;]\" \/>\n<meta property=\"og:url\" content=\"https:\/\/www.liecivebyliny.eu\/?page_id=555&amp;lang=en\" \/>\n<meta property=\"og:site_name\" content=\"liecivebyliny.eu\" \/>\n<meta property=\"article:modified_time\" content=\"2023-12-29T16:11:13+00:00\" \/>\n<meta property=\"og:image\" content=\"https:\/\/www.liecivebyliny.eu\/wp-content\/uploads\/2023\/12\/image-58.jpeg\" \/>\n<meta name=\"twitter:card\" content=\"summary_large_image\" \/>\n<meta name=\"twitter:label1\" content=\"Predpokladan\u00fd \u010das \u010d\u00edtania\" \/>\n\t<meta name=\"twitter:data1\" content=\"3 min\u00faty\" \/>\n<script type=\"application\/ld+json\" class=\"yoast-schema-graph\">{\"@context\":\"https:\/\/schema.org\",\"@graph\":[{\"@type\":\"WebPage\",\"@id\":\"https:\/\/www.liecivebyliny.eu\/?page_id=555&lang=en\",\"url\":\"https:\/\/www.liecivebyliny.eu\/?page_id=555&lang=en\",\"name\":\"Capsella bursa-pastoris&nbsp;(L.) Med.&nbsp; - liecivebyliny.eu\",\"isPartOf\":{\"@id\":\"https:\/\/www.liecivebyliny.eu\/#website\"},\"datePublished\":\"2023-12-21T19:52:06+00:00\",\"dateModified\":\"2023-12-29T16:11:13+00:00\",\"breadcrumb\":{\"@id\":\"https:\/\/www.liecivebyliny.eu\/?page_id=555&lang=en#breadcrumb\"},\"inLanguage\":\"sk-SK\",\"potentialAction\":[{\"@type\":\"ReadAction\",\"target\":[\"https:\/\/www.liecivebyliny.eu\/?page_id=555&lang=en\"]}]},{\"@type\":\"BreadcrumbList\",\"@id\":\"https:\/\/www.liecivebyliny.eu\/?page_id=555&lang=en#breadcrumb\",\"itemListElement\":[{\"@type\":\"ListItem\",\"position\":1,\"name\":\"Home\",\"item\":\"https:\/\/www.liecivebyliny.eu\/\"},{\"@type\":\"ListItem\",\"position\":2,\"name\":\"Capsella bursa-pastoris&nbsp;(L.) Med.&nbsp;\"}]},{\"@type\":\"WebSite\",\"@id\":\"https:\/\/www.liecivebyliny.eu\/#website\",\"url\":\"https:\/\/www.liecivebyliny.eu\/\",\"name\":\"liecivebyliny.eu\",\"description\":\"\",\"potentialAction\":[{\"@type\":\"SearchAction\",\"target\":{\"@type\":\"EntryPoint\",\"urlTemplate\":\"https:\/\/www.liecivebyliny.eu\/?s={search_term_string}\"},\"query-input\":\"required name=search_term_string\"}],\"inLanguage\":\"sk-SK\"}]}<\/script>\n<!-- \/ Yoast SEO plugin. -->","yoast_head_json":{"title":"Capsella bursa-pastoris&nbsp;(L.) Med.&nbsp; - liecivebyliny.eu","robots":{"index":"index","follow":"follow","max-snippet":"max-snippet:-1","max-image-preview":"max-image-preview:large","max-video-preview":"max-video-preview:-1"},"canonical":"https:\/\/www.liecivebyliny.eu\/?page_id=555&lang=en","og_locale":"sk_SK","og_type":"article","og_title":"Capsella bursa-pastoris&nbsp;(L.) Med.&nbsp; - liecivebyliny.eu","og_description":"English name:\u00a0Shepherd&#8216; s purse Family:&nbsp;Brassicaceae Botanical characteristic:&nbsp;An annual or biennial 10 \u2013 50 cm tall herb with a groundcover rosette of pinnately cut, toothed leaves. The stem leaves are sessile, with two tips at the end. The white, small flowers grow in a tuft. The fruit is a triangular dry pop fruit with several seeds. [&hellip;]","og_url":"https:\/\/www.liecivebyliny.eu\/?page_id=555&lang=en","og_site_name":"liecivebyliny.eu","article_modified_time":"2023-12-29T16:11:13+00:00","og_image":[{"url":"https:\/\/www.liecivebyliny.eu\/wp-content\/uploads\/2023\/12\/image-58.jpeg"}],"twitter_card":"summary_large_image","twitter_misc":{"Predpokladan\u00fd \u010das \u010d\u00edtania":"3 min\u00faty"},"schema":{"@context":"https:\/\/schema.org","@graph":[{"@type":"WebPage","@id":"https:\/\/www.liecivebyliny.eu\/?page_id=555&lang=en","url":"https:\/\/www.liecivebyliny.eu\/?page_id=555&lang=en","name":"Capsella bursa-pastoris&nbsp;(L.) Med.&nbsp; - liecivebyliny.eu","isPartOf":{"@id":"https:\/\/www.liecivebyliny.eu\/#website"},"datePublished":"2023-12-21T19:52:06+00:00","dateModified":"2023-12-29T16:11:13+00:00","breadcrumb":{"@id":"https:\/\/www.liecivebyliny.eu\/?page_id=555&lang=en#breadcrumb"},"inLanguage":"sk-SK","potentialAction":[{"@type":"ReadAction","target":["https:\/\/www.liecivebyliny.eu\/?page_id=555&lang=en"]}]},{"@type":"BreadcrumbList","@id":"https:\/\/www.liecivebyliny.eu\/?page_id=555&lang=en#breadcrumb","itemListElement":[{"@type":"ListItem","position":1,"name":"Home","item":"https:\/\/www.liecivebyliny.eu\/"},{"@type":"ListItem","position":2,"name":"Capsella bursa-pastoris&nbsp;(L.) Med.&nbsp;"}]},{"@type":"WebSite","@id":"https:\/\/www.liecivebyliny.eu\/#website","url":"https:\/\/www.liecivebyliny.eu\/","name":"liecivebyliny.eu","description":"","potentialAction":[{"@type":"SearchAction","target":{"@type":"EntryPoint","urlTemplate":"https:\/\/www.liecivebyliny.eu\/?s={search_term_string}"},"query-input":"required name=search_term_string"}],"inLanguage":"sk-SK"}]}},"_links":{"self":[{"href":"https:\/\/www.liecivebyliny.eu\/index.php?rest_route=\/wp\/v2\/pages\/555"}],"collection":[{"href":"https:\/\/www.liecivebyliny.eu\/index.php?rest_route=\/wp\/v2\/pages"}],"about":[{"href":"https:\/\/www.liecivebyliny.eu\/index.php?rest_route=\/wp\/v2\/types\/page"}],"author":[{"embeddable":true,"href":"https:\/\/www.liecivebyliny.eu\/index.php?rest_route=\/wp\/v2\/users\/1"}],"replies":[{"embeddable":true,"href":"https:\/\/www.liecivebyliny.eu\/index.php?rest_route=%2Fwp%2Fv2%2Fcomments&post=555"}],"version-history":[{"count":1,"href":"https:\/\/www.liecivebyliny.eu\/index.php?rest_route=\/wp\/v2\/pages\/555\/revisions"}],"predecessor-version":[{"id":559,"href":"https:\/\/www.liecivebyliny.eu\/index.php?rest_route=\/wp\/v2\/pages\/555\/revisions\/559"}],"wp:attachment":[{"href":"https:\/\/www.liecivebyliny.eu\/index.php?rest_route=%2Fwp%2Fv2%2Fmedia&parent=555"}],"curies":[{"name":"wp","href":"https:\/\/api.w.org\/{rel}","templated":true}]}}