{"id":664,"date":"2023-12-21T22:13:56","date_gmt":"2023-12-21T21:13:56","guid":{"rendered":"https:\/\/www.liecivebyliny.eu\/?page_id=664"},"modified":"2024-01-02T14:10:40","modified_gmt":"2024-01-02T13:10:40","slug":"levisticum-officinale-koch-2","status":"publish","type":"page","link":"https:\/\/www.liecivebyliny.eu\/?page_id=664&lang=en","title":{"rendered":"<em>Levisticum officinale<\/em>&nbsp;Koch."},"content":{"rendered":"<div class=\"wp-block-image\">\n<figure class=\"aligncenter size-full\"><img decoding=\"async\" loading=\"lazy\" width=\"228\" height=\"342\" src=\"https:\/\/www.liecivebyliny.eu\/wp-content\/uploads\/2023\/12\/image-74.jpeg\" alt=\"\" class=\"wp-image-665\" srcset=\"https:\/\/www.liecivebyliny.eu\/wp-content\/uploads\/2023\/12\/image-74.jpeg 228w, https:\/\/www.liecivebyliny.eu\/wp-content\/uploads\/2023\/12\/image-74-200x300.jpeg 200w\" sizes=\"(max-width: 228px) 100vw, 228px\" \/><figcaption class=\"wp-element-caption\">Lovage<\/figcaption><\/figure><\/div>\n\n\n<p><strong>English name:<\/strong>&nbsp;Lovage<\/p>\n\n\n\n<p><strong>Family:<\/strong>&nbsp;<em>Apiaceae&nbsp;<\/em><\/p>\n\n\n\n<p><strong>Botanical characteristic:<\/strong>&nbsp;Perennial aromatic herb reaching a height of 1 \u2013 2 meters. The roots extend to a depth of 0,5 meters. In the first year of vegetation, it forms a basal rosette of leaves. The leaves are dark green, doubly to triply pinnate. Yellow flowers are arranged in compound umbels formed by 12 \u2013 20 umbellets. The fruit is a yellow-brown diachene.<\/p>\n\n\n\n<p><strong>Microscopic drawing:<\/strong><\/p>\n\n\n<div class=\"wp-block-image\">\n<figure class=\"aligncenter size-full\"><img decoding=\"async\" loading=\"lazy\" width=\"368\" height=\"354\" src=\"https:\/\/www.liecivebyliny.eu\/wp-content\/uploads\/2023\/12\/image-81.png\" alt=\"\" class=\"wp-image-666\" srcset=\"https:\/\/www.liecivebyliny.eu\/wp-content\/uploads\/2023\/12\/image-81.png 368w, https:\/\/www.liecivebyliny.eu\/wp-content\/uploads\/2023\/12\/image-81-300x289.png 300w\" sizes=\"(max-width: 368px) 100vw, 368px\" \/><figcaption class=\"wp-element-caption\"><em>On the transverse section of the root of the medicinal lovage, cork cells can be observed on the surface (a). The primary cortex contains a significant number of air spaces (b) and silica canals (c). Centripetal to the cambium, vessels are arranged (d). The center of the specimen is comprised of the pith (e).<\/em><\/figcaption><\/figure><\/div>\n\n<div class=\"wp-block-image\">\n<figure class=\"aligncenter size-full is-resized\"><img decoding=\"async\" loading=\"lazy\" src=\"https:\/\/www.liecivebyliny.eu\/wp-content\/uploads\/2024\/01\/Levistici-radix-100x-1.jpg\" alt=\"\" class=\"wp-image-970\" width=\"437\" height=\"328\" srcset=\"https:\/\/www.liecivebyliny.eu\/wp-content\/uploads\/2024\/01\/Levistici-radix-100x-1.jpg 640w, https:\/\/www.liecivebyliny.eu\/wp-content\/uploads\/2024\/01\/Levistici-radix-100x-1-300x225.jpg 300w\" sizes=\"(max-width: 437px) 100vw, 437px\" \/><figcaption class=\"wp-element-caption\">Cross section of a root (magnified 100x)<\/figcaption><\/figure><\/div>\n\n\n<p><\/p>\n\n\n\n<p><strong>Distribution:<\/strong>&nbsp;It is originally from the southwestern region of Asia and the Mediterranean Sea. It occurs in foothills and mountain areas. It is grown in gardens.<\/p>\n\n\n\n<p><strong>Drug:<\/strong>&nbsp;<em>Levistici radix<\/em>, pre potravin\u00e1rske \u00fa\u010dely sa vyu\u017e\u00edva&nbsp;<em>Levistici folium<\/em><\/p>\n\n\n\n<p><strong>Harvesting method:<\/strong>&nbsp;The best quality of lovage root is in the third year of the growing season. The root is hollowed out or dug up and cleaned of impurities. It can be cut lengthwise. The leaves are collected already in the first year of vegetation using gardening shears.<\/p>\n\n\n\n<p><strong>Drying:<\/strong>&nbsp;The roots of medicinal lovage are naturally dried. However, a more suitable method involves artificial drying in dryers at temperatures not exceeding 40 \u00b0C.<\/p>\n\n\n\n<p><strong>Active substances:<\/strong>&nbsp;Medicinal lovage is a typical umbelliferous medicinal plant, and its drug consists mainly of essential oil containing alkylphthalides such as butylphthalide and ligustilide, responsible for the characteristic aroma reminiscent of &#8222;Maggi seasoning.&#8220; The essential oil also contains additional aromatic compounds such as phellandrene, citronellal, and various terpenes. The drug is characterized by the presence of coumarins, including bergapten and psoralen. Additionally, it is worth noting the presence of bitterness and organic acids in the plant.<\/p>\n\n\n\n<p><strong>Uses:<\/strong>&nbsp;The root of medicinal lovage is traditionally used as a spice, but it also finds pharmaceutical applications. It exhibits strong diuretic properties, relieves smooth muscle spasms, and supports digestion. Due to these effects, it is indicated for urinary stones and urinary tract infections in the form of so-called flush therapy. This plant is also employed in addressing digestive issues.<\/p>\n\n\n\n<p><strong>Traditional method of use in indications determined solely on the basis of long-term use:<\/strong><\/p>\n\n\n\n<p>&#8211; increased diuresis in urinary tract diseases.<\/p>\n\n\n\n<p><strong>Selected herbal preparations:<\/strong>&nbsp;DELTA&nbsp;MILK THISTLE&nbsp;HERBAL PASTE with virgin sunflower oil, fennel, burdock and lovage 500 ml.<\/p>\n","protected":false},"excerpt":{"rendered":"<p>English name:&nbsp;Lovage Family:&nbsp;Apiaceae&nbsp; Botanical characteristic:&nbsp;Perennial aromatic herb reaching a height of 1 \u2013 2 meters. The roots extend to a depth of 0,5 meters. In the first year of vegetation, it forms a basal rosette of leaves. The leaves are dark green, doubly to triply pinnate. Yellow flowers are arranged in compound umbels formed by [&hellip;]<\/p>\n","protected":false},"author":1,"featured_media":0,"parent":0,"menu_order":0,"comment_status":"closed","ping_status":"closed","template":"","meta":{"_mi_skip_tracking":false},"yoast_head":"<!-- This site is optimized with the Yoast SEO plugin v20.4 - https:\/\/yoast.com\/wordpress\/plugins\/seo\/ -->\n<title>Levisticum officinale&nbsp;Koch. - liecivebyliny.eu<\/title>\n<meta name=\"robots\" content=\"index, follow, max-snippet:-1, max-image-preview:large, max-video-preview:-1\" \/>\n<link rel=\"canonical\" href=\"https:\/\/www.liecivebyliny.eu\/?page_id=664&lang=en\" \/>\n<meta property=\"og:locale\" content=\"sk_SK\" \/>\n<meta property=\"og:type\" content=\"article\" \/>\n<meta property=\"og:title\" content=\"Levisticum officinale&nbsp;Koch. - liecivebyliny.eu\" \/>\n<meta property=\"og:description\" content=\"English name:&nbsp;Lovage Family:&nbsp;Apiaceae&nbsp; Botanical characteristic:&nbsp;Perennial aromatic herb reaching a height of 1 \u2013 2 meters. The roots extend to a depth of 0,5 meters. In the first year of vegetation, it forms a basal rosette of leaves. The leaves are dark green, doubly to triply pinnate. Yellow flowers are arranged in compound umbels formed by [&hellip;]\" \/>\n<meta property=\"og:url\" content=\"https:\/\/www.liecivebyliny.eu\/?page_id=664&amp;lang=en\" \/>\n<meta property=\"og:site_name\" content=\"liecivebyliny.eu\" \/>\n<meta property=\"article:modified_time\" content=\"2024-01-02T13:10:40+00:00\" \/>\n<meta property=\"og:image\" content=\"https:\/\/www.liecivebyliny.eu\/wp-content\/uploads\/2023\/12\/image-74.jpeg\" \/>\n<meta name=\"twitter:card\" content=\"summary_large_image\" \/>\n<meta name=\"twitter:label1\" content=\"Predpokladan\u00fd \u010das \u010d\u00edtania\" \/>\n\t<meta name=\"twitter:data1\" content=\"3 min\u00faty\" \/>\n<script type=\"application\/ld+json\" class=\"yoast-schema-graph\">{\"@context\":\"https:\/\/schema.org\",\"@graph\":[{\"@type\":\"WebPage\",\"@id\":\"https:\/\/www.liecivebyliny.eu\/?page_id=664&lang=en\",\"url\":\"https:\/\/www.liecivebyliny.eu\/?page_id=664&lang=en\",\"name\":\"Levisticum officinale&nbsp;Koch. - liecivebyliny.eu\",\"isPartOf\":{\"@id\":\"https:\/\/www.liecivebyliny.eu\/#website\"},\"datePublished\":\"2023-12-21T21:13:56+00:00\",\"dateModified\":\"2024-01-02T13:10:40+00:00\",\"breadcrumb\":{\"@id\":\"https:\/\/www.liecivebyliny.eu\/?page_id=664&lang=en#breadcrumb\"},\"inLanguage\":\"sk-SK\",\"potentialAction\":[{\"@type\":\"ReadAction\",\"target\":[\"https:\/\/www.liecivebyliny.eu\/?page_id=664&lang=en\"]}]},{\"@type\":\"BreadcrumbList\",\"@id\":\"https:\/\/www.liecivebyliny.eu\/?page_id=664&lang=en#breadcrumb\",\"itemListElement\":[{\"@type\":\"ListItem\",\"position\":1,\"name\":\"Home\",\"item\":\"https:\/\/www.liecivebyliny.eu\/\"},{\"@type\":\"ListItem\",\"position\":2,\"name\":\"Levisticum officinale&nbsp;Koch.\"}]},{\"@type\":\"WebSite\",\"@id\":\"https:\/\/www.liecivebyliny.eu\/#website\",\"url\":\"https:\/\/www.liecivebyliny.eu\/\",\"name\":\"liecivebyliny.eu\",\"description\":\"\",\"potentialAction\":[{\"@type\":\"SearchAction\",\"target\":{\"@type\":\"EntryPoint\",\"urlTemplate\":\"https:\/\/www.liecivebyliny.eu\/?s={search_term_string}\"},\"query-input\":\"required name=search_term_string\"}],\"inLanguage\":\"sk-SK\"}]}<\/script>\n<!-- \/ Yoast SEO plugin. -->","yoast_head_json":{"title":"Levisticum officinale&nbsp;Koch. - liecivebyliny.eu","robots":{"index":"index","follow":"follow","max-snippet":"max-snippet:-1","max-image-preview":"max-image-preview:large","max-video-preview":"max-video-preview:-1"},"canonical":"https:\/\/www.liecivebyliny.eu\/?page_id=664&lang=en","og_locale":"sk_SK","og_type":"article","og_title":"Levisticum officinale&nbsp;Koch. - liecivebyliny.eu","og_description":"English name:&nbsp;Lovage Family:&nbsp;Apiaceae&nbsp; Botanical characteristic:&nbsp;Perennial aromatic herb reaching a height of 1 \u2013 2 meters. The roots extend to a depth of 0,5 meters. In the first year of vegetation, it forms a basal rosette of leaves. The leaves are dark green, doubly to triply pinnate. Yellow flowers are arranged in compound umbels formed by [&hellip;]","og_url":"https:\/\/www.liecivebyliny.eu\/?page_id=664&lang=en","og_site_name":"liecivebyliny.eu","article_modified_time":"2024-01-02T13:10:40+00:00","og_image":[{"url":"https:\/\/www.liecivebyliny.eu\/wp-content\/uploads\/2023\/12\/image-74.jpeg"}],"twitter_card":"summary_large_image","twitter_misc":{"Predpokladan\u00fd \u010das \u010d\u00edtania":"3 min\u00faty"},"schema":{"@context":"https:\/\/schema.org","@graph":[{"@type":"WebPage","@id":"https:\/\/www.liecivebyliny.eu\/?page_id=664&lang=en","url":"https:\/\/www.liecivebyliny.eu\/?page_id=664&lang=en","name":"Levisticum officinale&nbsp;Koch. - liecivebyliny.eu","isPartOf":{"@id":"https:\/\/www.liecivebyliny.eu\/#website"},"datePublished":"2023-12-21T21:13:56+00:00","dateModified":"2024-01-02T13:10:40+00:00","breadcrumb":{"@id":"https:\/\/www.liecivebyliny.eu\/?page_id=664&lang=en#breadcrumb"},"inLanguage":"sk-SK","potentialAction":[{"@type":"ReadAction","target":["https:\/\/www.liecivebyliny.eu\/?page_id=664&lang=en"]}]},{"@type":"BreadcrumbList","@id":"https:\/\/www.liecivebyliny.eu\/?page_id=664&lang=en#breadcrumb","itemListElement":[{"@type":"ListItem","position":1,"name":"Home","item":"https:\/\/www.liecivebyliny.eu\/"},{"@type":"ListItem","position":2,"name":"Levisticum officinale&nbsp;Koch."}]},{"@type":"WebSite","@id":"https:\/\/www.liecivebyliny.eu\/#website","url":"https:\/\/www.liecivebyliny.eu\/","name":"liecivebyliny.eu","description":"","potentialAction":[{"@type":"SearchAction","target":{"@type":"EntryPoint","urlTemplate":"https:\/\/www.liecivebyliny.eu\/?s={search_term_string}"},"query-input":"required name=search_term_string"}],"inLanguage":"sk-SK"}]}},"_links":{"self":[{"href":"https:\/\/www.liecivebyliny.eu\/index.php?rest_route=\/wp\/v2\/pages\/664"}],"collection":[{"href":"https:\/\/www.liecivebyliny.eu\/index.php?rest_route=\/wp\/v2\/pages"}],"about":[{"href":"https:\/\/www.liecivebyliny.eu\/index.php?rest_route=\/wp\/v2\/types\/page"}],"author":[{"embeddable":true,"href":"https:\/\/www.liecivebyliny.eu\/index.php?rest_route=\/wp\/v2\/users\/1"}],"replies":[{"embeddable":true,"href":"https:\/\/www.liecivebyliny.eu\/index.php?rest_route=%2Fwp%2Fv2%2Fcomments&post=664"}],"version-history":[{"count":2,"href":"https:\/\/www.liecivebyliny.eu\/index.php?rest_route=\/wp\/v2\/pages\/664\/revisions"}],"predecessor-version":[{"id":971,"href":"https:\/\/www.liecivebyliny.eu\/index.php?rest_route=\/wp\/v2\/pages\/664\/revisions\/971"}],"wp:attachment":[{"href":"https:\/\/www.liecivebyliny.eu\/index.php?rest_route=%2Fwp%2Fv2%2Fmedia&parent=664"}],"curies":[{"name":"wp","href":"https:\/\/api.w.org\/{rel}","templated":true}]}}