{"id":767,"date":"2023-12-23T19:00:40","date_gmt":"2023-12-23T18:00:40","guid":{"rendered":"https:\/\/www.liecivebyliny.eu\/?page_id=767"},"modified":"2023-12-29T23:12:17","modified_gmt":"2023-12-29T22:12:17","slug":"satureja-hortensis-l-2","status":"publish","type":"page","link":"https:\/\/www.liecivebyliny.eu\/?page_id=767&lang=en","title":{"rendered":"<em>Satureja hortensis<\/em>&nbsp;L."},"content":{"rendered":"<div class=\"wp-block-image\">\n<figure class=\"aligncenter size-full\"><img decoding=\"async\" loading=\"lazy\" width=\"256\" height=\"340\" src=\"https:\/\/www.liecivebyliny.eu\/wp-content\/uploads\/2023\/12\/image-90.jpeg\" alt=\"\" class=\"wp-image-768\" srcset=\"https:\/\/www.liecivebyliny.eu\/wp-content\/uploads\/2023\/12\/image-90.jpeg 256w, https:\/\/www.liecivebyliny.eu\/wp-content\/uploads\/2023\/12\/image-90-226x300.jpeg 226w\" sizes=\"(max-width: 256px) 100vw, 256px\" \/><figcaption class=\"wp-element-caption\">Summer savory<\/figcaption><\/figure><\/div>\n\n\n<p><strong>English name:<\/strong>\u00a0Summer savory<\/p>\n\n\n\n<p><strong>Family:<\/strong>&nbsp;<em>Lamiaceae&nbsp;<\/em><\/p>\n\n\n\n<p><strong>Botanical characteristic:<\/strong>&nbsp;Annual herb, 40 cm tall. The stem is quadrangular, branched, woody in the lower part. The leaves are dark green, narrowly lanceolate, have a short petiole with a entire margin. The white, light purple flowers are arranged in panicles and grow in the axils of the leaves. The fruit is a small, dry, deciduous fruit from a two-seeded pistil which breaks into 4 one-seeded parts.<\/p>\n\n\n\n<p><strong>Microscopic drawing:<\/strong><\/p>\n\n\n<div class=\"wp-block-image\">\n<figure class=\"aligncenter size-full\"><img decoding=\"async\" loading=\"lazy\" width=\"330\" height=\"356\" src=\"https:\/\/www.liecivebyliny.eu\/wp-content\/uploads\/2023\/12\/image-100.png\" alt=\"\" class=\"wp-image-770\" srcset=\"https:\/\/www.liecivebyliny.eu\/wp-content\/uploads\/2023\/12\/image-100.png 330w, https:\/\/www.liecivebyliny.eu\/wp-content\/uploads\/2023\/12\/image-100-278x300.png 278w\" sizes=\"(max-width: 330px) 100vw, 330px\" \/><figcaption class=\"wp-element-caption\"><em>The drawing shows the lower skin of a garden sage leaf on which the covering (a) and glandular (b) trichomes can be found. Characteristic are the stomata with two companion cells (c).<\/em><\/figcaption><\/figure><\/div>\n\n\n<p><\/p>\n\n\n\n<p><strong>Distribution:<\/strong>&nbsp;It originally comes from the Mediterranean region. In our geographical conditions, it is grown in gardens, in abandoned vineyards.<\/p>\n\n\n\n<p><strong>Drug<\/strong>:&nbsp;<em>Saturejae folium et herba<\/em><\/p>\n\n\n\n<p><strong>Harvesting method:<\/strong>&nbsp;The collection of stalk and leaves takes place at the beginning of flowering and during flowering, from June to August. Leaves and twigs are cut with secateurs.<\/p>\n\n\n\n<p><strong>Drying:<\/strong>&nbsp;The stalk with leaves is dried in the shade, in a ventilated room, in thin layers, in a natural way. When artificially dried in a drying oven at a temperature of up to 35 \u00b0C.<\/p>\n\n\n\n<p><strong>Active substances:<\/strong>&nbsp;Summer savory contains essential oil based on carvacrol and cymene. Other substances include tannins, flavonoids and organic acids with a predominance of rosmarinic and chlorogenic acids.<\/p>\n\n\n\n<p><strong>Uses:<\/strong>&nbsp;The plant is attributed to astringent and antiseptic effects. It is most commonly taken to aid digestion, for flatulence and cramps. The secretions from the drug can be gargled for inflammations of the mucous membranes of the mouth and nasopharynx.<\/p>\n\n\n\n<p><strong>Selected herbal preparations:<\/strong>&nbsp;Ex. Pharmacy SUMMER SAVORY herbal tea 1&#215;40 g, JUVAMED Active digestion herbal drops 50 ml, Phyteneo Vermophyt syrup 60 ml, Phyteneo Vermophyt cps 20 pcs, TESTOREX ULTRA &#8211; POTENTIAL cps 60 pcs.<\/p>\n","protected":false},"excerpt":{"rendered":"<p>English name:\u00a0Summer savory Family:&nbsp;Lamiaceae&nbsp; Botanical characteristic:&nbsp;Annual herb, 40 cm tall. The stem is quadrangular, branched, woody in the lower part. The leaves are dark green, narrowly lanceolate, have a short petiole with a entire margin. The white, light purple flowers are arranged in panicles and grow in the axils of the leaves. The fruit is [&hellip;]<\/p>\n","protected":false},"author":1,"featured_media":0,"parent":0,"menu_order":0,"comment_status":"closed","ping_status":"closed","template":"","meta":{"_mi_skip_tracking":false},"yoast_head":"<!-- This site is optimized with the Yoast SEO plugin v20.4 - https:\/\/yoast.com\/wordpress\/plugins\/seo\/ -->\n<title>Satureja hortensis&nbsp;L. - liecivebyliny.eu<\/title>\n<meta name=\"robots\" content=\"index, follow, max-snippet:-1, max-image-preview:large, max-video-preview:-1\" \/>\n<link rel=\"canonical\" href=\"https:\/\/www.liecivebyliny.eu\/?page_id=767&lang=en\" \/>\n<meta property=\"og:locale\" content=\"sk_SK\" \/>\n<meta property=\"og:type\" content=\"article\" \/>\n<meta property=\"og:title\" content=\"Satureja hortensis&nbsp;L. - liecivebyliny.eu\" \/>\n<meta property=\"og:description\" content=\"English name:\u00a0Summer savory Family:&nbsp;Lamiaceae&nbsp; Botanical characteristic:&nbsp;Annual herb, 40 cm tall. The stem is quadrangular, branched, woody in the lower part. The leaves are dark green, narrowly lanceolate, have a short petiole with a entire margin. The white, light purple flowers are arranged in panicles and grow in the axils of the leaves. The fruit is [&hellip;]\" \/>\n<meta property=\"og:url\" content=\"https:\/\/www.liecivebyliny.eu\/?page_id=767&amp;lang=en\" \/>\n<meta property=\"og:site_name\" content=\"liecivebyliny.eu\" \/>\n<meta property=\"article:modified_time\" content=\"2023-12-29T22:12:17+00:00\" \/>\n<meta property=\"og:image\" content=\"https:\/\/www.liecivebyliny.eu\/wp-content\/uploads\/2023\/12\/image-90.jpeg\" \/>\n<meta name=\"twitter:card\" content=\"summary_large_image\" \/>\n<meta name=\"twitter:label1\" content=\"Predpokladan\u00fd \u010das \u010d\u00edtania\" \/>\n\t<meta name=\"twitter:data1\" content=\"3 min\u00faty\" \/>\n<script type=\"application\/ld+json\" class=\"yoast-schema-graph\">{\"@context\":\"https:\/\/schema.org\",\"@graph\":[{\"@type\":\"WebPage\",\"@id\":\"https:\/\/www.liecivebyliny.eu\/?page_id=767&lang=en\",\"url\":\"https:\/\/www.liecivebyliny.eu\/?page_id=767&lang=en\",\"name\":\"Satureja hortensis&nbsp;L. - liecivebyliny.eu\",\"isPartOf\":{\"@id\":\"https:\/\/www.liecivebyliny.eu\/#website\"},\"datePublished\":\"2023-12-23T18:00:40+00:00\",\"dateModified\":\"2023-12-29T22:12:17+00:00\",\"breadcrumb\":{\"@id\":\"https:\/\/www.liecivebyliny.eu\/?page_id=767&lang=en#breadcrumb\"},\"inLanguage\":\"sk-SK\",\"potentialAction\":[{\"@type\":\"ReadAction\",\"target\":[\"https:\/\/www.liecivebyliny.eu\/?page_id=767&lang=en\"]}]},{\"@type\":\"BreadcrumbList\",\"@id\":\"https:\/\/www.liecivebyliny.eu\/?page_id=767&lang=en#breadcrumb\",\"itemListElement\":[{\"@type\":\"ListItem\",\"position\":1,\"name\":\"Home\",\"item\":\"https:\/\/www.liecivebyliny.eu\/\"},{\"@type\":\"ListItem\",\"position\":2,\"name\":\"Satureja hortensis&nbsp;L.\"}]},{\"@type\":\"WebSite\",\"@id\":\"https:\/\/www.liecivebyliny.eu\/#website\",\"url\":\"https:\/\/www.liecivebyliny.eu\/\",\"name\":\"liecivebyliny.eu\",\"description\":\"\",\"potentialAction\":[{\"@type\":\"SearchAction\",\"target\":{\"@type\":\"EntryPoint\",\"urlTemplate\":\"https:\/\/www.liecivebyliny.eu\/?s={search_term_string}\"},\"query-input\":\"required name=search_term_string\"}],\"inLanguage\":\"sk-SK\"}]}<\/script>\n<!-- \/ Yoast SEO plugin. -->","yoast_head_json":{"title":"Satureja hortensis&nbsp;L. - liecivebyliny.eu","robots":{"index":"index","follow":"follow","max-snippet":"max-snippet:-1","max-image-preview":"max-image-preview:large","max-video-preview":"max-video-preview:-1"},"canonical":"https:\/\/www.liecivebyliny.eu\/?page_id=767&lang=en","og_locale":"sk_SK","og_type":"article","og_title":"Satureja hortensis&nbsp;L. - liecivebyliny.eu","og_description":"English name:\u00a0Summer savory Family:&nbsp;Lamiaceae&nbsp; Botanical characteristic:&nbsp;Annual herb, 40 cm tall. The stem is quadrangular, branched, woody in the lower part. The leaves are dark green, narrowly lanceolate, have a short petiole with a entire margin. The white, light purple flowers are arranged in panicles and grow in the axils of the leaves. The fruit is [&hellip;]","og_url":"https:\/\/www.liecivebyliny.eu\/?page_id=767&lang=en","og_site_name":"liecivebyliny.eu","article_modified_time":"2023-12-29T22:12:17+00:00","og_image":[{"url":"https:\/\/www.liecivebyliny.eu\/wp-content\/uploads\/2023\/12\/image-90.jpeg"}],"twitter_card":"summary_large_image","twitter_misc":{"Predpokladan\u00fd \u010das \u010d\u00edtania":"3 min\u00faty"},"schema":{"@context":"https:\/\/schema.org","@graph":[{"@type":"WebPage","@id":"https:\/\/www.liecivebyliny.eu\/?page_id=767&lang=en","url":"https:\/\/www.liecivebyliny.eu\/?page_id=767&lang=en","name":"Satureja hortensis&nbsp;L. - liecivebyliny.eu","isPartOf":{"@id":"https:\/\/www.liecivebyliny.eu\/#website"},"datePublished":"2023-12-23T18:00:40+00:00","dateModified":"2023-12-29T22:12:17+00:00","breadcrumb":{"@id":"https:\/\/www.liecivebyliny.eu\/?page_id=767&lang=en#breadcrumb"},"inLanguage":"sk-SK","potentialAction":[{"@type":"ReadAction","target":["https:\/\/www.liecivebyliny.eu\/?page_id=767&lang=en"]}]},{"@type":"BreadcrumbList","@id":"https:\/\/www.liecivebyliny.eu\/?page_id=767&lang=en#breadcrumb","itemListElement":[{"@type":"ListItem","position":1,"name":"Home","item":"https:\/\/www.liecivebyliny.eu\/"},{"@type":"ListItem","position":2,"name":"Satureja hortensis&nbsp;L."}]},{"@type":"WebSite","@id":"https:\/\/www.liecivebyliny.eu\/#website","url":"https:\/\/www.liecivebyliny.eu\/","name":"liecivebyliny.eu","description":"","potentialAction":[{"@type":"SearchAction","target":{"@type":"EntryPoint","urlTemplate":"https:\/\/www.liecivebyliny.eu\/?s={search_term_string}"},"query-input":"required name=search_term_string"}],"inLanguage":"sk-SK"}]}},"_links":{"self":[{"href":"https:\/\/www.liecivebyliny.eu\/index.php?rest_route=\/wp\/v2\/pages\/767"}],"collection":[{"href":"https:\/\/www.liecivebyliny.eu\/index.php?rest_route=\/wp\/v2\/pages"}],"about":[{"href":"https:\/\/www.liecivebyliny.eu\/index.php?rest_route=\/wp\/v2\/types\/page"}],"author":[{"embeddable":true,"href":"https:\/\/www.liecivebyliny.eu\/index.php?rest_route=\/wp\/v2\/users\/1"}],"replies":[{"embeddable":true,"href":"https:\/\/www.liecivebyliny.eu\/index.php?rest_route=%2Fwp%2Fv2%2Fcomments&post=767"}],"version-history":[{"count":1,"href":"https:\/\/www.liecivebyliny.eu\/index.php?rest_route=\/wp\/v2\/pages\/767\/revisions"}],"predecessor-version":[{"id":771,"href":"https:\/\/www.liecivebyliny.eu\/index.php?rest_route=\/wp\/v2\/pages\/767\/revisions\/771"}],"wp:attachment":[{"href":"https:\/\/www.liecivebyliny.eu\/index.php?rest_route=%2Fwp%2Fv2%2Fmedia&parent=767"}],"curies":[{"name":"wp","href":"https:\/\/api.w.org\/{rel}","templated":true}]}}