{"id":775,"date":"2023-12-23T19:03:43","date_gmt":"2023-12-23T18:03:43","guid":{"rendered":"https:\/\/www.liecivebyliny.eu\/?page_id=775"},"modified":"2023-12-29T23:14:43","modified_gmt":"2023-12-29T22:14:43","slug":"symphytum-officinale-l-2","status":"publish","type":"page","link":"https:\/\/www.liecivebyliny.eu\/?page_id=775&lang=en","title":{"rendered":"<em>Symphytum officinale<\/em>&nbsp;L."},"content":{"rendered":"<div class=\"wp-block-image\">\n<figure class=\"aligncenter size-full\"><img decoding=\"async\" loading=\"lazy\" width=\"254\" height=\"364\" src=\"https:\/\/www.liecivebyliny.eu\/wp-content\/uploads\/2023\/12\/image-91.jpeg\" alt=\"\" class=\"wp-image-776\" srcset=\"https:\/\/www.liecivebyliny.eu\/wp-content\/uploads\/2023\/12\/image-91.jpeg 254w, https:\/\/www.liecivebyliny.eu\/wp-content\/uploads\/2023\/12\/image-91-209x300.jpeg 209w\" sizes=\"(max-width: 254px) 100vw, 254px\" \/><figcaption class=\"wp-element-caption\">Common Comfrey<\/figcaption><\/figure><\/div>\n\n\n<p><strong>English name:<\/strong>\u00a0Common Comfrey<\/p>\n\n\n\n<p><strong>Family:&nbsp;<\/strong><em>Boraginaceae&nbsp;<\/em><\/p>\n\n\n\n<p><strong>Botanical characteristic:<\/strong>&nbsp;A perennial herb, 40 \u2013 80 cm tall, with a straight, hairy stem. The ground is short, cylindrical. Leaves are alternate, lower ovate, upper lanceolate, hairy, narrowed at the end. The five-petalled, blue-purple flowers are short and grow in two-armed spikes. The fruit is a small, dry, deciduous fruit from a two-seeded pistil which breaks into 4 one-seeded parts.<\/p>\n\n\n\n<p><strong>Microscopic drawing:<\/strong><\/p>\n\n\n<div class=\"wp-block-image\">\n<figure class=\"aligncenter size-full\"><img decoding=\"async\" loading=\"lazy\" width=\"330\" height=\"304\" src=\"https:\/\/www.liecivebyliny.eu\/wp-content\/uploads\/2023\/12\/image-101.png\" alt=\"\" class=\"wp-image-777\" srcset=\"https:\/\/www.liecivebyliny.eu\/wp-content\/uploads\/2023\/12\/image-101.png 330w, https:\/\/www.liecivebyliny.eu\/wp-content\/uploads\/2023\/12\/image-101-300x276.png 300w\" sizes=\"(max-width: 330px) 100vw, 330px\" \/><figcaption class=\"wp-element-caption\"><em>The drawing shows a cross section through the root of the Biceoha officinalis. On the surface of the slide is the epidermis (a), beneath which is the parenchyma with starch (b). In the central part of the preparation is the endodermis (c) and below it are the vascular bundles (d).<\/em><\/figcaption><\/figure><\/div>\n\n\n<p><\/p>\n\n\n\n<p><strong>Distribution:<\/strong>&nbsp;It grows by streams, wet meadows, in ditches.<\/p>\n\n\n\n<p><strong>Drug:<\/strong>\u00a0<em>Symphyti radix<\/em><\/p>\n\n\n\n<p><strong>Harvesting method:<\/strong>&nbsp;The root is collected in the fall of the second year of the growing season by digging. After cleaning and washing, it is cut lengthwise.<\/p>\n\n\n\n<p><strong>Drying:<\/strong>&nbsp;The root is dried in the shade. When artificially dried at a temperature of up to 60 \u00b0C. The dried root must be white inside.<\/p>\n\n\n\n<p><strong>Active substances:<\/strong>&nbsp;The root contains the purine derivative allantoin, the alkaloids consolidin, lysiocarpin and cynoglozin. The drug possesses large amounts of starch, tannins and mucilages.<\/p>\n\n\n\n<p><strong>Uses:<\/strong>&nbsp;The drug has an anti-inflammatory effect and promotes tissue regeneration. It is used for external application for dislocations, pain after bone, muscle and nerve injuries. Due to the content of toxic alkaloids, the drug is not taken internally.&nbsp;<\/p>\n\n\n\n<p><strong>Traditional method of use in indications determined solely on the basis of long-term use:<\/strong><\/p>\n\n\n\n<ul>\n<li>symptomatic treatment of minor sprains and bruises.<\/li>\n<\/ul>\n\n\n\n<p><strong>Selected herbal preparations:<\/strong>&nbsp;AGROKARPATY COMMON COMFREY root herbal tea 1&#215;30 g, J.V. IV CAPS &#8211; REUM for joint function 50 ml, Pharmacy COMMON COMFREY TINCTURE 100 ml, DR. POPOV COMMON COMFREY Ointment 100 ml, NATURQuelle COMMON COMFREY GEL 200 ml, Jadon GEL ICE Profi cooling gel with bonehye, menthol and CBD 1000 g.<\/p>\n","protected":false},"excerpt":{"rendered":"<p>English name:\u00a0Common Comfrey Family:&nbsp;Boraginaceae&nbsp; Botanical characteristic:&nbsp;A perennial herb, 40 \u2013 80 cm tall, with a straight, hairy stem. The ground is short, cylindrical. Leaves are alternate, lower ovate, upper lanceolate, hairy, narrowed at the end. The five-petalled, blue-purple flowers are short and grow in two-armed spikes. The fruit is a small, dry, deciduous fruit from [&hellip;]<\/p>\n","protected":false},"author":1,"featured_media":0,"parent":0,"menu_order":0,"comment_status":"closed","ping_status":"closed","template":"","meta":{"_mi_skip_tracking":false},"yoast_head":"<!-- This site is optimized with the Yoast SEO plugin v20.4 - https:\/\/yoast.com\/wordpress\/plugins\/seo\/ -->\n<title>Symphytum officinale&nbsp;L. - liecivebyliny.eu<\/title>\n<meta name=\"robots\" content=\"index, follow, max-snippet:-1, max-image-preview:large, max-video-preview:-1\" \/>\n<link rel=\"canonical\" href=\"https:\/\/www.liecivebyliny.eu\/?page_id=775&lang=en\" \/>\n<meta property=\"og:locale\" content=\"sk_SK\" \/>\n<meta property=\"og:type\" content=\"article\" \/>\n<meta property=\"og:title\" content=\"Symphytum officinale&nbsp;L. - liecivebyliny.eu\" \/>\n<meta property=\"og:description\" content=\"English name:\u00a0Common Comfrey Family:&nbsp;Boraginaceae&nbsp; Botanical characteristic:&nbsp;A perennial herb, 40 \u2013 80 cm tall, with a straight, hairy stem. The ground is short, cylindrical. Leaves are alternate, lower ovate, upper lanceolate, hairy, narrowed at the end. The five-petalled, blue-purple flowers are short and grow in two-armed spikes. The fruit is a small, dry, deciduous fruit from [&hellip;]\" \/>\n<meta property=\"og:url\" content=\"https:\/\/www.liecivebyliny.eu\/?page_id=775&amp;lang=en\" \/>\n<meta property=\"og:site_name\" content=\"liecivebyliny.eu\" \/>\n<meta property=\"article:modified_time\" content=\"2023-12-29T22:14:43+00:00\" \/>\n<meta property=\"og:image\" content=\"https:\/\/www.liecivebyliny.eu\/wp-content\/uploads\/2023\/12\/image-91.jpeg\" \/>\n<meta name=\"twitter:card\" content=\"summary_large_image\" \/>\n<meta name=\"twitter:label1\" content=\"Predpokladan\u00fd \u010das \u010d\u00edtania\" \/>\n\t<meta name=\"twitter:data1\" content=\"3 min\u00faty\" \/>\n<script type=\"application\/ld+json\" class=\"yoast-schema-graph\">{\"@context\":\"https:\/\/schema.org\",\"@graph\":[{\"@type\":\"WebPage\",\"@id\":\"https:\/\/www.liecivebyliny.eu\/?page_id=775&lang=en\",\"url\":\"https:\/\/www.liecivebyliny.eu\/?page_id=775&lang=en\",\"name\":\"Symphytum officinale&nbsp;L. - liecivebyliny.eu\",\"isPartOf\":{\"@id\":\"https:\/\/www.liecivebyliny.eu\/#website\"},\"datePublished\":\"2023-12-23T18:03:43+00:00\",\"dateModified\":\"2023-12-29T22:14:43+00:00\",\"breadcrumb\":{\"@id\":\"https:\/\/www.liecivebyliny.eu\/?page_id=775&lang=en#breadcrumb\"},\"inLanguage\":\"sk-SK\",\"potentialAction\":[{\"@type\":\"ReadAction\",\"target\":[\"https:\/\/www.liecivebyliny.eu\/?page_id=775&lang=en\"]}]},{\"@type\":\"BreadcrumbList\",\"@id\":\"https:\/\/www.liecivebyliny.eu\/?page_id=775&lang=en#breadcrumb\",\"itemListElement\":[{\"@type\":\"ListItem\",\"position\":1,\"name\":\"Home\",\"item\":\"https:\/\/www.liecivebyliny.eu\/\"},{\"@type\":\"ListItem\",\"position\":2,\"name\":\"Symphytum officinale&nbsp;L.\"}]},{\"@type\":\"WebSite\",\"@id\":\"https:\/\/www.liecivebyliny.eu\/#website\",\"url\":\"https:\/\/www.liecivebyliny.eu\/\",\"name\":\"liecivebyliny.eu\",\"description\":\"\",\"potentialAction\":[{\"@type\":\"SearchAction\",\"target\":{\"@type\":\"EntryPoint\",\"urlTemplate\":\"https:\/\/www.liecivebyliny.eu\/?s={search_term_string}\"},\"query-input\":\"required name=search_term_string\"}],\"inLanguage\":\"sk-SK\"}]}<\/script>\n<!-- \/ Yoast SEO plugin. -->","yoast_head_json":{"title":"Symphytum officinale&nbsp;L. - liecivebyliny.eu","robots":{"index":"index","follow":"follow","max-snippet":"max-snippet:-1","max-image-preview":"max-image-preview:large","max-video-preview":"max-video-preview:-1"},"canonical":"https:\/\/www.liecivebyliny.eu\/?page_id=775&lang=en","og_locale":"sk_SK","og_type":"article","og_title":"Symphytum officinale&nbsp;L. - liecivebyliny.eu","og_description":"English name:\u00a0Common Comfrey Family:&nbsp;Boraginaceae&nbsp; Botanical characteristic:&nbsp;A perennial herb, 40 \u2013 80 cm tall, with a straight, hairy stem. The ground is short, cylindrical. Leaves are alternate, lower ovate, upper lanceolate, hairy, narrowed at the end. The five-petalled, blue-purple flowers are short and grow in two-armed spikes. The fruit is a small, dry, deciduous fruit from [&hellip;]","og_url":"https:\/\/www.liecivebyliny.eu\/?page_id=775&lang=en","og_site_name":"liecivebyliny.eu","article_modified_time":"2023-12-29T22:14:43+00:00","og_image":[{"url":"https:\/\/www.liecivebyliny.eu\/wp-content\/uploads\/2023\/12\/image-91.jpeg"}],"twitter_card":"summary_large_image","twitter_misc":{"Predpokladan\u00fd \u010das \u010d\u00edtania":"3 min\u00faty"},"schema":{"@context":"https:\/\/schema.org","@graph":[{"@type":"WebPage","@id":"https:\/\/www.liecivebyliny.eu\/?page_id=775&lang=en","url":"https:\/\/www.liecivebyliny.eu\/?page_id=775&lang=en","name":"Symphytum officinale&nbsp;L. - liecivebyliny.eu","isPartOf":{"@id":"https:\/\/www.liecivebyliny.eu\/#website"},"datePublished":"2023-12-23T18:03:43+00:00","dateModified":"2023-12-29T22:14:43+00:00","breadcrumb":{"@id":"https:\/\/www.liecivebyliny.eu\/?page_id=775&lang=en#breadcrumb"},"inLanguage":"sk-SK","potentialAction":[{"@type":"ReadAction","target":["https:\/\/www.liecivebyliny.eu\/?page_id=775&lang=en"]}]},{"@type":"BreadcrumbList","@id":"https:\/\/www.liecivebyliny.eu\/?page_id=775&lang=en#breadcrumb","itemListElement":[{"@type":"ListItem","position":1,"name":"Home","item":"https:\/\/www.liecivebyliny.eu\/"},{"@type":"ListItem","position":2,"name":"Symphytum officinale&nbsp;L."}]},{"@type":"WebSite","@id":"https:\/\/www.liecivebyliny.eu\/#website","url":"https:\/\/www.liecivebyliny.eu\/","name":"liecivebyliny.eu","description":"","potentialAction":[{"@type":"SearchAction","target":{"@type":"EntryPoint","urlTemplate":"https:\/\/www.liecivebyliny.eu\/?s={search_term_string}"},"query-input":"required name=search_term_string"}],"inLanguage":"sk-SK"}]}},"_links":{"self":[{"href":"https:\/\/www.liecivebyliny.eu\/index.php?rest_route=\/wp\/v2\/pages\/775"}],"collection":[{"href":"https:\/\/www.liecivebyliny.eu\/index.php?rest_route=\/wp\/v2\/pages"}],"about":[{"href":"https:\/\/www.liecivebyliny.eu\/index.php?rest_route=\/wp\/v2\/types\/page"}],"author":[{"embeddable":true,"href":"https:\/\/www.liecivebyliny.eu\/index.php?rest_route=\/wp\/v2\/users\/1"}],"replies":[{"embeddable":true,"href":"https:\/\/www.liecivebyliny.eu\/index.php?rest_route=%2Fwp%2Fv2%2Fcomments&post=775"}],"version-history":[{"count":1,"href":"https:\/\/www.liecivebyliny.eu\/index.php?rest_route=\/wp\/v2\/pages\/775\/revisions"}],"predecessor-version":[{"id":778,"href":"https:\/\/www.liecivebyliny.eu\/index.php?rest_route=\/wp\/v2\/pages\/775\/revisions\/778"}],"wp:attachment":[{"href":"https:\/\/www.liecivebyliny.eu\/index.php?rest_route=%2Fwp%2Fv2%2Fmedia&parent=775"}],"curies":[{"name":"wp","href":"https:\/\/api.w.org\/{rel}","templated":true}]}}